{"id":52,"date":"2024-04-13T17:36:04","date_gmt":"2024-04-13T22:36:04","guid":{"rendered":"http:\/\/test.boomerang.pe\/intercambio\/?page_id=52"},"modified":"2024-04-25T17:15:23","modified_gmt":"2024-04-25T22:15:23","slug":"contacto","status":"publish","type":"page","link":"http:\/\/test.boomerang.pe\/intercambio\/contacto\/","title":{"rendered":"Contacto"},"content":{"rendered":"<h3>Informaci\u00f3n y contacto<\/h3>\n\n\n<p>Correo: <a href=\"mailto:revista@intercambio.pe\">revista@intercambio.pe<\/a><br>\u200d<br>Informaci\u00f3n y sugerencias: <a href=\"mailto:social@jesuitas.pe\">social@jesuitas.pe<\/a><br>\u200d<br>Tel\u00e9fonos: 461-8803 \/ 463-5006<br>\u200d<br>Direcci\u00f3n: Costa Rica 256, Jes\u00fas Mar\u00eda &#8211; Lima<\/p>\n","protected":false},"excerpt":{"rendered":"<p>Informaci\u00f3n y contacto Correo: revista@intercambio.pe\u200dInformaci\u00f3n y sugerencias: social@jesuitas.pe\u200dTel\u00e9fonos: 461-8803 \/ 463-5006\u200dDirecci\u00f3n: Costa Rica 256, Jes\u00fas Mar\u00eda &#8211; Lima<\/p>\n","protected":false},"author":1,"featured_media":0,"parent":0,"menu_order":0,"comment_status":"closed","ping_status":"closed","template":"","meta":{"_acf_changed":false,"footnotes":""},"class_list":["post-52","page","type-page","status-publish","hentry"],"acf":[],"post_mailing_queue_ids":[],"_links":{"self":[{"href":"http:\/\/test.boomerang.pe\/intercambio\/wp-json\/wp\/v2\/pages\/52","targetHints":{"allow":["GET"]}}],"collection":[{"href":"http:\/\/test.boomerang.pe\/intercambio\/wp-json\/wp\/v2\/pages"}],"about":[{"href":"http:\/\/test.boomerang.pe\/intercambio\/wp-json\/wp\/v2\/types\/page"}],"author":[{"embeddable":true,"href":"http:\/\/test.boomerang.pe\/intercambio\/wp-json\/wp\/v2\/users\/1"}],"replies":[{"embeddable":true,"href":"http:\/\/test.boomerang.pe\/intercambio\/wp-json\/wp\/v2\/comments?post=52"}],"version-history":[{"count":8,"href":"http:\/\/test.boomerang.pe\/intercambio\/wp-json\/wp\/v2\/pages\/52\/revisions"}],"predecessor-version":[{"id":2504,"href":"http:\/\/test.boomerang.pe\/intercambio\/wp-json\/wp\/v2\/pages\/52\/revisions\/2504"}],"wp:attachment":[{"href":"http:\/\/test.boomerang.pe\/intercambio\/wp-json\/wp\/v2\/media?parent=52"}],"curies":[{"name":"wp","href":"https:\/\/api.w.org\/{rel}","templated":true}]}}