{"id":1212,"date":"2024-12-12T11:22:58","date_gmt":"2024-12-12T16:22:58","guid":{"rendered":"http:\/\/test.boomerang.pe\/museo\/?post_type=historias&#038;p=1212"},"modified":"2024-12-12T11:38:54","modified_gmt":"2024-12-12T16:38:54","slug":"colegio-de-ciencias-y-artes-de-cusco","status":"publish","type":"historias","link":"http:\/\/test.boomerang.pe\/museo\/historias\/colegio-de-ciencias-y-artes-de-cusco\/","title":{"rendered":"Colegio de Ciencias y Artes de Cusco"},"content":{"rendered":"\n<p>Este colegio tiene sus antecedentes en el Real Colegio de San Bernardo, creado en la casa del mismo nombre por orden del virrey Francisco de Borja en junio de 1619. De Borja, en su deseo de promover la educaci\u00f3n de los hijos y nietos de conquistadores y criollos, orden\u00f3 a la Compa\u00f1\u00eda de Jes\u00fas emprender un proyecto educativo en el Cusco. Este esfuerzo sembr\u00f3 la semilla de una tradici\u00f3n acad\u00e9mica que a\u00f1os m\u00e1s tarde ser\u00eda retomada y ampliada por el libertador Sim\u00f3n Bol\u00edvar. Tras su llegada al Cusco el 25 de junio de 1825, Bol\u00edvar identific\u00f3 entre las necesidades del pueblo la consolidaci\u00f3n de esta visi\u00f3n educativa. As\u00ed, el 8 de julio de 1825, decret\u00f3 la fundaci\u00f3n del Colegio del Cusco, utilizando la casa que perteneci\u00f3 a los jesuitas y ordenando la incorporaci\u00f3n de los colegios de San Bernardo y El Sol en esta nueva instituci\u00f3n, asegurando as\u00ed la continuidad y expansi\u00f3n del proyecto educativo original. El 15 de septiembre de ese a\u00f1o, se inici\u00f3 la primera c\u00e1tedra en religi\u00f3n con el doctor Jos\u00e9 Feyjoo como primer rector.<br><\/p>\n\n\n<div class=\"wp-block-image\">\n<figure class=\"aligncenter size-full\"><img loading=\"lazy\" decoding=\"async\" width=\"400\" height=\"302\" src=\"http:\/\/test.boomerang.pe\/museo\/wp-content\/uploads\/2024\/12\/ciencias-cusco-1-1.jpg\" alt=\"\" class=\"wp-image-1218\" srcset=\"http:\/\/test.boomerang.pe\/museo\/wp-content\/uploads\/2024\/12\/ciencias-cusco-1-1.jpg 400w, http:\/\/test.boomerang.pe\/museo\/wp-content\/uploads\/2024\/12\/ciencias-cusco-1-1-300x227.jpg 300w\" sizes=\"auto, (max-width: 400px) 100vw, 400px\" \/><figcaption class=\"wp-element-caption\"><a href=\"https:\/\/www.facebook.com\/photo.php?fbid=797388469084676&amp;set=pb.100064405913783.-2207520000&amp;type=3\" data-type=\"link\" data-id=\"https:\/\/www.facebook.com\/photo.php?fbid=797388469084676&amp;set=pb.100064405913783.-2207520000&amp;type=3\">Estudiantes ciencianos frente a la fachada del colegio. Sin fecha. La Almudena y el Folklore Cusque\u00f1o en Facebook.<\/a><\/figcaption><\/figure><\/div>\n\n\n<p>Feyjoo decidi\u00f3 restaurar la casa de los jesuitas como local definitivo y acondicionarla para las clases. Con mucho esfuerzo, el 28 de octubre de 1827, se anunci\u00f3 la apertura oficial del Colegio de Ciencias y Artes. En ese a\u00f1o, el colegio contaba con 176 estudiantes varones matriculados, y el rector busc\u00f3 remodelar m\u00e1s \u00e1reas del antiguo convento jesuita. Luego de la revoluci\u00f3n cusque\u00f1a, la corona espa\u00f1ola hab\u00eda suspendido en marzo de 1816 a la Universidad San Antonio Abad la capacidad de conferir grados, pero con la independencia, Bol\u00edvar deseaba poner en pr\u00e1ctica su proyecto de establecer un centro de educaci\u00f3n integral. As\u00ed, transfiri\u00f3 la facultad de conferir grados al Colegio de Ciencias y Artes, el cual tom\u00f3 el nombre de San Sim\u00f3n y comenz\u00f3 a funcionar en el local del San Bernardo hasta 1828, cuando la San Antonio Abad fue restituida. En el contexto de las guerras de la Confederaci\u00f3n Peruano-Boliviana se produjo la primera clausura del plantel. Cuando retom\u00f3 sus funciones hacia 1841, traslad\u00f3 a los estudiantes al antiguo Colegio San Buenaventura, ubicado en la Plaza de San Francisco.<br><\/p>\n\n\n<div class=\"wp-block-image\">\n<figure class=\"aligncenter size-full\"><img loading=\"lazy\" decoding=\"async\" width=\"720\" height=\"439\" src=\"http:\/\/test.boomerang.pe\/museo\/wp-content\/uploads\/2024\/12\/2-2.jpg\" alt=\"\" class=\"wp-image-1213\" srcset=\"http:\/\/test.boomerang.pe\/museo\/wp-content\/uploads\/2024\/12\/2-2.jpg 720w, http:\/\/test.boomerang.pe\/museo\/wp-content\/uploads\/2024\/12\/2-2-300x183.jpg 300w\" sizes=\"auto, (max-width: 720px) 100vw, 720px\" \/><figcaption class=\"wp-element-caption\">Comunidad del Colegio Nacional de Ciencias con el director Jos\u00e9 S. Wagner en la plaza San Francisco. A\u00f1o 1934.<\/figcaption><\/figure><\/div>\n\n\n<p>Terminado el conflicto con Bolivia hacia 1842, el colegio reabri\u00f3 en septiembre del a\u00f1o siguiente, y se design\u00f3 como rector a don Francisco Pacheco. A fines de 1856, otra interrupci\u00f3n en el funcionamiento del plantel ocurri\u00f3 debido a una epidemia de fiebre amarilla que diezm\u00f3 la poblaci\u00f3n del Cusco. El colegio permaneci\u00f3 cerrado durante todo 1857 y parte de 1858, hasta que en marzo de ese a\u00f1o el Consejo de Ministros orden\u00f3 su reapertura, la cual se concret\u00f3 en junio. El 16 de octubre de 1858, se promulg\u00f3 un decreto con el objetivo de reorganizar el colegio, dividi\u00e9ndolo en dos secciones: elemental y superior. Posteriormente, la remodelaci\u00f3n del local del San Buenaventura en 1870 contribuy\u00f3 a la permanencia del local durante los a\u00f1os de la Guerra del Pac\u00edfico. Varios funcionarios del colegio, sin embargo, participaron en el ej\u00e9rcito peruano y la econom\u00eda del plantel se vio afectada. Para 1906 hab\u00eda aproximadamente 102 matriculados. Durante la direcci\u00f3n de Zen\u00f3n Ochoa, se promovi\u00f3 el curso de deportes y el 8 de julio de 1901 se fund\u00f3 el hist\u00f3rico club Cienciano. A\u00f1os m\u00e1s tarde, el terremoto de 1950 destruy\u00f3 la infraestructura del colegio, lo que llev\u00f3 a su mudanza temporal por ocho a\u00f1os al local de la Avenida La Cultura. La m\u00fasica, por otro lado, tambi\u00e9n fue de importancia para el colegio y se estableci\u00f3 la Lira Magisterial Cienciana en 1959, dirigida por los profesores Abel Garrido y Eleodoro Justiniani.\u00a0<br><\/p>\n\n\n<div class=\"wp-block-image\">\n<figure class=\"aligncenter size-full\"><img loading=\"lazy\" decoding=\"async\" width=\"720\" height=\"540\" src=\"http:\/\/test.boomerang.pe\/museo\/wp-content\/uploads\/2024\/12\/ciencias-cusco-3.jpg\" alt=\"\" class=\"wp-image-1216\" srcset=\"http:\/\/test.boomerang.pe\/museo\/wp-content\/uploads\/2024\/12\/ciencias-cusco-3.jpg 720w, http:\/\/test.boomerang.pe\/museo\/wp-content\/uploads\/2024\/12\/ciencias-cusco-3-300x225.jpg 300w\" sizes=\"auto, (max-width: 720px) 100vw, 720px\" \/><figcaption class=\"wp-element-caption\"><a href=\"https:\/\/www.facebook.com\/photo.php?fbid=873178744838981&amp;set=pb.100064405913783.-2207520000&amp;type=3\" data-type=\"link\" data-id=\"https:\/\/www.facebook.com\/photo.php?fbid=873178744838981&amp;set=pb.100064405913783.-2207520000&amp;type=3\">Banda musical de estudiantes ciencianos. Sin fecha. La Almudena y el Folklore Cusque\u00f1o en Facebook.<br><\/a><\/figcaption><\/figure><\/div>\n\n<div class=\"wp-block-image\">\n<figure class=\"aligncenter size-large\"><img loading=\"lazy\" decoding=\"async\" width=\"1024\" height=\"577\" src=\"http:\/\/test.boomerang.pe\/museo\/wp-content\/uploads\/2024\/12\/4-1024x577.jpg\" alt=\"\" class=\"wp-image-1214\" srcset=\"http:\/\/test.boomerang.pe\/museo\/wp-content\/uploads\/2024\/12\/4-1024x577.jpg 1024w, http:\/\/test.boomerang.pe\/museo\/wp-content\/uploads\/2024\/12\/4-300x169.jpg 300w, http:\/\/test.boomerang.pe\/museo\/wp-content\/uploads\/2024\/12\/4-768x432.jpg 768w, http:\/\/test.boomerang.pe\/museo\/wp-content\/uploads\/2024\/12\/4-1536x865.jpg 1536w, http:\/\/test.boomerang.pe\/museo\/wp-content\/uploads\/2024\/12\/4.jpg 2048w\" sizes=\"auto, (max-width: 1024px) 100vw, 1024px\" \/><figcaption class=\"wp-element-caption\">Fachada actual del colegio en la Plaza San Francisco.<br><\/figcaption><\/figure><\/div>\n\n\n<h2 class=\"wp-block-heading\">Sitio Web<\/h2>\n\n\n\n<figure class=\"wp-block-embed is-type-wp-embed is-provider-glorioso-colegio-nacional-de-ciencias wp-block-embed-glorioso-colegio-nacional-de-ciencias\"><div class=\"wp-block-embed__wrapper\">\n<blockquote class=\"wp-embedded-content\" data-secret=\"eHH4duUN1f\"><a href=\"https:\/\/gloriosociencias.edu.pe\/\">Inicio<\/a><\/blockquote><iframe loading=\"lazy\" class=\"wp-embedded-content\" sandbox=\"allow-scripts\" security=\"restricted\" style=\"position: absolute; visibility: hidden;\" title=\"\u00abInicio\u00bb \u2014 GLORIOSO COLEGIO NACIONAL DE CIENCIAS\" src=\"https:\/\/gloriosociencias.edu.pe\/embed\/#?secret=eHH4duUN1f\" data-secret=\"eHH4duUN1f\" width=\"600\" height=\"338\" frameborder=\"0\" marginwidth=\"0\" marginheight=\"0\" scrolling=\"no\"><\/iframe>\n<\/div><\/figure>\n\n\n\n<p class=\"has-text-align-left\"><a href=\"https:\/\/www.facebook.com\/gloriosocienciasoficial\/videos\/video-institucional-en-homenaje-a-los-195-a%C3%B1os-de-fundaci%C3%B3n-republicana-del-glor\/602858890644392\/\">Colegio Nacional de Ciencias y Artes de Cusco. (8 de julio de 2020). <em>Video Institucional en homenaje a los 195 a\u00f1os de fundaci\u00f3n republicana del glorioso Colegio Nacional de Ciencias.<\/em><\/a><\/p>\n\n\n\n<h2 class=\"wp-block-heading\">Fuentes<\/h2>\n\n\n\n<ul class=\"wp-block-list\">\n<li>Villanueva, H. (1956). <em>Historia del Colegio Nacional de Ciencias del Cuzco<\/em>. Gr\u00e1fica de la Editorial Garcilaso.<\/li>\n<\/ul>\n","protected":false},"excerpt":{"rendered":"<p>Este colegio tiene sus antecedentes en el Real Colegio de San Bernardo, creado en la casa del mismo nombre por orden del virrey Francisco de Borja en junio de 1619. De Borja, en su deseo de promover la educaci\u00f3n de los hijos y nietos de conquistadores y criollos, orden\u00f3 a la Compa\u00f1\u00eda de Jes\u00fas emprender[&#8230;]<\/p>\n","protected":false},"featured_media":1221,"template":"","class_list":["post-1212","historias","type-historias","status-publish","has-post-thumbnail","hentry"],"_links":{"self":[{"href":"http:\/\/test.boomerang.pe\/museo\/wp-json\/wp\/v2\/historias\/1212","targetHints":{"allow":["GET"]}}],"collection":[{"href":"http:\/\/test.boomerang.pe\/museo\/wp-json\/wp\/v2\/historias"}],"about":[{"href":"http:\/\/test.boomerang.pe\/museo\/wp-json\/wp\/v2\/types\/historias"}],"wp:featuredmedia":[{"embeddable":true,"href":"http:\/\/test.boomerang.pe\/museo\/wp-json\/wp\/v2\/media\/1221"}],"wp:attachment":[{"href":"http:\/\/test.boomerang.pe\/museo\/wp-json\/wp\/v2\/media?parent=1212"}],"curies":[{"name":"wp","href":"https:\/\/api.w.org\/{rel}","templated":true}]}}

<p>Este colegio tiene sus antecedentes en el Real Colegio de San Bernardo, creado en la casa del mismo nombre por orden del virrey Francisco de Borja en junio de 1619. De Borja, en su deseo de promover la educación de los hijos y nietos de conquistadores y criollos, ordenó a la Compañía de Jesús emprender un proyecto educativo en el Cusco. Este esfuerzo sembró la semilla de una tradición académica que años más tarde sería retomada y ampliada por el libertador Simón Bolívar. Tras su llegada al Cusco el 25 de junio de 1825, Bolívar identificó entre las necesidades del pueblo la consolidación de esta visión educativa. Así, el 8 de julio de 1825, decretó la fundación del Colegio del Cusco, utilizando la casa que perteneció a los jesuitas y ordenando la incorporación de los colegios de San Bernardo y El Sol en esta nueva institución, asegurando así la continuidad y expansión del proyecto educativo original. El 15 de septiembre de ese año, se inició la primera cátedra en religión con el doctor José Feyjoo como primer rector.<br></p>


<div class="wp-block-image">
<figure class="aligncenter size-full"><img loading="lazy" decoding="async" width="400" height="302" src="http://test.boomerang.pe/museo/wp-content/uploads/2024/12/ciencias-cusco-1-1.jpg" alt="" class="wp-image-1218" srcset="http://test.boomerang.pe/museo/wp-content/uploads/2024/12/ciencias-cusco-1-1.jpg 400w, http://test.boomerang.pe/museo/wp-content/uploads/2024/12/ciencias-cusco-1-1-300x227.jpg 300w" sizes="auto, (max-width: 400px) 100vw, 400px" /><figcaption class="wp-element-caption"><a href="https://www.facebook.com/photo.php?fbid=797388469084676&amp;set=pb.100064405913783.-2207520000&amp;type=3" data-type="link" data-id="https://www.facebook.com/photo.php?fbid=797388469084676&amp;set=pb.100064405913783.-2207520000&amp;type=3">Estudiantes ciencianos frente a la fachada del colegio. Sin fecha. La Almudena y el Folklore Cusqueño en Facebook.</a></figcaption></figure></div>


<p>Feyjoo decidió restaurar la casa de los jesuitas como local definitivo y acondicionarla para las clases. Con mucho esfuerzo, el 28 de octubre de 1827, se anunció la apertura oficial del Colegio de Ciencias y Artes. En ese año, el colegio contaba con 176 estudiantes varones matriculados, y el rector buscó remodelar más áreas del antiguo convento jesuita. Luego de la revolución cusqueña, la corona española había suspendido en marzo de 1816 a la Universidad San Antonio Abad la capacidad de conferir grados, pero con la independencia, Bolívar deseaba poner en práctica su proyecto de establecer un centro de educación integral. Así, transfirió la facultad de conferir grados al Colegio de Ciencias y Artes, el cual tomó el nombre de San Simón y comenzó a funcionar en el local del San Bernardo hasta 1828, cuando la San Antonio Abad fue restituida. En el contexto de las guerras de la Confederación Peruano-Boliviana se produjo la primera clausura del plantel. Cuando retomó sus funciones hacia 1841, trasladó a los estudiantes al antiguo Colegio San Buenaventura, ubicado en la Plaza de San Francisco.<br></p>


<div class="wp-block-image">
<figure class="aligncenter size-full"><img loading="lazy" decoding="async" width="720" height="439" src="http://test.boomerang.pe/museo/wp-content/uploads/2024/12/2-2.jpg" alt="" class="wp-image-1213" srcset="http://test.boomerang.pe/museo/wp-content/uploads/2024/12/2-2.jpg 720w, http://test.boomerang.pe/museo/wp-content/uploads/2024/12/2-2-300x183.jpg 300w" sizes="auto, (max-width: 720px) 100vw, 720px" /><figcaption class="wp-element-caption">Comunidad del Colegio Nacional de Ciencias con el director José S. Wagner en la plaza San Francisco. Año 1934.</figcaption></figure></div>


<p>Terminado el conflicto con Bolivia hacia 1842, el colegio reabrió en septiembre del año siguiente, y se designó como rector a don Francisco Pacheco. A fines de 1856, otra interrupción en el funcionamiento del plantel ocurrió debido a una epidemia de fiebre amarilla que diezmó la población del Cusco. El colegio permaneció cerrado durante todo 1857 y parte de 1858, hasta que en marzo de ese año el Consejo de Ministros ordenó su reapertura, la cual se concretó en junio. El 16 de octubre de 1858, se promulgó un decreto con el objetivo de reorganizar el colegio, dividiéndolo en dos secciones: elemental y superior. Posteriormente, la remodelación del local del San Buenaventura en 1870 contribuyó a la permanencia del local durante los años de la Guerra del Pacífico. Varios funcionarios del colegio, sin embargo, participaron en el ejército peruano y la economía del plantel se vio afectada. Para 1906 había aproximadamente 102 matriculados. Durante la dirección de Zenón Ochoa, se promovió el curso de deportes y el 8 de julio de 1901 se fundó el histórico club Cienciano. Años más tarde, el terremoto de 1950 destruyó la infraestructura del colegio, lo que llevó a su mudanza temporal por ocho años al local de la Avenida La Cultura. La música, por otro lado, también fue de importancia para el colegio y se estableció la Lira Magisterial Cienciana en 1959, dirigida por los profesores Abel Garrido y Eleodoro Justiniani. <br></p>


<div class="wp-block-image">
<figure class="aligncenter size-full"><img loading="lazy" decoding="async" width="720" height="540" src="http://test.boomerang.pe/museo/wp-content/uploads/2024/12/ciencias-cusco-3.jpg" alt="" class="wp-image-1216" srcset="http://test.boomerang.pe/museo/wp-content/uploads/2024/12/ciencias-cusco-3.jpg 720w, http://test.boomerang.pe/museo/wp-content/uploads/2024/12/ciencias-cusco-3-300x225.jpg 300w" sizes="auto, (max-width: 720px) 100vw, 720px" /><figcaption class="wp-element-caption"><a href="https://www.facebook.com/photo.php?fbid=873178744838981&amp;set=pb.100064405913783.-2207520000&amp;type=3" data-type="link" data-id="https://www.facebook.com/photo.php?fbid=873178744838981&amp;set=pb.100064405913783.-2207520000&amp;type=3">Banda musical de estudiantes ciencianos. Sin fecha. La Almudena y el Folklore Cusqueño en Facebook.<br></a></figcaption></figure></div>

<div class="wp-block-image">
<figure class="aligncenter size-large"><img loading="lazy" decoding="async" width="1024" height="577" src="http://test.boomerang.pe/museo/wp-content/uploads/2024/12/4-1024x577.jpg" alt="" class="wp-image-1214" srcset="http://test.boomerang.pe/museo/wp-content/uploads/2024/12/4-1024x577.jpg 1024w, http://test.boomerang.pe/museo/wp-content/uploads/2024/12/4-300x169.jpg 300w, http://test.boomerang.pe/museo/wp-content/uploads/2024/12/4-768x432.jpg 768w, http://test.boomerang.pe/museo/wp-content/uploads/2024/12/4-1536x865.jpg 1536w, http://test.boomerang.pe/museo/wp-content/uploads/2024/12/4.jpg 2048w" sizes="auto, (max-width: 1024px) 100vw, 1024px" /><figcaption class="wp-element-caption">Fachada actual del colegio en la Plaza San Francisco.<br></figcaption></figure></div>


<h2 class="wp-block-heading">Sitio Web</h2>



<figure class="wp-block-embed is-type-wp-embed is-provider-glorioso-colegio-nacional-de-ciencias wp-block-embed-glorioso-colegio-nacional-de-ciencias"><div class="wp-block-embed__wrapper">
<blockquote class="wp-embedded-content" data-secret="eHH4duUN1f"><a href="https://gloriosociencias.edu.pe/">Inicio</a></blockquote><iframe loading="lazy" class="wp-embedded-content" sandbox="allow-scripts" security="restricted" style="position: absolute; visibility: hidden;" title="«Inicio» — GLORIOSO COLEGIO NACIONAL DE CIENCIAS" src="https://gloriosociencias.edu.pe/embed/#?secret=eHH4duUN1f" data-secret="eHH4duUN1f" width="600" height="338" frameborder="0" marginwidth="0" marginheight="0" scrolling="no"></iframe>
</div></figure>



<p class="has-text-align-left"><a href="https://www.facebook.com/gloriosocienciasoficial/videos/video-institucional-en-homenaje-a-los-195-a%C3%B1os-de-fundaci%C3%B3n-republicana-del-glor/602858890644392/">Colegio Nacional de Ciencias y Artes de Cusco. (8 de julio de 2020). <em>Video Institucional en homenaje a los 195 años de fundación republicana del glorioso Colegio Nacional de Ciencias.</em></a></p>



<h2 class="wp-block-heading">Fuentes</h2>



<ul class="wp-block-list">
<li>Villanueva, H. (1956). <em>Historia del Colegio Nacional de Ciencias del Cuzco</em>. Gráfica de la Editorial Garcilaso.</li>
</ul>

<p>Este colegio tiene sus antecedentes en el Real Colegio de San Bernardo, creado en la casa del mismo nombre por orden del virrey Francisco de Borja en junio de 1619. De Borja, en su deseo de promover la educación de los hijos y nietos de conquistadores y criollos, ordenó a la Compañía de Jesús emprender[&#8230;]</p>
