{"id":1228,"date":"2024-12-12T11:23:51","date_gmt":"2024-12-12T16:23:51","guid":{"rendered":"http:\/\/test.boomerang.pe\/museo\/?post_type=historias&#038;p=1228"},"modified":"2024-12-12T11:37:41","modified_gmt":"2024-12-12T16:37:41","slug":"institucion-educativa-emblematica-el-bosque","status":"publish","type":"historias","link":"http:\/\/test.boomerang.pe\/museo\/historias\/institucion-educativa-emblematica-el-bosque\/","title":{"rendered":"Instituci\u00f3n Educativa Emblem\u00e1tica El Bosque"},"content":{"rendered":"\n<p>Este colegio fue creado en respuesta a la necesidad de los pobladores de San Juan de Lurigancho de garantizar que sus hijas tuvieran acceso a una educaci\u00f3n formal ante los altos niveles de analfabetismo. Es as\u00ed como los vecinos del barrio de Canto Grande se organizaron para gestionar una escuela para sus hijos e hijas. Las pocas instituciones educativas del distrito estaban alejadas y la movilidad era limitada, lo que hac\u00eda urgente la creaci\u00f3n de una nueva escuela. El 25 de mayo de 1965, la escuela fue oficialmente reconocida como Escuela Mixta Primaria N\u00b0 5725. Posteriormente, fue trasladada gratuitamente a un terreno donado por el se\u00f1or Andr\u00e9s Cano y conocida como el Colegio El Bosque. En octubre de 1967, la escuela experiment\u00f3 un cambio significativo al dividirse en dos instituciones, dando lugar a la creaci\u00f3n de la Escuela Primaria de Varones N\u00b0 798. Para 1969, la Escuela Mixta ya contaba con cinco grados de primaria. Sin embargo, solo ten\u00eda dos docentes y el apoyo voluntario de algunos padres de familia.<\/p>\n\n\n\n<p>A principios de la d\u00e9cada de 1970, la poblaci\u00f3n de San Juan de Lurigancho hab\u00eda crecido considerablemente, alcanzando los 86,173 habitantes. Para entonces El Bosque no solo recib\u00eda a ni\u00f1os y j\u00f3venes de las cinco etapas de Canto Grande, sino tambi\u00e9n de Las Flores, Canto Chico y San Hilari\u00f3n. Esta expansi\u00f3n hizo que la escuela se consolidara como una de las primeras instituciones educativas en la zona alta de San Juan de Lurigancho, convirti\u00e9ndose en un significativo centro de aprendizaje para la comunidad. En marzo de 1971, la EPM N\u00b0 5725 y la EPV N\u00b0 798 se fusionaron para formar la Escuela Primaria Mixta N\u00b0 1182. Esta instituci\u00f3n contaba con trece secciones y un centenar de graduados de primaria, lo que hizo evidente la necesidad de ampliarla para incluir el nivel secundario. Inicialmente, el nivel secundario funcion\u00f3 sin autorizaci\u00f3n oficial en un terreno cedido por Arturo Ruiza. No obstante, con el apoyo del entonces alcalde Luis Su\u00e1rez, el colegio comenz\u00f3 a operar como una instituci\u00f3n municipal.<br><\/p>\n\n\n<div class=\"wp-block-image\">\n<figure class=\"aligncenter is-resized\"><img decoding=\"async\" src=\"https:\/\/lh7-rt.googleusercontent.com\/docsz\/AD_4nXfqtnCEPg0zkdqskRVBnM7fQQIAwsnb_yGvXWYlBBS2y15yPhK5DpgxJyH01Qwbq7Jq3MxHQOVCJwmq_WVM0K3hJ2YhtPKg32FO2_xH9cKXfFNXlDRjhRcOyuB30Voe8fBmuTj6dLzMIRs80b69qKIftt54?key=xoVIdCuxgLzM6uB5JRqXtw\" alt=\"\" style=\"width:739px;height:auto\"\/><figcaption class=\"wp-element-caption\"><a href=\"https:\/\/www.facebook.com\/photo\/?fbid=117210981699006&amp;set=a.117210951699009\">Expociencia escolar. Sin fecha. Portal de El Bosque en Facebook.<\/a><\/figcaption><\/figure><\/div>\n\n\n<p>En 1972, tras un conflicto con la Compa\u00f1\u00eda de Canto Grande, propiedad de la familia Wiesse, los vecinos construyeron un local propio para el colegio secundario en un terreno reducido. Con la persistencia y el apoyo de la comunidad, se coloc\u00f3 la primera piedra el 20 de mayo de 1973. Dos a\u00f1os despu\u00e9s, se complet\u00f3 el traslado al nuevo local. La instituci\u00f3n ofrec\u00eda clases en turnos de ma\u00f1ana para mujeres y en la tarde para varones. No fue hasta 1983 que la instituci\u00f3n comenz\u00f3 a funcionar formalmente como una escuela primaria y secundaria, cambiando su denominaci\u00f3n a Centro Educativo N\u00b0 1182.<br><\/p>\n\n\n<div class=\"wp-block-image\">\n<figure class=\"aligncenter is-resized\"><img decoding=\"async\" src=\"https:\/\/lh7-rt.googleusercontent.com\/docsz\/AD_4nXfvyyCVzhIgHrhXwqgksURLTfEI-dQ86J-qwA8pJ8AiQ03Yymk2cpKrb0BGt9yrNbGZSoorSXBY4iMg1zrYhEFdpkPkIkExGeXs0gjMnUt8gz_vbdz7gzNGF6zunYXI3hXFDBjb9XSycJOoaUj3gS1EIYxQ?key=xoVIdCuxgLzM6uB5JRqXtw\" alt=\"\" style=\"width:593px;height:auto\"\/><figcaption class=\"wp-element-caption\"><a href=\"https:\/\/www.facebook.com\/photo?fbid=117205438366227&amp;set=ms.c.eJwlx8ENADAIAsCNGhBFu~%3B9iTez9juxApUZ2RB~%3BuLwuKSf8bvRce4jUJaQ~-~-.bps.a.117205411699563\">Augusto Ferrando y el director Javier Aguilar durante la ceremonia de donaci\u00f3n del pabell\u00f3n Ayuda a tu Pr\u00f3jimo. D\u00e9cada de 1980. Portal de El Bosque en Facebook.<\/a><\/figcaption><\/figure><\/div>\n\n\n<p>En 1986, egres\u00f3 su primera promoci\u00f3n de estudiantes de secundaria. Durante esa d\u00e9cada, la infraestructura se mejor\u00f3 gracias a organizaciones como \u201cAyuda a tu Pr\u00f3jimo\u201d y \u201cManos Unidas\u201d. Con su ayuda, se construy\u00f3 un pabell\u00f3n para talleres de vestido, un departamento para educaci\u00f3n f\u00edsica y un laboratorio de ciencias. Desde entonces, el colegio ha crecido en t\u00e9rminos de estudiantes, personal e infraestructura. En 1995, se construy\u00f3 la fachada del plantel y se a\u00f1adieron m\u00e1s aulas para secundaria. En 2010, como parte de un plan econ\u00f3mico de reconstrucci\u00f3n de planteles educativos impulsado durante el segundo gobierno de Alan Garc\u00eda, la instituci\u00f3n cambi\u00f3 su denominaci\u00f3n a Instituci\u00f3n Educativa P\u00fablica Emblem\u00e1tica. Tambi\u00e9n se remodelaron las aulas para los niveles de primaria y secundaria, fortaleciendo la infraestructura del colegio.<\/p>\n\n\n<div class=\"wp-block-image\">\n<figure class=\"aligncenter is-resized\"><img decoding=\"async\" src=\"https:\/\/lh7-rt.googleusercontent.com\/docsz\/AD_4nXd_zQ5DROGY1P2Fv93xP0I63Z-1MWJCkIGgq9ArHO5VWhLse-jkcNOJ397VNbXgTwRlKUMAL3I1La10-xYLHSEyhvYKX556uBIN7MwUAG0tHFz67MaifPVkq8gq3u6xefSBn5Xkp39LyqzW-OpXDpujzDE?key=xoVIdCuxgLzM6uB5JRqXtw\" alt=\"\" style=\"width:539px;height:auto\"\/><figcaption class=\"wp-element-caption\"><a href=\"https:\/\/www.facebook.com\/photo\/?fbid=117208021699302&amp;set=ms.c.eJwtyckNACAMA7CNUJLe~_y~_GVHhaJksoN~_aMJQ~%3BXqYApK74b~_~%3BLnhtbQBZWPDKw~-.bps.a.117207408366030\">Escolta escolar y un profesor en la d\u00e9cada de 1990. Portal de El Bosque en Facebook.<\/a><\/figcaption><\/figure><\/div>\n\n<div class=\"wp-block-image\">\n<figure class=\"aligncenter is-resized\"><img decoding=\"async\" src=\"https:\/\/lh7-rt.googleusercontent.com\/docsz\/AD_4nXfWFp7rDpDIVwY-v2PMYwJCmgEM1Ayv8NrjOov5ZHWWPJIo8GPesttr7ahr8BVHPESLwuo4kngwiCa98AkQqJfDtHiDrF7bfeRFCWrpWVRc79ExWnZVfoBddbtkSilteb58tgA0CpfURG-T3ffQG40kBOc?key=xoVIdCuxgLzM6uB5JRqXtw\" alt=\"\" style=\"width:629px;height:auto\"\/><figcaption class=\"wp-element-caption\"><a href=\"https:\/\/www.facebook.com\/photo\/?fbid=117208631699241&amp;set=a.117208618365909\">Docentes de El Bosque, d\u00e9cada de 1990. Portal de El Bosque en Facebook.<\/a><br><\/figcaption><\/figure><\/div>\n\n\n<p>Luego de la pandemia de COVID-19, el 17 de enero de 2022, el Programa Nacional de Infraestructura Educativa (Pronied) del Ministerio de Educaci\u00f3n entreg\u00f3 una obra importante. El proyecto, denominado \u201cMejoramiento e implementaci\u00f3n de la infraestructura educativa y deportiva de la I.E. 1182 El Bosque de San Juan de Lurigancho\u201d, incluy\u00f3 ocho nuevos pabellones y dos talleres. Estos talleres se dedicaron a clases de industria del vestido y mec\u00e1nica de producci\u00f3n. Actualmente, cuenta con m\u00e1s de 2,000 estudiantes y alrededor de 100 docentes. La instituci\u00f3n dispone de una moderna infraestructura y ofrece actividades para formar a sus estudiantes en carreras t\u00e9cnicas de alta demanda. El Bosque, que se desarroll\u00f3 en paralelo con el distrito de San Juan de Lurigancho, es el resultado del esfuerzo de la comunidad de Canto Grande. Su historia y progreso, asimismo, reflejan el compromiso y la dedicaci\u00f3n de sus vecinos para mejorar la educaci\u00f3n de su distrito.<\/p>\n\n\n<div class=\"wp-block-image\">\n<figure class=\"aligncenter is-resized\"><img decoding=\"async\" src=\"https:\/\/lh7-rt.googleusercontent.com\/docsz\/AD_4nXfIdQGch6P1OrwE7fzcu6KEaIFQl06i3DlAt1yMxszM4BB3ecyHD3Kp1Z7kEY5QH8EMMT4-FQKMRnl5EPNgVV31J8oPSouIO9EPofjKnKCSZpqGlLuZ2Z9AhrRhpQpPHXCnTqvAv4lCgwpiMo9OSO8HW-CO?key=xoVIdCuxgLzM6uB5JRqXtw\" alt=\"\" style=\"width:653px;height:auto\"\/><figcaption class=\"wp-element-caption\"><a href=\"https:\/\/www.facebook.com\/photo?fbid=117207431699361&amp;set=ms.c.eJwtyckNACAMA7CNUJLe~_y~_GVHhaJksoN~_aMJQ~%3BXqYApK74b~_~%3BLnhtbQBZWPDKw~-.bps.a.117207408366030\">Batall\u00f3n de mujeres, a\u00f1o 2000. Portal de El Bosque en Facebook.\u00a0<\/a><br><\/figcaption><\/figure><\/div>\n\n\n<h2 class=\"wp-block-heading\">Sitio web<\/h2>\n\n\n\n<p><a href=\"https:\/\/bv3171.wixsite.com\/bosque\">https:\/\/bv3171.wixsite.com\/bosque<\/a><\/p>\n\n\n\n<h2 class=\"wp-block-heading\">Fuentes<\/h2>\n\n\n\n<ul class=\"wp-block-list\">\n<li>Le\u00f3n, E. (2022). <em>La historia de la Instituci\u00f3n Educativa Emblem\u00e1tica 1182 \u00abEl Bosque\u00bb : en el contexto nacional y de San Juan de Lurigancho<\/em>. GRAFIMAG.<br><\/li>\n<\/ul>\n\n\n\n<ul class=\"wp-block-list\">\n<li>Ministerio de Educaci\u00f3n del Per\u00fa. (21 de enero de 2022). <em>Entregan infraestructura nueva y moderna a la IE 1182 El Bosque de la UGEL 05<\/em>. <a href=\"https:\/\/www.ugel05.gob.pe\/node\/2047\">https:\/\/www.ugel05.gob.pe\/node\/2047<\/a><\/li>\n<\/ul>\n","protected":false},"excerpt":{"rendered":"<p>Este colegio fue creado en respuesta a la necesidad de los pobladores de San Juan de Lurigancho de garantizar que sus hijas tuvieran acceso a una educaci\u00f3n formal ante los altos niveles de analfabetismo. Es as\u00ed como los vecinos del barrio de Canto Grande se organizaron para gestionar una escuela para sus hijos e hijas.[&#8230;]<\/p>\n","protected":false},"featured_media":1264,"template":"","class_list":["post-1228","historias","type-historias","status-publish","has-post-thumbnail","hentry"],"_links":{"self":[{"href":"http:\/\/test.boomerang.pe\/museo\/wp-json\/wp\/v2\/historias\/1228","targetHints":{"allow":["GET"]}}],"collection":[{"href":"http:\/\/test.boomerang.pe\/museo\/wp-json\/wp\/v2\/historias"}],"about":[{"href":"http:\/\/test.boomerang.pe\/museo\/wp-json\/wp\/v2\/types\/historias"}],"wp:featuredmedia":[{"embeddable":true,"href":"http:\/\/test.boomerang.pe\/museo\/wp-json\/wp\/v2\/media\/1264"}],"wp:attachment":[{"href":"http:\/\/test.boomerang.pe\/museo\/wp-json\/wp\/v2\/media?parent=1228"}],"curies":[{"name":"wp","href":"https:\/\/api.w.org\/{rel}","templated":true}]}}

Institución Educativa Emblemática El Bosque

<p>Este colegio fue creado en respuesta a la necesidad de los pobladores de San Juan de Lurigancho de garantizar que sus hijas tuvieran acceso a una educación formal ante los altos niveles de analfabetismo. Es así como los vecinos del barrio de Canto Grande se organizaron para gestionar una escuela para sus hijos e hijas. Las pocas instituciones educativas del distrito estaban alejadas y la movilidad era limitada, lo que hacía urgente la creación de una nueva escuela. El 25 de mayo de 1965, la escuela fue oficialmente reconocida como Escuela Mixta Primaria N° 5725. Posteriormente, fue trasladada gratuitamente a un terreno donado por el señor Andrés Cano y conocida como el Colegio El Bosque. En octubre de 1967, la escuela experimentó un cambio significativo al dividirse en dos instituciones, dando lugar a la creación de la Escuela Primaria de Varones N° 798. Para 1969, la Escuela Mixta ya contaba con cinco grados de primaria. Sin embargo, solo tenía dos docentes y el apoyo voluntario de algunos padres de familia.</p>



<p>A principios de la década de 1970, la población de San Juan de Lurigancho había crecido considerablemente, alcanzando los 86,173 habitantes. Para entonces El Bosque no solo recibía a niños y jóvenes de las cinco etapas de Canto Grande, sino también de Las Flores, Canto Chico y San Hilarión. Esta expansión hizo que la escuela se consolidara como una de las primeras instituciones educativas en la zona alta de San Juan de Lurigancho, convirtiéndose en un significativo centro de aprendizaje para la comunidad. En marzo de 1971, la EPM N° 5725 y la EPV N° 798 se fusionaron para formar la Escuela Primaria Mixta N° 1182. Esta institución contaba con trece secciones y un centenar de graduados de primaria, lo que hizo evidente la necesidad de ampliarla para incluir el nivel secundario. Inicialmente, el nivel secundario funcionó sin autorización oficial en un terreno cedido por Arturo Ruiza. No obstante, con el apoyo del entonces alcalde Luis Suárez, el colegio comenzó a operar como una institución municipal.<br></p>


<div class="wp-block-image">
<figure class="aligncenter is-resized"><img decoding="async" src="https://lh7-rt.googleusercontent.com/docsz/AD_4nXfqtnCEPg0zkdqskRVBnM7fQQIAwsnb_yGvXWYlBBS2y15yPhK5DpgxJyH01Qwbq7Jq3MxHQOVCJwmq_WVM0K3hJ2YhtPKg32FO2_xH9cKXfFNXlDRjhRcOyuB30Voe8fBmuTj6dLzMIRs80b69qKIftt54?key=xoVIdCuxgLzM6uB5JRqXtw" alt="" style="width:739px;height:auto"/><figcaption class="wp-element-caption"><a href="https://www.facebook.com/photo/?fbid=117210981699006&amp;set=a.117210951699009">Expociencia escolar. Sin fecha. Portal de El Bosque en Facebook.</a></figcaption></figure></div>


<p>En 1972, tras un conflicto con la Compañía de Canto Grande, propiedad de la familia Wiesse, los vecinos construyeron un local propio para el colegio secundario en un terreno reducido. Con la persistencia y el apoyo de la comunidad, se colocó la primera piedra el 20 de mayo de 1973. Dos años después, se completó el traslado al nuevo local. La institución ofrecía clases en turnos de mañana para mujeres y en la tarde para varones. No fue hasta 1983 que la institución comenzó a funcionar formalmente como una escuela primaria y secundaria, cambiando su denominación a Centro Educativo N° 1182.<br></p>


<div class="wp-block-image">
<figure class="aligncenter is-resized"><img decoding="async" src="https://lh7-rt.googleusercontent.com/docsz/AD_4nXfvyyCVzhIgHrhXwqgksURLTfEI-dQ86J-qwA8pJ8AiQ03Yymk2cpKrb0BGt9yrNbGZSoorSXBY4iMg1zrYhEFdpkPkIkExGeXs0gjMnUt8gz_vbdz7gzNGF6zunYXI3hXFDBjb9XSycJOoaUj3gS1EIYxQ?key=xoVIdCuxgLzM6uB5JRqXtw" alt="" style="width:593px;height:auto"/><figcaption class="wp-element-caption"><a href="https://www.facebook.com/photo?fbid=117205438366227&amp;set=ms.c.eJwlx8ENADAIAsCNGhBFu~%3B9iTez9juxApUZ2RB~%3BuLwuKSf8bvRce4jUJaQ~-~-.bps.a.117205411699563">Augusto Ferrando y el director Javier Aguilar durante la ceremonia de donación del pabellón Ayuda a tu Prójimo. Década de 1980. Portal de El Bosque en Facebook.</a></figcaption></figure></div>


<p>En 1986, egresó su primera promoción de estudiantes de secundaria. Durante esa década, la infraestructura se mejoró gracias a organizaciones como “Ayuda a tu Prójimo” y “Manos Unidas”. Con su ayuda, se construyó un pabellón para talleres de vestido, un departamento para educación física y un laboratorio de ciencias. Desde entonces, el colegio ha crecido en términos de estudiantes, personal e infraestructura. En 1995, se construyó la fachada del plantel y se añadieron más aulas para secundaria. En 2010, como parte de un plan económico de reconstrucción de planteles educativos impulsado durante el segundo gobierno de Alan García, la institución cambió su denominación a Institución Educativa Pública Emblemática. También se remodelaron las aulas para los niveles de primaria y secundaria, fortaleciendo la infraestructura del colegio.</p>


<div class="wp-block-image">
<figure class="aligncenter is-resized"><img decoding="async" src="https://lh7-rt.googleusercontent.com/docsz/AD_4nXd_zQ5DROGY1P2Fv93xP0I63Z-1MWJCkIGgq9ArHO5VWhLse-jkcNOJ397VNbXgTwRlKUMAL3I1La10-xYLHSEyhvYKX556uBIN7MwUAG0tHFz67MaifPVkq8gq3u6xefSBn5Xkp39LyqzW-OpXDpujzDE?key=xoVIdCuxgLzM6uB5JRqXtw" alt="" style="width:539px;height:auto"/><figcaption class="wp-element-caption"><a href="https://www.facebook.com/photo/?fbid=117208021699302&amp;set=ms.c.eJwtyckNACAMA7CNUJLe~_y~_GVHhaJksoN~_aMJQ~%3BXqYApK74b~_~%3BLnhtbQBZWPDKw~-.bps.a.117207408366030">Escolta escolar y un profesor en la década de 1990. Portal de El Bosque en Facebook.</a></figcaption></figure></div>

<div class="wp-block-image">
<figure class="aligncenter is-resized"><img decoding="async" src="https://lh7-rt.googleusercontent.com/docsz/AD_4nXfWFp7rDpDIVwY-v2PMYwJCmgEM1Ayv8NrjOov5ZHWWPJIo8GPesttr7ahr8BVHPESLwuo4kngwiCa98AkQqJfDtHiDrF7bfeRFCWrpWVRc79ExWnZVfoBddbtkSilteb58tgA0CpfURG-T3ffQG40kBOc?key=xoVIdCuxgLzM6uB5JRqXtw" alt="" style="width:629px;height:auto"/><figcaption class="wp-element-caption"><a href="https://www.facebook.com/photo/?fbid=117208631699241&amp;set=a.117208618365909">Docentes de El Bosque, década de 1990. Portal de El Bosque en Facebook.</a><br></figcaption></figure></div>


<p>Luego de la pandemia de COVID-19, el 17 de enero de 2022, el Programa Nacional de Infraestructura Educativa (Pronied) del Ministerio de Educación entregó una obra importante. El proyecto, denominado “Mejoramiento e implementación de la infraestructura educativa y deportiva de la I.E. 1182 El Bosque de San Juan de Lurigancho”, incluyó ocho nuevos pabellones y dos talleres. Estos talleres se dedicaron a clases de industria del vestido y mecánica de producción. Actualmente, cuenta con más de 2,000 estudiantes y alrededor de 100 docentes. La institución dispone de una moderna infraestructura y ofrece actividades para formar a sus estudiantes en carreras técnicas de alta demanda. El Bosque, que se desarrolló en paralelo con el distrito de San Juan de Lurigancho, es el resultado del esfuerzo de la comunidad de Canto Grande. Su historia y progreso, asimismo, reflejan el compromiso y la dedicación de sus vecinos para mejorar la educación de su distrito.</p>


<div class="wp-block-image">
<figure class="aligncenter is-resized"><img decoding="async" src="https://lh7-rt.googleusercontent.com/docsz/AD_4nXfIdQGch6P1OrwE7fzcu6KEaIFQl06i3DlAt1yMxszM4BB3ecyHD3Kp1Z7kEY5QH8EMMT4-FQKMRnl5EPNgVV31J8oPSouIO9EPofjKnKCSZpqGlLuZ2Z9AhrRhpQpPHXCnTqvAv4lCgwpiMo9OSO8HW-CO?key=xoVIdCuxgLzM6uB5JRqXtw" alt="" style="width:653px;height:auto"/><figcaption class="wp-element-caption"><a href="https://www.facebook.com/photo?fbid=117207431699361&amp;set=ms.c.eJwtyckNACAMA7CNUJLe~_y~_GVHhaJksoN~_aMJQ~%3BXqYApK74b~_~%3BLnhtbQBZWPDKw~-.bps.a.117207408366030">Batallón de mujeres, año 2000. Portal de El Bosque en Facebook. </a><br></figcaption></figure></div>


<h2 class="wp-block-heading">Sitio web</h2>



<p><a href="https://bv3171.wixsite.com/bosque">https://bv3171.wixsite.com/bosque</a></p>



<h2 class="wp-block-heading">Fuentes</h2>



<ul class="wp-block-list">
<li>León, E. (2022). <em>La historia de la Institución Educativa Emblemática 1182 «El Bosque» : en el contexto nacional y de San Juan de Lurigancho</em>. GRAFIMAG.<br></li>
</ul>



<ul class="wp-block-list">
<li>Ministerio de Educación del Perú. (21 de enero de 2022). <em>Entregan infraestructura nueva y moderna a la IE 1182 El Bosque de la UGEL 05</em>. <a href="https://www.ugel05.gob.pe/node/2047">https://www.ugel05.gob.pe/node/2047</a></li>
</ul>

<p>Este colegio fue creado en respuesta a la necesidad de los pobladores de San Juan de Lurigancho de garantizar que sus hijas tuvieran acceso a una educación formal ante los altos niveles de analfabetismo. Es así como los vecinos del barrio de Canto Grande se organizaron para gestionar una escuela para sus hijos e hijas.[&#8230;]</p>
