{"id":1229,"date":"2024-12-12T11:23:59","date_gmt":"2024-12-12T16:23:59","guid":{"rendered":"http:\/\/test.boomerang.pe\/museo\/?post_type=historias&#038;p=1229"},"modified":"2024-12-12T11:37:10","modified_gmt":"2024-12-12T16:37:10","slug":"colegio-el-buen-pastor","status":"publish","type":"historias","link":"http:\/\/test.boomerang.pe\/museo\/historias\/colegio-el-buen-pastor\/","title":{"rendered":"Colegio El Buen Pastor"},"content":{"rendered":"\n<p>Los or\u00edgenes del Colegio El Buen Pastor est\u00e1n estrechamente vinculados con el desarrollo de la Urbanizaci\u00f3n Residencial Sol de Oro, en el actual distrito de Los Olivos. Este proyecto urban\u00edstico inici\u00f3 hacia 1962, y sus propietarios destinaron parte de los terrenos para la creaci\u00f3n de un colegio. Ante la necesidad de apoyo en la administraci\u00f3n del colegio y la lenta respuesta del Estado, algunas madres de familia recurrieron a la Sociedad Misionera de San Columbano, que ya ten\u00eda experiencia en la creaci\u00f3n de colegios parroquiales en Lima Norte.<\/p>\n\n\n\n<p>El colegio inici\u00f3 sus actividades en los domicilios que los padres de familia prestaban y acondicionaban. Posteriormente, las clases se trasladaron a los lotes 8 y 9 de la manzana U. Los hermanos columbanos gestionaron el reconocimiento oficial de la escuela, y el 26 de julio de 1965 el Ministerio de Educaci\u00f3n emiti\u00f3 la Resoluci\u00f3n Directoral N\u00ba 10023, creando la Escuela Parroquial Mixta Sol de Oro. El primer director fue el reverendo padre Owen O\u2019Kane, p\u00e1rroco de la parroquia El Buen Pastor. Para el segundo a\u00f1o desde su creaci\u00f3n, la escuela ya contaba con 107 estudiantes, entre varones y mujeres. En 1966 la municipalidad le concedi\u00f3 a los columbanos 1,560 metros cuadrados en la primera etapa de la urbanizaci\u00f3n para construir las primeras aulas del colegio.&nbsp;<\/p>\n\n\n\n<p>El padre Limachy Lynam O\u2019Ferrel fue una pieza clave en el dise\u00f1o del proyecto educativo, elaborando los lineamientos y gestionando los documentos necesarios para el correcto funcionamiento del plantel. A medida que el n\u00famero de estudiantes aumentaba progresivamente, el padre australiano Leo Grant asumi\u00f3 la direcci\u00f3n. En la d\u00e9cada de 1970, se implement\u00f3 un departamento psicol\u00f3gico para el manejo de emociones que afectaran el aprendizaje de los estudiantes, convirtiendo a la escuela parroquial en pionera en propuestas escolares de bienestar psicol\u00f3gico en Lima Norte.<\/p>\n\n\n\n<p>La construcci\u00f3n de la escuela continu\u00f3, inaugur\u00e1ndose nuevos salones que acogieron a ni\u00f1os de las urbanizaciones cercanas. El local inicial se volvi\u00f3 insuficiente, por lo que en 1975, la direcci\u00f3n y la junta directiva de la Asociaci\u00f3n de Padres de Familia emprendieron la b\u00fasqueda de un terreno para construir pabellones para el nivel secundario. Por otro lado, el 20 de diciembre de 1976, se inaugur\u00f3 la primera biblioteca escolar gracias al auspicio de la Embajada de Australia,\u00a0 el Club de Leones de San Mart\u00edn de Porres, cooperativas y vecinos. Finalmente, la municipalidad les adjudic\u00f3 a los hermanos dos terrenos de 5,510 metros cuadrados en la urbanizaci\u00f3n El Tr\u00e9bol el 24 de mayo de 1984. Hacia 1985, el colegio contaba con 1,158 alumnos en el nivel primaria, y al a\u00f1o siguiente se iniciaron las clases con 132 alumnos en el primer a\u00f1o de secundaria.<\/p>\n\n\n<div class=\"wp-block-image\">\n<figure class=\"aligncenter is-resized\"><img decoding=\"async\" src=\"https:\/\/lh7-rt.googleusercontent.com\/docsz\/AD_4nXdGWBFPpj-aQNmiPtvjEmU89L4Ak-a29QBReGNxa08eNUFchBEGzFYyY5CntNVHSCTzp5UxHt_Sc5GHcZ7GrrTspEGpb5ZAb72cBEJ_D97pu7BDm3WZm9XSGft1qHiveD4E_8PgKpl_V74SVgTvQwzy-FGv?key=PC5cpKCFUoJtbuMYSKOg8w\" alt=\"\" style=\"width:298px;height:auto\"\/><figcaption class=\"wp-element-caption\"><a href=\"https:\/\/bpastor.edu.pe\/colegio\/nosotros\/\">Afiche anunciando la inauguraci\u00f3n de los pabellones de secundaria, a\u00f1o 1986.<\/a><\/figcaption><\/figure><\/div>\n\n\n<p>Sin embargo, fue en 1986 cuando se inauguraron oficialmente los pabellones de secundaria. La obra inclu\u00eda quince aulas distribuidas en tres pabellones para clases y talleres t\u00e9cnicos, adem\u00e1s de una biblioteca, auditorio, laboratorios y un comedor. En 1991 se iniciaron las obras para construir el cuarto pabell\u00f3n. El 24 de abril de 1993, la instituci\u00f3n pas\u00f3 de ser una escuela parroquial a denominarse Colegio Parroquial El Buen Pastor. El colegio se convirti\u00f3 en un referente de la educaci\u00f3n en Lima Norte, y su proyecto educativo institucional sirvi\u00f3 como modelo de gesti\u00f3n para otras instituciones educativas de la zona, tanto cat\u00f3licas como laicas. Posteriormente se implement\u00f3 un gimnasio y una concha ac\u00fastica para eventos culturales. En 1996 se inici\u00f3 la construcci\u00f3n de una piscina semiol\u00edmpica, que comenz\u00f3 a funcionar dos a\u00f1os despu\u00e9s. En 1989, el padre Mart\u00ednez consigui\u00f3 un terreno colindante a la capilla La Inmaculada para construir un local destinado especialmente al nivel inicial. El edificio de cuatro pisos, cuya construcci\u00f3n comenz\u00f3 en 1994 y se complet\u00f3 en 1999, cuenta con un auditorio, salas, camerinos, cafeter\u00eda y espacios compartidos con la capilla.<\/p>\n\n\n\n<p>Actualmente, El Buen Pastor contin\u00faa siendo un colegio que educa a varones y mujeres en valores cristianos, ofreciendo una propuesta educativa humanista y tecnol\u00f3gica. El colegio tambi\u00e9n posee un zool\u00f3gico utilizado con fines educativos en protecci\u00f3n y conservaci\u00f3n de animales silvestres que funciona desde mediados de la d\u00e9cada de 1990. Su historia es testimonio del esfuerzo de la comunidad de Lima Norte, que desde sus inicios ha trabajado arduamente para mejorar las oportunidades educativas en su entorno, consolidando al colegio como un referente.<\/p>\n\n\n<div class=\"wp-block-image\">\n<figure class=\"aligncenter is-resized\"><img decoding=\"async\" src=\"https:\/\/lh7-rt.googleusercontent.com\/docsz\/AD_4nXftFd55G9KoGef72isH5zbt89RUp21MEMswLy-AubME7ErkOmaxyqy2ncpaOM-6zDn87AuFgXY9BWYOW2GDA_8o5_zv1P-0Ek7HIz0dvTvtRdq16T4QSA0IV0RKYwYmJ0-IPgLAJLy-nPpbGhRJD7jaf2s?key=PC5cpKCFUoJtbuMYSKOg8w\" alt=\"\" style=\"width:421px;height:auto\"\/><figcaption class=\"wp-element-caption\"><a href=\"https:\/\/bpastor.edu.pe\/colegio\/nosotros\/\">Escolta promoci\u00f3n 2016. Web del colegio El Buen Pastor.<\/a><\/figcaption><\/figure><\/div>\n\n\n<h2 class=\"wp-block-heading\">Fuentes<\/h2>\n\n\n\n<ul class=\"wp-block-list\">\n<li>T\u00e1cunan, S. (2017). <em>Los Olivos: Historia de un distrito emprendedor de Lima Norte. <\/em>Fondo Editorial USIL.<br><\/li>\n<\/ul>\n\n\n\n<ul class=\"wp-block-list\">\n<li>Torrej\u00f3n, L. (2021). <em>Secreto compartido: historia del Colegio El Buen Pastor.<\/em> Gr\u00e1fica Carrillo.<\/li>\n<\/ul>\n","protected":false},"excerpt":{"rendered":"<p>Los or\u00edgenes del Colegio El Buen Pastor est\u00e1n estrechamente vinculados con el desarrollo de la Urbanizaci\u00f3n Residencial Sol de Oro, en el actual distrito de Los Olivos. Este proyecto urban\u00edstico inici\u00f3 hacia 1962, y sus propietarios destinaron parte de los terrenos para la creaci\u00f3n de un colegio. Ante la necesidad de apoyo en la administraci\u00f3n[&#8230;]<\/p>\n","protected":false},"featured_media":1262,"template":"","class_list":["post-1229","historias","type-historias","status-publish","has-post-thumbnail","hentry"],"_links":{"self":[{"href":"http:\/\/test.boomerang.pe\/museo\/wp-json\/wp\/v2\/historias\/1229","targetHints":{"allow":["GET"]}}],"collection":[{"href":"http:\/\/test.boomerang.pe\/museo\/wp-json\/wp\/v2\/historias"}],"about":[{"href":"http:\/\/test.boomerang.pe\/museo\/wp-json\/wp\/v2\/types\/historias"}],"wp:featuredmedia":[{"embeddable":true,"href":"http:\/\/test.boomerang.pe\/museo\/wp-json\/wp\/v2\/media\/1262"}],"wp:attachment":[{"href":"http:\/\/test.boomerang.pe\/museo\/wp-json\/wp\/v2\/media?parent=1229"}],"curies":[{"name":"wp","href":"https:\/\/api.w.org\/{rel}","templated":true}]}}

<p>Los orígenes del Colegio El Buen Pastor están estrechamente vinculados con el desarrollo de la Urbanización Residencial Sol de Oro, en el actual distrito de Los Olivos. Este proyecto urbanístico inició hacia 1962, y sus propietarios destinaron parte de los terrenos para la creación de un colegio. Ante la necesidad de apoyo en la administración del colegio y la lenta respuesta del Estado, algunas madres de familia recurrieron a la Sociedad Misionera de San Columbano, que ya tenía experiencia en la creación de colegios parroquiales en Lima Norte.</p>



<p>El colegio inició sus actividades en los domicilios que los padres de familia prestaban y acondicionaban. Posteriormente, las clases se trasladaron a los lotes 8 y 9 de la manzana U. Los hermanos columbanos gestionaron el reconocimiento oficial de la escuela, y el 26 de julio de 1965 el Ministerio de Educación emitió la Resolución Directoral Nº 10023, creando la Escuela Parroquial Mixta Sol de Oro. El primer director fue el reverendo padre Owen O’Kane, párroco de la parroquia El Buen Pastor. Para el segundo año desde su creación, la escuela ya contaba con 107 estudiantes, entre varones y mujeres. En 1966 la municipalidad le concedió a los columbanos 1,560 metros cuadrados en la primera etapa de la urbanización para construir las primeras aulas del colegio.&nbsp;</p>



<p>El padre Limachy Lynam O’Ferrel fue una pieza clave en el diseño del proyecto educativo, elaborando los lineamientos y gestionando los documentos necesarios para el correcto funcionamiento del plantel. A medida que el número de estudiantes aumentaba progresivamente, el padre australiano Leo Grant asumió la dirección. En la década de 1970, se implementó un departamento psicológico para el manejo de emociones que afectaran el aprendizaje de los estudiantes, convirtiendo a la escuela parroquial en pionera en propuestas escolares de bienestar psicológico en Lima Norte.</p>



<p>La construcción de la escuela continuó, inaugurándose nuevos salones que acogieron a niños de las urbanizaciones cercanas. El local inicial se volvió insuficiente, por lo que en 1975, la dirección y la junta directiva de la Asociación de Padres de Familia emprendieron la búsqueda de un terreno para construir pabellones para el nivel secundario. Por otro lado, el 20 de diciembre de 1976, se inauguró la primera biblioteca escolar gracias al auspicio de la Embajada de Australia,  el Club de Leones de San Martín de Porres, cooperativas y vecinos. Finalmente, la municipalidad les adjudicó a los hermanos dos terrenos de 5,510 metros cuadrados en la urbanización El Trébol el 24 de mayo de 1984. Hacia 1985, el colegio contaba con 1,158 alumnos en el nivel primaria, y al año siguiente se iniciaron las clases con 132 alumnos en el primer año de secundaria.</p>


<div class="wp-block-image">
<figure class="aligncenter is-resized"><img decoding="async" src="https://lh7-rt.googleusercontent.com/docsz/AD_4nXdGWBFPpj-aQNmiPtvjEmU89L4Ak-a29QBReGNxa08eNUFchBEGzFYyY5CntNVHSCTzp5UxHt_Sc5GHcZ7GrrTspEGpb5ZAb72cBEJ_D97pu7BDm3WZm9XSGft1qHiveD4E_8PgKpl_V74SVgTvQwzy-FGv?key=PC5cpKCFUoJtbuMYSKOg8w" alt="" style="width:298px;height:auto"/><figcaption class="wp-element-caption"><a href="https://bpastor.edu.pe/colegio/nosotros/">Afiche anunciando la inauguración de los pabellones de secundaria, año 1986.</a></figcaption></figure></div>


<p>Sin embargo, fue en 1986 cuando se inauguraron oficialmente los pabellones de secundaria. La obra incluía quince aulas distribuidas en tres pabellones para clases y talleres técnicos, además de una biblioteca, auditorio, laboratorios y un comedor. En 1991 se iniciaron las obras para construir el cuarto pabellón. El 24 de abril de 1993, la institución pasó de ser una escuela parroquial a denominarse Colegio Parroquial El Buen Pastor. El colegio se convirtió en un referente de la educación en Lima Norte, y su proyecto educativo institucional sirvió como modelo de gestión para otras instituciones educativas de la zona, tanto católicas como laicas. Posteriormente se implementó un gimnasio y una concha acústica para eventos culturales. En 1996 se inició la construcción de una piscina semiolímpica, que comenzó a funcionar dos años después. En 1989, el padre Martínez consiguió un terreno colindante a la capilla La Inmaculada para construir un local destinado especialmente al nivel inicial. El edificio de cuatro pisos, cuya construcción comenzó en 1994 y se completó en 1999, cuenta con un auditorio, salas, camerinos, cafetería y espacios compartidos con la capilla.</p>



<p>Actualmente, El Buen Pastor continúa siendo un colegio que educa a varones y mujeres en valores cristianos, ofreciendo una propuesta educativa humanista y tecnológica. El colegio también posee un zoológico utilizado con fines educativos en protección y conservación de animales silvestres que funciona desde mediados de la década de 1990. Su historia es testimonio del esfuerzo de la comunidad de Lima Norte, que desde sus inicios ha trabajado arduamente para mejorar las oportunidades educativas en su entorno, consolidando al colegio como un referente.</p>


<div class="wp-block-image">
<figure class="aligncenter is-resized"><img decoding="async" src="https://lh7-rt.googleusercontent.com/docsz/AD_4nXftFd55G9KoGef72isH5zbt89RUp21MEMswLy-AubME7ErkOmaxyqy2ncpaOM-6zDn87AuFgXY9BWYOW2GDA_8o5_zv1P-0Ek7HIz0dvTvtRdq16T4QSA0IV0RKYwYmJ0-IPgLAJLy-nPpbGhRJD7jaf2s?key=PC5cpKCFUoJtbuMYSKOg8w" alt="" style="width:421px;height:auto"/><figcaption class="wp-element-caption"><a href="https://bpastor.edu.pe/colegio/nosotros/">Escolta promoción 2016. Web del colegio El Buen Pastor.</a></figcaption></figure></div>


<h2 class="wp-block-heading">Fuentes</h2>



<ul class="wp-block-list">
<li>Tácunan, S. (2017). <em>Los Olivos: Historia de un distrito emprendedor de Lima Norte. </em>Fondo Editorial USIL.<br></li>
</ul>



<ul class="wp-block-list">
<li>Torrejón, L. (2021). <em>Secreto compartido: historia del Colegio El Buen Pastor.</em> Gráfica Carrillo.</li>
</ul>

<p>Los orígenes del Colegio El Buen Pastor están estrechamente vinculados con el desarrollo de la Urbanización Residencial Sol de Oro, en el actual distrito de Los Olivos. Este proyecto urbanístico inició hacia 1962, y sus propietarios destinaron parte de los terrenos para la creación de un colegio. Ante la necesidad de apoyo en la administración[&#8230;]</p>
