{"id":1230,"date":"2024-12-12T11:24:17","date_gmt":"2024-12-12T16:24:17","guid":{"rendered":"http:\/\/test.boomerang.pe\/museo\/?post_type=historias&#038;p=1230"},"modified":"2024-12-12T11:35:53","modified_gmt":"2024-12-12T16:35:53","slug":"institucion-educativa-emblematica-francisco-antonio-de-zela","status":"publish","type":"historias","link":"http:\/\/test.boomerang.pe\/museo\/historias\/institucion-educativa-emblematica-francisco-antonio-de-zela\/","title":{"rendered":"Instituci\u00f3n Educativa Emblem\u00e1tica Francisco Antonio de Zela"},"content":{"rendered":"\n<p>Este colegio tiene sus or\u00edgenes en la Resoluci\u00f3n Suprema N\u00b0 1768, expedida por el presidente Augusto Legu\u00eda el 20 de julio de 1929, cuando se fund\u00f3 en Tacna el Centro Educativo Femenino. Las actividades comenzaron el 16 de septiembre en el local del antiguo Liceo de Ni\u00f1as, ubicado en la Calle 2 de Mayo, con una matr\u00edcula de 79 alumnas. Inicialmente, solo se ofrec\u00edan los niveles de primero, segundo y tercero de media. La primera directora fue Mar\u00eda Rosario Arau Pinto, quien estuvo al frente del colegio hasta 1932, supervisando el crecimiento de la instituci\u00f3n y la formaci\u00f3n de su identidad.<\/p>\n\n\n\n<p>El uniforme de las alumnas consist\u00eda en una falda de pa\u00f1o azul tableada y una blusa clara de manga larga, con las iniciales del colegio bordadas en un rombo sobre el pecho. En 1932, la instituci\u00f3n adopt\u00f3 oficialmente el nombre de Francisco Antonio de Zela, en honor al patriota que proclam\u00f3 la Independencia en Tacna el 20 de junio de 1811. Con este cambio, se a\u00f1adieron los grados de cuarto y quinto de media, y se cre\u00f3 la Escuela Normal Elemental, que funcion\u00f3 anexa al plantel entre 1934 y 1940. Posteriormente, en 1950, se incorpor\u00f3 tambi\u00e9n el Instituto de Comercio N\u00b0 19, lo que permiti\u00f3 que la oferta educativa se ampliara y atendiera las necesidades de una mayor poblaci\u00f3n estudiantil.<\/p>\n\n\n<div class=\"wp-block-image\">\n<figure class=\"aligncenter\"><img decoding=\"async\" src=\"https:\/\/lh7-rt.googleusercontent.com\/docsz\/AD_4nXc2zx4if1-nOTIzHFvUMWK80we4Bn38iPrvMC6fsUBcMd5IkyKg5M-g_24hlW_hvo2ymV4pgqBXIUVI-8XK6QBmbGPaGMPKPPAO1Cnvd0A5GgrLt0j7At1NUouevdDlSfj4UofSmOTv_g_Duj34KN3br8UL?key=fVdAJISU-8fjr6MvURlLTQ\" alt=\"\"\/><figcaption class=\"wp-element-caption\">Estudiantes con la profesora Vilma Sotillo de Bacigalupo. Revista FAZ, a\u00f1o 6, n\u00famero 6, a\u00f1o 1960. Imagen en <em>Notas para una historia de las grandes unidades escolares de Tacna.\u00a0<\/em><\/figcaption><\/figure><\/div>\n\n\n<p>El colegio, que ya hab\u00eda ganado prestigio en la regi\u00f3n, continu\u00f3 su desarrollo cuando el presidente Manuel Odr\u00eda, mediante la Ley N\u00b0 11837 del 14 de mayo de 1952, asegur\u00f3 la construcci\u00f3n de dos grandes unidades escolares, entre ellas la Gran Unidad Escolar Francisco Antonio de Zela. Las obras comenzaron el 12 de agosto de 1953 en la cuadra 16 del barrio Alto Lima y, bajo la direcci\u00f3n de Haydee Z\u00fa\u00f1iga Trelles de Castagnola, la nueva infraestructura fue inaugurada el 30 de agosto de 1954.<\/p>\n\n\n\n<p>La construcci\u00f3n incluy\u00f3 dos pabellones con 16 aulas cada uno, adem\u00e1s de un pabell\u00f3n para talleres de comercio, industria, arte, confecci\u00f3n y reposter\u00eda. Tambi\u00e9n se edificaron una galer\u00eda de enlace, laboratorios de f\u00edsica y qu\u00edmica, un museo, biblioteca, auditorio, patio de honor, canchas deportivas y jardines. Se implementaron, adem\u00e1s, servicios como el departamento de psicopedagog\u00eda, actividades educativas, asistencia social y atenci\u00f3n m\u00e9dica y dental. En 1952 se cre\u00f3 la banda de guerra del colegio, dirigida por Jorge Romero Torres y luego por Fidel Arias Acero. La banda, que se convirti\u00f3 en un s\u00edmbolo de la instituci\u00f3n, fue apoyada por la Asociaci\u00f3n de Padres de Familia y otros donantes, quienes colaboraban con la renovaci\u00f3n constante de los instrumentos musicales.<br><\/p>\n\n\n<div class=\"wp-block-image\">\n<figure class=\"aligncenter is-resized\"><img decoding=\"async\" src=\"https:\/\/lh7-rt.googleusercontent.com\/docsz\/AD_4nXfNwj6lO54Pq2aJj1F5qPPk1nfdN8VrYDyM4rdCp_0mjmvoEOS5TVTS8RkCwCs9CPmm8DlwwURTKWSoIlSQb3lEF2vWig7RXEdLq4fnxMyDESUxgxklNFoaZuoWQIT2g2gMJnXzHU3pu1uDvG5l5K9lwuK1?key=fVdAJISU-8fjr6MvURlLTQ\" alt=\"\" style=\"width:514px;height:auto\"\/><figcaption class=\"wp-element-caption\">Estudiantes de segundo de secundaria, promoci\u00f3n 1964. Fototeca ART. Imagen en <em>Notas para una historia de las grandes unidades escolares de Tacna.<\/em><\/figcaption><\/figure><\/div>\n\n\n<p>En 1955, la instituci\u00f3n adopt\u00f3 oficialmente el nombre de Gran Unidad Escolar Francisco Antonio de Zela, que inclu\u00eda al Colegio Nacional de Mujeres Francisco Antonio de Zela, el Instituto Industrial de Mujeres N\u00b0 18, con secciones de secundaria t\u00e9cnica diurna y vespertina, y el Instituto Comercial de Mujeres N\u00b0 19. Este crecimiento institucional se reflej\u00f3 tambi\u00e9n en la oferta educativa, pues en la d\u00e9cada de 1960 las alumnas participaban en diversas actividades extracurriculares, que inclu\u00edan clubes de lectura, ortograf\u00eda, declamaci\u00f3n, deportes, Cruz Roja, m\u00fasica, periodismo, danza, artes pl\u00e1sticas, reposter\u00eda, teatro, coro y poes\u00eda, entre otras. Durante este periodo, se form\u00f3 la Asociaci\u00f3n de Exalumnas, y la producci\u00f3n period\u00edstica escolar cobr\u00f3 relevancia con las revistas Faz y Mensaje, distribuidas durante las ceremonias de clausura del a\u00f1o escolar, donde las alumnas escrib\u00edan sobre temas intelectuales, art\u00edsticos y culturales, adem\u00e1s de incluir fotograf\u00edas del alumnado.<\/p>\n\n\n<div class=\"wp-block-image\">\n<figure class=\"aligncenter is-resized\"><img decoding=\"async\" src=\"https:\/\/lh7-rt.googleusercontent.com\/docsz\/AD_4nXdDZVQwLBkCPUr5Q6sJea2JNeiQW20xflMYBrf2kmU49mc4E4NhxTyQXqbTyeQhKwH6asS-AwBIhhtgqJMFFPknF49BAYu50RPvkOqh3_8F8KV-meFVQ9nzWagik_cWa0OsSuKvpV7tsR8JObaRmXCVPcE?key=fVdAJISU-8fjr6MvURlLTQ\" alt=\"\" style=\"width:396px;height:auto\"\/><figcaption class=\"wp-element-caption\">Reina Bolognesiana 1962 Vilma Paredes. Revista FAZ, a\u00f1o 6, n\u00famero 6, a\u00f1o 1962. Imagen en <em>Notas para una historia de las grandes unidades escolares de Tacna.<\/em><\/figcaption><\/figure><\/div>\n\n\n<p>La reforma educativa de 1972, bajo la Ley N\u00b0 19326, marc\u00f3 un proceso de cambios que incluy\u00f3 la implementaci\u00f3n de la coeducaci\u00f3n en 1977. Durante la gesti\u00f3n de Vilma C\u00e9spedes, la Gran Unidad Escolar Francisco Antonio de Zela se convirti\u00f3 en el centro base del N\u00facleo Educativo Comunal N\u00b0 2 Alto de Lima, como parte de la implementaci\u00f3n de la Ley General de Educaci\u00f3n N\u00b0 1936 promovida por el gobierno de Juan Velasco Alvarado. Durante la d\u00e9cada de 1980, los clubes de declamaci\u00f3n, periodismo, danza y m\u00fasica cobraron mayor fuerza, y en 1982 se inaugur\u00f3 la banda de guerra complementada por los alumnos de secundaria. En 1983, el colegio retom\u00f3 el nombre de Colegio Nacional Francisco Antonio de Zela, y en 1988 se instituy\u00f3 el D\u00eda de la Exalumna, con el objetivo de fomentar el reencuentro de las promociones egresadas y fortalecer el v\u00ednculo con la instituci\u00f3n.<\/p>\n\n\n<div class=\"wp-block-image\">\n<figure class=\"aligncenter is-resized\"><img decoding=\"async\" src=\"https:\/\/lh7-rt.googleusercontent.com\/docsz\/AD_4nXcKjEdwK3SoEvr4qPzuG6L3A0BRMacSaOO8tujmWMd_yjjiACV5U4_I-4moTG4yNc8Yiarb8rtIKNJ9a_gOdgN8yiGQMduBImDXerQiyGmu_zRn0C83Xsr-0M993KxmKuJhdRAnP9-PqVKiFthZGdgNy1U?key=fVdAJISU-8fjr6MvURlLTQ\" alt=\"\" style=\"width:481px;height:auto\"\/><figcaption class=\"wp-element-caption\">Escolta FAZ. Revista FAZ, a\u00f1o 1993. Imagen en <em>Notas para una historia de las grandes unidades escolares de Tacna.<\/em><\/figcaption><\/figure><\/div>\n\n<div class=\"wp-block-image\">\n<figure class=\"aligncenter is-resized\"><img decoding=\"async\" src=\"https:\/\/lh7-rt.googleusercontent.com\/docsz\/AD_4nXfKMeiMFDlpIc_2u5bO_6Wq1iYotx640kbppmw2MpPqkVT0De9U_5qvf0nSt9TeraVrHKU9oVkB05LXeoezCeqaWBA71mkihdH6vPl24xKhCrBDqWWyuydthEpXk89ialLUI9L9cJ2Wv4ftzhqr7K_BZYKx?key=fVdAJISU-8fjr6MvURlLTQ\" alt=\"\" style=\"width:448px;height:auto\"\/><figcaption class=\"wp-element-caption\">Estudiante de quinto de secundaria entrega la bandera a una estudiante de cuarto. Revista FAZ, a\u00f1o 1997. Imagen en <em>Notas para una historia de las grandes unidades escolares de Tacna.<\/em><\/figcaption><\/figure><\/div>\n\n\n<p>A fines de la d\u00e9cada de 1990, el colegio adopt\u00f3 un nuevo dise\u00f1o curricular b\u00e1sico y se ofrec\u00edan especialidades t\u00e9cnicas en comercio, enfermer\u00eda, industria del vestir, industria alimentaria, mecanograf\u00eda y manualidades. En 2001, se gestion\u00f3 el mejoramiento de la infraestructura, que ya mostraba signos de deterioro. Gracias al apoyo del gobierno regional, se construyeron nuevas aulas para el nivel primario y se cre\u00f3 el nivel inicial. En 2009, en el marco del Programa Nacional de Recuperaci\u00f3n de las Instituciones Educativas P\u00fablicas Emblem\u00e1ticas y Centenarias, impulsado durante el gobierno de Alan Garc\u00eda, el colegio fue designado como Instituci\u00f3n Educativa Emblem\u00e1tica Francisco Antonio de Zela mediante la Resoluci\u00f3n Ministerial N\u00b0 0318-2010-ED.<\/p>\n\n\n\n<p>Hacia 2012, la infraestructura del colegio fue declarada de alto riesgo, lo que motiv\u00f3 el traslado de las alumnas a otras instituciones mientras se constru\u00eda un nuevo local. Las obras comenzaron el 4 de julio de 2014, fueron pausadas y reiniciadas el 18 de mayo de 2016. Finalmente, el 15 de febrero de 2018, la nueva infraestructura fue inaugurada por el presidente Pedro Pablo Kuczynski y el ministro de Educaci\u00f3n. El moderno edificio cuenta con 60 aulas para inicial, primaria y secundaria, tres laboratorios, cuatro talleres t\u00e9cnicos, una piscina semiol\u00edmpica y un coliseo polideportivo con capacidad para 1200 personas. Actualmente, la instituci\u00f3n alberga a m\u00e1s de 2300 alumnas y cuenta con 110 profesores en los tres niveles de educaci\u00f3n. Durante la pandemia de COVID-19, el colegio se adapt\u00f3 a la virtualidad, demostrando su capacidad de resiliencia ante los desaf\u00edos contempor\u00e1neos.<\/p>\n\n\n\n<p>El colegio ha sido testigo y part\u00edcipe de importantes momentos hist\u00f3ricos, desde su creaci\u00f3n como centro educativo femenino en una \u00e9poca de grandes desaf\u00edos sociales hasta su consolidaci\u00f3n como Instituci\u00f3n Educativa Emblem\u00e1tica. Al d\u00eda de hoy, y en homenaje a Francisco Antonio de Zela, se contin\u00faa inculcando valores de patriotismo y compromiso c\u00edvico en la juventud tacne\u00f1a.<\/p>\n\n\n<div class=\"wp-block-image\">\n<figure class=\"aligncenter is-resized\"><img decoding=\"async\" src=\"https:\/\/lh7-rt.googleusercontent.com\/docsz\/AD_4nXfHEz4gOTEziGpVHYD8a5ksg0xusZ0Vm65F7hI3iZzKdo7pkoALeWifo8q92V06zi9mco7L3kdyjmh1P1119SUUHhdKTAgaydYnq9FX5amuOu5eBaB_L83B1kdttR4rEQn3DeA3_skRnhZ1KH5rtwZvJj6r?key=fVdAJISU-8fjr6MvURlLTQ\" alt=\"\" style=\"width:426px;height:auto\"\/><figcaption class=\"wp-element-caption\">Equipo de basket de la Gran Unidad Escolar en el primer campeonato de Chiclayo. Revista FAZ, a\u00f1o 6, n\u00famero 6, a\u00f1o 1962.<\/figcaption><\/figure><\/div>\n\n\n<h2 class=\"wp-block-heading\">Sitio web<\/h2>\n\n\n\n<figure class=\"wp-block-embed is-type-wp-embed is-provider-iee-faz wp-block-embed-iee-faz\"><div class=\"wp-block-embed__wrapper\">\n<blockquote class=\"wp-embedded-content\" data-secret=\"LuKm4D7Fn4\"><a href=\"https:\/\/ieefaz.edu.pe\/\">home 3 inicio<\/a><\/blockquote><iframe loading=\"lazy\" class=\"wp-embedded-content\" sandbox=\"allow-scripts\" security=\"restricted\" style=\"position: absolute; visibility: hidden;\" title=\"\u00abhome 3 inicio\u00bb \u2014 IEE FAZ\" src=\"https:\/\/ieefaz.edu.pe\/embed\/#?secret=IKPr0i6Djk#?secret=LuKm4D7Fn4\" data-secret=\"LuKm4D7Fn4\" width=\"600\" height=\"338\" frameborder=\"0\" marginwidth=\"0\" marginheight=\"0\" scrolling=\"no\"><\/iframe>\n<\/div><\/figure>\n\n\n\n<h2 class=\"wp-block-heading\">Fuentes<\/h2>\n\n\n\n<ul class=\"wp-block-list\">\n<li>Lanchipa, N. (2016). <em>Notas para una historia de las grandes unidades escolares de Tacna. <\/em>Gigantographic.<\/li>\n<\/ul>\n","protected":false},"excerpt":{"rendered":"<p>Este colegio tiene sus or\u00edgenes en la Resoluci\u00f3n Suprema N\u00b0 1768, expedida por el presidente Augusto Legu\u00eda el 20 de julio de 1929, cuando se fund\u00f3 en Tacna el Centro Educativo Femenino. Las actividades comenzaron el 16 de septiembre en el local del antiguo Liceo de Ni\u00f1as, ubicado en la Calle 2 de Mayo, con[&#8230;]<\/p>\n","protected":false},"featured_media":1266,"template":"","class_list":["post-1230","historias","type-historias","status-publish","has-post-thumbnail","hentry"],"_links":{"self":[{"href":"http:\/\/test.boomerang.pe\/museo\/wp-json\/wp\/v2\/historias\/1230","targetHints":{"allow":["GET"]}}],"collection":[{"href":"http:\/\/test.boomerang.pe\/museo\/wp-json\/wp\/v2\/historias"}],"about":[{"href":"http:\/\/test.boomerang.pe\/museo\/wp-json\/wp\/v2\/types\/historias"}],"wp:featuredmedia":[{"embeddable":true,"href":"http:\/\/test.boomerang.pe\/museo\/wp-json\/wp\/v2\/media\/1266"}],"wp:attachment":[{"href":"http:\/\/test.boomerang.pe\/museo\/wp-json\/wp\/v2\/media?parent=1230"}],"curies":[{"name":"wp","href":"https:\/\/api.w.org\/{rel}","templated":true}]}}

Institución Educativa Emblemática Francisco Antonio de Zela

<p>Este colegio tiene sus orígenes en la Resolución Suprema N° 1768, expedida por el presidente Augusto Leguía el 20 de julio de 1929, cuando se fundó en Tacna el Centro Educativo Femenino. Las actividades comenzaron el 16 de septiembre en el local del antiguo Liceo de Niñas, ubicado en la Calle 2 de Mayo, con una matrícula de 79 alumnas. Inicialmente, solo se ofrecían los niveles de primero, segundo y tercero de media. La primera directora fue María Rosario Arau Pinto, quien estuvo al frente del colegio hasta 1932, supervisando el crecimiento de la institución y la formación de su identidad.</p>



<p>El uniforme de las alumnas consistía en una falda de paño azul tableada y una blusa clara de manga larga, con las iniciales del colegio bordadas en un rombo sobre el pecho. En 1932, la institución adoptó oficialmente el nombre de Francisco Antonio de Zela, en honor al patriota que proclamó la Independencia en Tacna el 20 de junio de 1811. Con este cambio, se añadieron los grados de cuarto y quinto de media, y se creó la Escuela Normal Elemental, que funcionó anexa al plantel entre 1934 y 1940. Posteriormente, en 1950, se incorporó también el Instituto de Comercio N° 19, lo que permitió que la oferta educativa se ampliara y atendiera las necesidades de una mayor población estudiantil.</p>


<div class="wp-block-image">
<figure class="aligncenter"><img decoding="async" src="https://lh7-rt.googleusercontent.com/docsz/AD_4nXc2zx4if1-nOTIzHFvUMWK80we4Bn38iPrvMC6fsUBcMd5IkyKg5M-g_24hlW_hvo2ymV4pgqBXIUVI-8XK6QBmbGPaGMPKPPAO1Cnvd0A5GgrLt0j7At1NUouevdDlSfj4UofSmOTv_g_Duj34KN3br8UL?key=fVdAJISU-8fjr6MvURlLTQ" alt=""/><figcaption class="wp-element-caption">Estudiantes con la profesora Vilma Sotillo de Bacigalupo. Revista FAZ, año 6, número 6, año 1960. Imagen en <em>Notas para una historia de las grandes unidades escolares de Tacna. </em></figcaption></figure></div>


<p>El colegio, que ya había ganado prestigio en la región, continuó su desarrollo cuando el presidente Manuel Odría, mediante la Ley N° 11837 del 14 de mayo de 1952, aseguró la construcción de dos grandes unidades escolares, entre ellas la Gran Unidad Escolar Francisco Antonio de Zela. Las obras comenzaron el 12 de agosto de 1953 en la cuadra 16 del barrio Alto Lima y, bajo la dirección de Haydee Zúñiga Trelles de Castagnola, la nueva infraestructura fue inaugurada el 30 de agosto de 1954.</p>



<p>La construcción incluyó dos pabellones con 16 aulas cada uno, además de un pabellón para talleres de comercio, industria, arte, confección y repostería. También se edificaron una galería de enlace, laboratorios de física y química, un museo, biblioteca, auditorio, patio de honor, canchas deportivas y jardines. Se implementaron, además, servicios como el departamento de psicopedagogía, actividades educativas, asistencia social y atención médica y dental. En 1952 se creó la banda de guerra del colegio, dirigida por Jorge Romero Torres y luego por Fidel Arias Acero. La banda, que se convirtió en un símbolo de la institución, fue apoyada por la Asociación de Padres de Familia y otros donantes, quienes colaboraban con la renovación constante de los instrumentos musicales.<br></p>


<div class="wp-block-image">
<figure class="aligncenter is-resized"><img decoding="async" src="https://lh7-rt.googleusercontent.com/docsz/AD_4nXfNwj6lO54Pq2aJj1F5qPPk1nfdN8VrYDyM4rdCp_0mjmvoEOS5TVTS8RkCwCs9CPmm8DlwwURTKWSoIlSQb3lEF2vWig7RXEdLq4fnxMyDESUxgxklNFoaZuoWQIT2g2gMJnXzHU3pu1uDvG5l5K9lwuK1?key=fVdAJISU-8fjr6MvURlLTQ" alt="" style="width:514px;height:auto"/><figcaption class="wp-element-caption">Estudiantes de segundo de secundaria, promoción 1964. Fototeca ART. Imagen en <em>Notas para una historia de las grandes unidades escolares de Tacna.</em></figcaption></figure></div>


<p>En 1955, la institución adoptó oficialmente el nombre de Gran Unidad Escolar Francisco Antonio de Zela, que incluía al Colegio Nacional de Mujeres Francisco Antonio de Zela, el Instituto Industrial de Mujeres N° 18, con secciones de secundaria técnica diurna y vespertina, y el Instituto Comercial de Mujeres N° 19. Este crecimiento institucional se reflejó también en la oferta educativa, pues en la década de 1960 las alumnas participaban en diversas actividades extracurriculares, que incluían clubes de lectura, ortografía, declamación, deportes, Cruz Roja, música, periodismo, danza, artes plásticas, repostería, teatro, coro y poesía, entre otras. Durante este periodo, se formó la Asociación de Exalumnas, y la producción periodística escolar cobró relevancia con las revistas Faz y Mensaje, distribuidas durante las ceremonias de clausura del año escolar, donde las alumnas escribían sobre temas intelectuales, artísticos y culturales, además de incluir fotografías del alumnado.</p>


<div class="wp-block-image">
<figure class="aligncenter is-resized"><img decoding="async" src="https://lh7-rt.googleusercontent.com/docsz/AD_4nXdDZVQwLBkCPUr5Q6sJea2JNeiQW20xflMYBrf2kmU49mc4E4NhxTyQXqbTyeQhKwH6asS-AwBIhhtgqJMFFPknF49BAYu50RPvkOqh3_8F8KV-meFVQ9nzWagik_cWa0OsSuKvpV7tsR8JObaRmXCVPcE?key=fVdAJISU-8fjr6MvURlLTQ" alt="" style="width:396px;height:auto"/><figcaption class="wp-element-caption">Reina Bolognesiana 1962 Vilma Paredes. Revista FAZ, año 6, número 6, año 1962. Imagen en <em>Notas para una historia de las grandes unidades escolares de Tacna.</em></figcaption></figure></div>


<p>La reforma educativa de 1972, bajo la Ley N° 19326, marcó un proceso de cambios que incluyó la implementación de la coeducación en 1977. Durante la gestión de Vilma Céspedes, la Gran Unidad Escolar Francisco Antonio de Zela se convirtió en el centro base del Núcleo Educativo Comunal N° 2 Alto de Lima, como parte de la implementación de la Ley General de Educación N° 1936 promovida por el gobierno de Juan Velasco Alvarado. Durante la década de 1980, los clubes de declamación, periodismo, danza y música cobraron mayor fuerza, y en 1982 se inauguró la banda de guerra complementada por los alumnos de secundaria. En 1983, el colegio retomó el nombre de Colegio Nacional Francisco Antonio de Zela, y en 1988 se instituyó el Día de la Exalumna, con el objetivo de fomentar el reencuentro de las promociones egresadas y fortalecer el vínculo con la institución.</p>


<div class="wp-block-image">
<figure class="aligncenter is-resized"><img decoding="async" src="https://lh7-rt.googleusercontent.com/docsz/AD_4nXcKjEdwK3SoEvr4qPzuG6L3A0BRMacSaOO8tujmWMd_yjjiACV5U4_I-4moTG4yNc8Yiarb8rtIKNJ9a_gOdgN8yiGQMduBImDXerQiyGmu_zRn0C83Xsr-0M993KxmKuJhdRAnP9-PqVKiFthZGdgNy1U?key=fVdAJISU-8fjr6MvURlLTQ" alt="" style="width:481px;height:auto"/><figcaption class="wp-element-caption">Escolta FAZ. Revista FAZ, año 1993. Imagen en <em>Notas para una historia de las grandes unidades escolares de Tacna.</em></figcaption></figure></div>

<div class="wp-block-image">
<figure class="aligncenter is-resized"><img decoding="async" src="https://lh7-rt.googleusercontent.com/docsz/AD_4nXfKMeiMFDlpIc_2u5bO_6Wq1iYotx640kbppmw2MpPqkVT0De9U_5qvf0nSt9TeraVrHKU9oVkB05LXeoezCeqaWBA71mkihdH6vPl24xKhCrBDqWWyuydthEpXk89ialLUI9L9cJ2Wv4ftzhqr7K_BZYKx?key=fVdAJISU-8fjr6MvURlLTQ" alt="" style="width:448px;height:auto"/><figcaption class="wp-element-caption">Estudiante de quinto de secundaria entrega la bandera a una estudiante de cuarto. Revista FAZ, año 1997. Imagen en <em>Notas para una historia de las grandes unidades escolares de Tacna.</em></figcaption></figure></div>


<p>A fines de la década de 1990, el colegio adoptó un nuevo diseño curricular básico y se ofrecían especialidades técnicas en comercio, enfermería, industria del vestir, industria alimentaria, mecanografía y manualidades. En 2001, se gestionó el mejoramiento de la infraestructura, que ya mostraba signos de deterioro. Gracias al apoyo del gobierno regional, se construyeron nuevas aulas para el nivel primario y se creó el nivel inicial. En 2009, en el marco del Programa Nacional de Recuperación de las Instituciones Educativas Públicas Emblemáticas y Centenarias, impulsado durante el gobierno de Alan García, el colegio fue designado como Institución Educativa Emblemática Francisco Antonio de Zela mediante la Resolución Ministerial N° 0318-2010-ED.</p>



<p>Hacia 2012, la infraestructura del colegio fue declarada de alto riesgo, lo que motivó el traslado de las alumnas a otras instituciones mientras se construía un nuevo local. Las obras comenzaron el 4 de julio de 2014, fueron pausadas y reiniciadas el 18 de mayo de 2016. Finalmente, el 15 de febrero de 2018, la nueva infraestructura fue inaugurada por el presidente Pedro Pablo Kuczynski y el ministro de Educación. El moderno edificio cuenta con 60 aulas para inicial, primaria y secundaria, tres laboratorios, cuatro talleres técnicos, una piscina semiolímpica y un coliseo polideportivo con capacidad para 1200 personas. Actualmente, la institución alberga a más de 2300 alumnas y cuenta con 110 profesores en los tres niveles de educación. Durante la pandemia de COVID-19, el colegio se adaptó a la virtualidad, demostrando su capacidad de resiliencia ante los desafíos contemporáneos.</p>



<p>El colegio ha sido testigo y partícipe de importantes momentos históricos, desde su creación como centro educativo femenino en una época de grandes desafíos sociales hasta su consolidación como Institución Educativa Emblemática. Al día de hoy, y en homenaje a Francisco Antonio de Zela, se continúa inculcando valores de patriotismo y compromiso cívico en la juventud tacneña.</p>


<div class="wp-block-image">
<figure class="aligncenter is-resized"><img decoding="async" src="https://lh7-rt.googleusercontent.com/docsz/AD_4nXfHEz4gOTEziGpVHYD8a5ksg0xusZ0Vm65F7hI3iZzKdo7pkoALeWifo8q92V06zi9mco7L3kdyjmh1P1119SUUHhdKTAgaydYnq9FX5amuOu5eBaB_L83B1kdttR4rEQn3DeA3_skRnhZ1KH5rtwZvJj6r?key=fVdAJISU-8fjr6MvURlLTQ" alt="" style="width:426px;height:auto"/><figcaption class="wp-element-caption">Equipo de basket de la Gran Unidad Escolar en el primer campeonato de Chiclayo. Revista FAZ, año 6, número 6, año 1962.</figcaption></figure></div>


<h2 class="wp-block-heading">Sitio web</h2>



<figure class="wp-block-embed is-type-wp-embed is-provider-iee-faz wp-block-embed-iee-faz"><div class="wp-block-embed__wrapper">
<blockquote class="wp-embedded-content" data-secret="LuKm4D7Fn4"><a href="https://ieefaz.edu.pe/">home 3 inicio</a></blockquote><iframe loading="lazy" class="wp-embedded-content" sandbox="allow-scripts" security="restricted" style="position: absolute; visibility: hidden;" title="«home 3 inicio» — IEE FAZ" src="https://ieefaz.edu.pe/embed/#?secret=IKPr0i6Djk#?secret=LuKm4D7Fn4" data-secret="LuKm4D7Fn4" width="600" height="338" frameborder="0" marginwidth="0" marginheight="0" scrolling="no"></iframe>
</div></figure>



<h2 class="wp-block-heading">Fuentes</h2>



<ul class="wp-block-list">
<li>Lanchipa, N. (2016). <em>Notas para una historia de las grandes unidades escolares de Tacna. </em>Gigantographic.</li>
</ul>

<p>Este colegio tiene sus orígenes en la Resolución Suprema N° 1768, expedida por el presidente Augusto Leguía el 20 de julio de 1929, cuando se fundó en Tacna el Centro Educativo Femenino. Las actividades comenzaron el 16 de septiembre en el local del antiguo Liceo de Niñas, ubicado en la Calle 2 de Mayo, con[&#8230;]</p>
