{"id":1239,"date":"2024-12-12T11:26:00","date_gmt":"2024-12-12T16:26:00","guid":{"rendered":"http:\/\/test.boomerang.pe\/museo\/?post_type=historias&#038;p=1239"},"modified":"2024-12-12T11:30:44","modified_gmt":"2024-12-12T16:30:44","slug":"colegio-institucion-educativa-emblematica-simon-bolivar","status":"publish","type":"historias","link":"http:\/\/test.boomerang.pe\/museo\/historias\/colegio-institucion-educativa-emblematica-simon-bolivar\/","title":{"rendered":"Colegio Instituci\u00f3n Educativa Emblem\u00e1tica Sim\u00f3n Bolivar"},"content":{"rendered":"\n<p>Entre el 1 de septiembre de 1708 y el 5 de octubre de 1711, se fund\u00f3 el primer centro de cultura de Moquegua, aunque es esta \u00faltima fecha la que se reconoce oficialmente. El principal benefactor fue Don Jos\u00e9 Hurtado Zapata y Echagoyen, quien en su testamento, fechado el 1 de septiembre de 1708, dispuso que se creara un colegio en un plazo m\u00e1ximo de ocho a\u00f1os. Para tal fin, plane\u00f3 ceder sus haciendas y dinero a la Compa\u00f1\u00eda de Jes\u00fas. La autorizaci\u00f3n real lleg\u00f3 mediante una c\u00e9dula firmada por el rey el 5 de octubre de 1708, permitiendo la fundaci\u00f3n del colegio en la hacienda de Hurtado, bajo la jurisdicci\u00f3n del Obispado de Arequipa. Una de las condiciones establecidas era que los religiosos deb\u00edan ser misioneros. El colegio fue llamado San Jos\u00e9 y sigui\u00f3 el Ratio Studiorum, sistema que los jesuitas aplicaban en sus instituciones desde 1599. Atra\u00eda estudiantes incluso desde regiones como Charcas, Arica y Arequipa. En cuanto a las materias impartidas, inclu\u00edan gram\u00e1tica castellana, la Trinidad, humanidades, artes, ret\u00f3rica y filosof\u00eda. Se fomentaban la piedad, la caridad, el ayuno, la penitencia y los sacramentos.<\/p>\n\n\n\n<p>Tras la expulsi\u00f3n de los jesuitas a principios de abril de 1767, el colegio continu\u00f3 bajo la direcci\u00f3n de los franciscanos observantes desde 1771 hasta diciembre de 1783. Ese mismo a\u00f1o, una c\u00e9dula real orden\u00f3 que el colegio fuera dirigido por los misioneros de Propaganda Fide, lo cual se implement\u00f3 en 1787 hasta 1795. Bajo su direcci\u00f3n, se reconstruy\u00f3 el local y la iglesia contigua. El colegio, rebautizado como Nuestra Se\u00f1ora del Mayor Dolor de los Misioneros Apost\u00f3licos de San Francisco, funcionaba como un plantel de segunda ense\u00f1anza y seminario eclesi\u00e1stico hasta su cierre en 1824 por Sim\u00f3n Bol\u00edvar.<\/p>\n\n\n<div class=\"wp-block-image\">\n<figure class=\"aligncenter is-resized\"><img decoding=\"async\" src=\"https:\/\/lh7-rt.googleusercontent.com\/docsz\/AD_4nXew6-eiHhag5DFZ-lteQ4Jsw-SrIQN5RpRUSYoli0kL9TUIymhBFsauYAoon-xfQHkj9QKeKYfLRhvlViqdqHHjNR-ubwKwPyf9OHcAxYuGhdiW4KCNPOHAlyHpsBEZEXvD6PFoB75E2hCLWSWDg7Pfeb76?key=wxvMpQmflGEgOhXjnD-bSw\" alt=\"\" style=\"width:513px;height:auto\"\/><figcaption class=\"wp-element-caption\"><a href=\"https:\/\/www.facebook.com\/photo?fbid=611967192151654&amp;set=a.611967025485004\">Mural iniciado por la promoci\u00f3n 2011. A\u00f1o 2013.\u00a0<\/a><\/figcaption><\/figure><\/div>\n\n\n<p>Con el inicio de la Rep\u00fablica, el prefecto de Arequipa, Antonio Guti\u00e9rrez de la Fuente, gestion\u00f3 la creaci\u00f3n del Colegio San Sim\u00f3n el 8 de septiembre de 1825, sobre el antiguo local de Propaganda Fide. Las materias impartidas inclu\u00edan ret\u00f3rica, pol\u00edtica y derecho natural, y fue el cuarto colegio bolivariano del Per\u00fa. En 1828, el Congreso cambi\u00f3 el nombre del colegio a La Libertad. Durante su evoluci\u00f3n, el colegio admiti\u00f3 estudiantes mujeres, alcanzando 138 matriculadas en 1953. No obstante, en 1956 se cre\u00f3 el Colegio Nacional Santa Fortunata para mujeres.<\/p>\n\n\n<div class=\"wp-block-image\">\n<figure class=\"aligncenter is-resized\"><img decoding=\"async\" src=\"https:\/\/lh7-rt.googleusercontent.com\/docsz\/AD_4nXdK2UUz2AXaFq0dVrkgMY0uFm4Cj3yrwFHiecMLZlwELLHjtvrYl1h8aMzPMFywkc51RGtAArNzseUr_A7YQopDYIXR91szZYKfpDx00hV_TOO4dXobxfkf0cG8WokOReSL1j78DkXEehQx-IcAsxJiaUEs?key=wxvMpQmflGEgOhXjnD-bSw\" alt=\"\" style=\"width:415px;height:auto\"\/><figcaption class=\"wp-element-caption\"><a href=\"https:\/\/www.facebook.com\/photo\/?fbid=603411788493866&amp;set=a.557303429771369\">Fachada antigua del colegio. Sin fecha.\u00a0<\/a><\/figcaption><\/figure><\/div>\n\n\n<p>En 1955, tras la visita del ministro de Educaci\u00f3n Carlos Gonz\u00e1lez Iglesias, se prometi\u00f3 la construcci\u00f3n de un nuevo espacio para el Colegio Nacional La Libertad. En 1958, la comunidad educativa se traslad\u00f3 a un moderno local en San Sebasti\u00e1n de Esquilache. El viejo local fue designado para el colegio femenino Santa Fortunata. Adem\u00e1s, el colegio don\u00f3 su hist\u00f3rica biblioteca para la reconstrucci\u00f3n de la Biblioteca Nacional tras el incendio del 10 de mayo de 1943. El 24 de febrero de 1961, el colegio pas\u00f3 a denominarse Gran Unidad Escolar Sim\u00f3n Bol\u00edvar. Esta instituci\u00f3n incorpor\u00f3 una escuela primaria, un instituto agropecuario y una secci\u00f3n vespertina de educaci\u00f3n secundaria. En 1961, la matr\u00edcula ascend\u00eda a 481 alumnos. En 2009, fue designada como Instituci\u00f3n Educativa Emblem\u00e1tica Sim\u00f3n Bol\u00edvar y, en 2011, se inaugur\u00f3 su moderno local, que hoy alberga m\u00e1s de 1630 estudiantes, varones y mujeres.<br><\/p>\n\n\n<div class=\"wp-block-image\">\n<figure class=\"aligncenter is-resized\"><img decoding=\"async\" src=\"https:\/\/lh7-rt.googleusercontent.com\/docsz\/AD_4nXfRKNuQ0fA-1foucOTlseYlf9wXahXrf4qM6O6GfoKqRlS37ZyBXqyMcsXYJYkgLtcitCdVxnIdM1qJh_ivp__hTDS7tZZ9bZ9_668b5vsyjNAWcU-2E7I_skc6AWeL8b43ey430fKdMn0QN_dFW3Mm1K9Z?key=wxvMpQmflGEgOhXjnD-bSw\" alt=\"\" style=\"width:410px;height:auto\"\/><figcaption class=\"wp-element-caption\"><a href=\"https:\/\/www.facebook.com\/photo\/?fbid=1942356089112479&amp;set=a.557303429771369\">Promoci\u00f3n de 1982.\u00a0<\/a><\/figcaption><\/figure><\/div>\n\n<div class=\"wp-block-image\">\n<figure class=\"aligncenter is-resized\"><img decoding=\"async\" src=\"https:\/\/lh7-rt.googleusercontent.com\/docsz\/AD_4nXdVGEquzjhFk_orzYLl0pC_XZ_D8-4usBrS_ulma14YaFiWLeWz3bw0gB4xGdPXc3HZGySOfWw1FizqEasORTsnm0FFXA9FdUFl4XDukGnHHB4AUVhPPGPmBhlArD_7tV0To6_q5mX5yrYSnkSZ-SkzON6I?key=wxvMpQmflGEgOhXjnD-bSw\" alt=\"\" style=\"width:485px;height:auto\"\/><figcaption class=\"wp-element-caption\"><a href=\"https:\/\/www.facebook.com\/photo?fbid=663625036985869&amp;set=a.610378858977154&amp;locale=id_ID\">Fachada actual del colegio.\u00a0<\/a><\/figcaption><\/figure><\/div>\n\n<div class=\"wp-block-image\">\n<figure class=\"aligncenter is-resized\"><img decoding=\"async\" src=\"https:\/\/lh7-rt.googleusercontent.com\/docsz\/AD_4nXcMguldORzq_c73b2J0jUhNsUC3j3iib7limFK0sIxkz_PkW7fO9Wnv5R8P1UqXOJHGFXEP62FyFEc5kdStmXTmF1cdRQFPc8ktkhlu1usGpLbjz4nT3ov74A_hnbD0aQsDBsvhQCPxQvXQ2zdG7oyHqyQA?key=wxvMpQmflGEgOhXjnD-bSw\" alt=\"\" style=\"width:507px;height:auto\"\/><figcaption class=\"wp-element-caption\"><a href=\"https:\/\/www.facebook.com\/photo\/?fbid=1266668683347893&amp;set=a.557303429771369\">Escolta de la promoci\u00f3n 1985.\u00a0<\/a><\/figcaption><\/figure><\/div>\n\n\n<h2 class=\"wp-block-heading\">Fuentes<\/h2>\n\n\n\n<ul class=\"wp-block-list\">\n<li>Club Departamental Moquegua. (1975). <em>Colegio San Sim\u00f3n de Moquegua : sesquicentenario de la fundaci\u00f3n republicana: 1875: 8 set.: 1975<\/em>. DESA.<\/li>\n\n\n\n<li>Varc\u00e1rcel, G. (2023). El Colegio San Jos\u00e9 de La Compa\u00f1\u00eda de Jes\u00fas de Moquegua San Jos\u00e9 College of the Society of Jesus from Moquegua.<em> Revista de Humanidades y Cultura<\/em>, 4(7). <a href=\"https:\/\/www.surandinorevista.pe\/wp-content\/uploads\/2024\/04\/5.-El-Colegio-San-Jose-de-La-Compania.pdf\">https:\/\/www.surandinorevista.pe\/wp-content\/uploads\/2024\/04\/5.-El-Colegio-San-Jose-de-La-Compania.pdf<\/a><\/li>\n<\/ul>\n\n\n\n<p><\/p>\n","protected":false},"excerpt":{"rendered":"<p>Entre el 1 de septiembre de 1708 y el 5 de octubre de 1711, se fund\u00f3 el primer centro de cultura de Moquegua, aunque es esta \u00faltima fecha la que se reconoce oficialmente. El principal benefactor fue Don Jos\u00e9 Hurtado Zapata y Echagoyen, quien en su testamento, fechado el 1 de septiembre de 1708, dispuso[&#8230;]<\/p>\n","protected":false},"featured_media":1276,"template":"","class_list":["post-1239","historias","type-historias","status-publish","has-post-thumbnail","hentry"],"_links":{"self":[{"href":"http:\/\/test.boomerang.pe\/museo\/wp-json\/wp\/v2\/historias\/1239","targetHints":{"allow":["GET"]}}],"collection":[{"href":"http:\/\/test.boomerang.pe\/museo\/wp-json\/wp\/v2\/historias"}],"about":[{"href":"http:\/\/test.boomerang.pe\/museo\/wp-json\/wp\/v2\/types\/historias"}],"wp:featuredmedia":[{"embeddable":true,"href":"http:\/\/test.boomerang.pe\/museo\/wp-json\/wp\/v2\/media\/1276"}],"wp:attachment":[{"href":"http:\/\/test.boomerang.pe\/museo\/wp-json\/wp\/v2\/media?parent=1239"}],"curies":[{"name":"wp","href":"https:\/\/api.w.org\/{rel}","templated":true}]}}

Colegio Institución Educativa Emblemática Simón Bolivar

<p>Entre el 1 de septiembre de 1708 y el 5 de octubre de 1711, se fundó el primer centro de cultura de Moquegua, aunque es esta última fecha la que se reconoce oficialmente. El principal benefactor fue Don José Hurtado Zapata y Echagoyen, quien en su testamento, fechado el 1 de septiembre de 1708, dispuso que se creara un colegio en un plazo máximo de ocho años. Para tal fin, planeó ceder sus haciendas y dinero a la Compañía de Jesús. La autorización real llegó mediante una cédula firmada por el rey el 5 de octubre de 1708, permitiendo la fundación del colegio en la hacienda de Hurtado, bajo la jurisdicción del Obispado de Arequipa. Una de las condiciones establecidas era que los religiosos debían ser misioneros. El colegio fue llamado San José y siguió el Ratio Studiorum, sistema que los jesuitas aplicaban en sus instituciones desde 1599. Atraía estudiantes incluso desde regiones como Charcas, Arica y Arequipa. En cuanto a las materias impartidas, incluían gramática castellana, la Trinidad, humanidades, artes, retórica y filosofía. Se fomentaban la piedad, la caridad, el ayuno, la penitencia y los sacramentos.</p>



<p>Tras la expulsión de los jesuitas a principios de abril de 1767, el colegio continuó bajo la dirección de los franciscanos observantes desde 1771 hasta diciembre de 1783. Ese mismo año, una cédula real ordenó que el colegio fuera dirigido por los misioneros de Propaganda Fide, lo cual se implementó en 1787 hasta 1795. Bajo su dirección, se reconstruyó el local y la iglesia contigua. El colegio, rebautizado como Nuestra Señora del Mayor Dolor de los Misioneros Apostólicos de San Francisco, funcionaba como un plantel de segunda enseñanza y seminario eclesiástico hasta su cierre en 1824 por Simón Bolívar.</p>


<div class="wp-block-image">
<figure class="aligncenter is-resized"><img decoding="async" src="https://lh7-rt.googleusercontent.com/docsz/AD_4nXew6-eiHhag5DFZ-lteQ4Jsw-SrIQN5RpRUSYoli0kL9TUIymhBFsauYAoon-xfQHkj9QKeKYfLRhvlViqdqHHjNR-ubwKwPyf9OHcAxYuGhdiW4KCNPOHAlyHpsBEZEXvD6PFoB75E2hCLWSWDg7Pfeb76?key=wxvMpQmflGEgOhXjnD-bSw" alt="" style="width:513px;height:auto"/><figcaption class="wp-element-caption"><a href="https://www.facebook.com/photo?fbid=611967192151654&amp;set=a.611967025485004">Mural iniciado por la promoción 2011. Año 2013. </a></figcaption></figure></div>


<p>Con el inicio de la República, el prefecto de Arequipa, Antonio Gutiérrez de la Fuente, gestionó la creación del Colegio San Simón el 8 de septiembre de 1825, sobre el antiguo local de Propaganda Fide. Las materias impartidas incluían retórica, política y derecho natural, y fue el cuarto colegio bolivariano del Perú. En 1828, el Congreso cambió el nombre del colegio a La Libertad. Durante su evolución, el colegio admitió estudiantes mujeres, alcanzando 138 matriculadas en 1953. No obstante, en 1956 se creó el Colegio Nacional Santa Fortunata para mujeres.</p>


<div class="wp-block-image">
<figure class="aligncenter is-resized"><img decoding="async" src="https://lh7-rt.googleusercontent.com/docsz/AD_4nXdK2UUz2AXaFq0dVrkgMY0uFm4Cj3yrwFHiecMLZlwELLHjtvrYl1h8aMzPMFywkc51RGtAArNzseUr_A7YQopDYIXR91szZYKfpDx00hV_TOO4dXobxfkf0cG8WokOReSL1j78DkXEehQx-IcAsxJiaUEs?key=wxvMpQmflGEgOhXjnD-bSw" alt="" style="width:415px;height:auto"/><figcaption class="wp-element-caption"><a href="https://www.facebook.com/photo/?fbid=603411788493866&amp;set=a.557303429771369">Fachada antigua del colegio. Sin fecha. </a></figcaption></figure></div>


<p>En 1955, tras la visita del ministro de Educación Carlos González Iglesias, se prometió la construcción de un nuevo espacio para el Colegio Nacional La Libertad. En 1958, la comunidad educativa se trasladó a un moderno local en San Sebastián de Esquilache. El viejo local fue designado para el colegio femenino Santa Fortunata. Además, el colegio donó su histórica biblioteca para la reconstrucción de la Biblioteca Nacional tras el incendio del 10 de mayo de 1943. El 24 de febrero de 1961, el colegio pasó a denominarse Gran Unidad Escolar Simón Bolívar. Esta institución incorporó una escuela primaria, un instituto agropecuario y una sección vespertina de educación secundaria. En 1961, la matrícula ascendía a 481 alumnos. En 2009, fue designada como Institución Educativa Emblemática Simón Bolívar y, en 2011, se inauguró su moderno local, que hoy alberga más de 1630 estudiantes, varones y mujeres.<br></p>


<div class="wp-block-image">
<figure class="aligncenter is-resized"><img decoding="async" src="https://lh7-rt.googleusercontent.com/docsz/AD_4nXfRKNuQ0fA-1foucOTlseYlf9wXahXrf4qM6O6GfoKqRlS37ZyBXqyMcsXYJYkgLtcitCdVxnIdM1qJh_ivp__hTDS7tZZ9bZ9_668b5vsyjNAWcU-2E7I_skc6AWeL8b43ey430fKdMn0QN_dFW3Mm1K9Z?key=wxvMpQmflGEgOhXjnD-bSw" alt="" style="width:410px;height:auto"/><figcaption class="wp-element-caption"><a href="https://www.facebook.com/photo/?fbid=1942356089112479&amp;set=a.557303429771369">Promoción de 1982. </a></figcaption></figure></div>

<div class="wp-block-image">
<figure class="aligncenter is-resized"><img decoding="async" src="https://lh7-rt.googleusercontent.com/docsz/AD_4nXdVGEquzjhFk_orzYLl0pC_XZ_D8-4usBrS_ulma14YaFiWLeWz3bw0gB4xGdPXc3HZGySOfWw1FizqEasORTsnm0FFXA9FdUFl4XDukGnHHB4AUVhPPGPmBhlArD_7tV0To6_q5mX5yrYSnkSZ-SkzON6I?key=wxvMpQmflGEgOhXjnD-bSw" alt="" style="width:485px;height:auto"/><figcaption class="wp-element-caption"><a href="https://www.facebook.com/photo?fbid=663625036985869&amp;set=a.610378858977154&amp;locale=id_ID">Fachada actual del colegio. </a></figcaption></figure></div>

<div class="wp-block-image">
<figure class="aligncenter is-resized"><img decoding="async" src="https://lh7-rt.googleusercontent.com/docsz/AD_4nXcMguldORzq_c73b2J0jUhNsUC3j3iib7limFK0sIxkz_PkW7fO9Wnv5R8P1UqXOJHGFXEP62FyFEc5kdStmXTmF1cdRQFPc8ktkhlu1usGpLbjz4nT3ov74A_hnbD0aQsDBsvhQCPxQvXQ2zdG7oyHqyQA?key=wxvMpQmflGEgOhXjnD-bSw" alt="" style="width:507px;height:auto"/><figcaption class="wp-element-caption"><a href="https://www.facebook.com/photo/?fbid=1266668683347893&amp;set=a.557303429771369">Escolta de la promoción 1985. </a></figcaption></figure></div>


<h2 class="wp-block-heading">Fuentes</h2>



<ul class="wp-block-list">
<li>Club Departamental Moquegua. (1975). <em>Colegio San Simón de Moquegua : sesquicentenario de la fundación republicana: 1875: 8 set.: 1975</em>. DESA.</li>



<li>Varcárcel, G. (2023). El Colegio San José de La Compañía de Jesús de Moquegua San José College of the Society of Jesus from Moquegua.<em> Revista de Humanidades y Cultura</em>, 4(7). <a href="https://www.surandinorevista.pe/wp-content/uploads/2024/04/5.-El-Colegio-San-Jose-de-La-Compania.pdf">https://www.surandinorevista.pe/wp-content/uploads/2024/04/5.-El-Colegio-San-Jose-de-La-Compania.pdf</a></li>
</ul>



<p></p>

<p>Entre el 1 de septiembre de 1708 y el 5 de octubre de 1711, se fundó el primer centro de cultura de Moquegua, aunque es esta última fecha la que se reconoce oficialmente. El principal benefactor fue Don José Hurtado Zapata y Echagoyen, quien en su testamento, fechado el 1 de septiembre de 1708, dispuso[&#8230;]</p>
