{"id":1240,"date":"2024-12-12T11:26:09","date_gmt":"2024-12-12T16:26:09","guid":{"rendered":"http:\/\/test.boomerang.pe\/museo\/?post_type=historias&#038;p=1240"},"modified":"2024-12-12T11:29:39","modified_gmt":"2024-12-12T16:29:39","slug":"colegio-la-victoria-de-ayacucho","status":"publish","type":"historias","link":"http:\/\/test.boomerang.pe\/museo\/historias\/colegio-la-victoria-de-ayacucho\/","title":{"rendered":"Colegio La Victoria de Ayacucho"},"content":{"rendered":"\n<p>Entre 1829 y 1833, durante el primer gobierno de Agust\u00edn Gamarra, se fundaron varios colegios importantes, entre ellos el Colegio San Juan de la Libertad en Chachapoyas, el Central de Cajamarca y, en Huancavelica, el Colegio La Victoria de Ayacucho. Este \u00faltimo fue fundado el 16 de julio de 1831 como Colegio Superior de Ciencias y Artes y comenz\u00f3 a funcionar en el convento suprimido de San Francisco, que fue destinado como local para la ense\u00f1anza. Las c\u00e1tedras iniciales inclu\u00edan gram\u00e1tica castellana y latina, filosof\u00eda, matem\u00e1ticas y mineralog\u00eda, y su primer director fue Manuel Patricio Fern\u00e1ndez. Con el tiempo, en 1848, se implementaron un gabinete de f\u00edsica y un laboratorio de qu\u00edmica, ambos adquiridos durante el primer gobierno de Ram\u00f3n Castilla.<\/p>\n\n\n\n<p>Durante la d\u00e9cada de 1850, se consolidaron las ense\u00f1anzas de filosof\u00eda, matem\u00e1ticas, geograf\u00eda y gram\u00e1tica castellana. Sin embargo, a partir de 1861, se ampli\u00f3 el curr\u00edculum con nuevas c\u00e1tedras como idiomas (lat\u00edn, ingl\u00e9s y franc\u00e9s), historia, mec\u00e1nica, f\u00edsica y astronom\u00eda, psicolog\u00eda, filosof\u00eda, religi\u00f3n, econom\u00eda pol\u00edtica, estad\u00edstica, jurisprudencia, tenedur\u00eda de libros y caligraf\u00eda. Estas materias formaron parte de la ense\u00f1anza hasta que, por decreto del 16 de junio de 1866, el colegio La Victoria de Ayacucho se someti\u00f3 al nuevo plan de instrucci\u00f3n secundaria. Para 1870, el colegio ya contaba con 88 alumnos.<\/p>\n\n\n<div class=\"wp-block-image\">\n<figure class=\"aligncenter is-resized\"><img decoding=\"async\" src=\"https:\/\/lh7-rt.googleusercontent.com\/docsz\/AD_4nXeKzLMnWLYB-Qg-6c1KTCWLW-8RPPYxzv_F-TGlFSl3xxBIpWJL6MxpcFz4KB4Ki2nklnuKG8K0Vf2f5DO4k_KMR3sozrHTcAzbtUD5AOshfq9ary6dnPCNgD0ksH-9jNMVrrQ5ECp5bPmaRJ9Wws_4-MY?key=T69NwGwrrdGBoAZZmBCHVA\" alt=\"\" style=\"width:421px;height:auto\"\/><figcaption class=\"wp-element-caption\"><a href=\"https:\/\/huancavelicaenlahistoria.photo.blog\/2019\/07\/18\/colegio-la-victoria-de-ayacucho\/\">Banda de m\u00fasica del colegio en 1925.\u00a0<\/a><\/figcaption><\/figure><\/div>\n\n<div class=\"wp-block-image\">\n<figure class=\"aligncenter is-resized\"><img decoding=\"async\" src=\"https:\/\/lh7-rt.googleusercontent.com\/docsz\/AD_4nXcevkLGPWiIwLKiaY1tgoK6QcD_vNcMzGE8YJlzYNzPQYEV-P7yNCmKG_TUqgjWEsedkiverog3JExvR-YmTwvvVZ3jMdSbZkVLWdVrODH0biMYQohxWWVNIiygJPlSj39Jkc0rSjlmtvQXgNeRAoDmahM?key=T69NwGwrrdGBoAZZmBCHVA\" alt=\"\" style=\"width:580px;height:auto\"\/><figcaption class=\"wp-element-caption\"><a href=\"https:\/\/huancavelicaenlahistoria.photo.blog\/2019\/07\/18\/colegio-la-victoria-de-ayacucho\/\">Promoci\u00f3n 1938<\/a><\/figcaption><\/figure><\/div>\n\n<div class=\"wp-block-image\">\n<figure class=\"aligncenter is-resized\"><img decoding=\"async\" src=\"https:\/\/lh7-rt.googleusercontent.com\/docsz\/AD_4nXedp9UyfLKZkPjl_cDRUbHHONQtegO2AlT1TO0nLlVyIDZRoM7XvJk9KuZ4c9nd-zttfj49AKjy0PJlRFEqt0Z97nlcIVKRO9VNPkSohz55YSEwmguA9EbRL0GnpAxt5bZeHp0LK21NGVmIrjr-hN1EYRc?key=T69NwGwrrdGBoAZZmBCHVA\" alt=\"\" style=\"width:433px;height:auto\"\/><figcaption class=\"wp-element-caption\"><a href=\"https:\/\/huancavelicaenlahistoria.photo.blog\/2019\/07\/18\/colegio-la-victoria-de-ayacucho\/\">Promoci\u00f3n de 1938.\u00a0<\/a><\/figcaption><\/figure><\/div>\n\n\n<p>Durante la Guerra del Pac\u00edfico, el colegio sufri\u00f3 grandes afectaciones. En 1883, cuando las tropas chilenas ocuparon Huancavelica, el local del colegio fue tomado. Adem\u00e1s, por \u00f3rdenes del general Andr\u00e9s C\u00e1ceres, algunas de las propiedades del colegio fueron vendidas para reunir fondos destinados a la Campa\u00f1a de la Bre\u00f1a en 1882. Como consecuencia de la falta de recursos, el colegio fue clausurado entre 1880 y 1905. Reabri\u00f3 en 1897 gracias a las gestiones del prefecto Francisco Urbieta y con la direcci\u00f3n de Jos\u00e9 Mar\u00eda G\u00e1lvez, comenzando nuevamente con un total de 47 alumnos. El colegio cerr\u00f3 sus puertas nuevamente en 1889. Reabri\u00f3 finalmente en 1905, durante el gobierno de Jos\u00e9 Pardo, por gestiones del exdirector Dr. Hildauro Castro Plaza, quien logr\u00f3 una subvenci\u00f3n anual de 540 soles para su funcionamiento.<\/p>\n\n\n\n<p>Mediante Resoluci\u00f3n Suprema N\u00ba 175, del 26 de noviembre de 1955, se adquiri\u00f3 un terreno de 29,489 m\u00b2 para la construcci\u00f3n del nuevo local del Colegio Nacional \u201cLa Victoria de Ayacucho\u201d, con el apoyo del Ministro de Educaci\u00f3n Carlos Rodr\u00edguez Pastor y el Club de Leones de Huancavelica. Posteriormente, el 10 de abril de 1964, se anex\u00f3 al plantel el Colegio Secundario Cooperativo Vespertino Mixto, a trav\u00e9s de la resoluci\u00f3n directoral N\u00b0 570. Diez a\u00f1os m\u00e1s tarde, el 12 de abril de 1966, los estudiantes se trasladaron a un nuevo local en el barrio de Ascensi\u00f3n. El gobierno militar de Velasco Alvarado, en el marco de su Reforma Educativa, design\u00f3 al colegio como \u00abCentro Base\u00bb, lo que implic\u00f3 varios cambios en su estructura.<\/p>\n\n\n<div class=\"wp-block-image\">\n<figure class=\"aligncenter is-resized\"><img decoding=\"async\" src=\"https:\/\/lh7-rt.googleusercontent.com\/docsz\/AD_4nXdysd8r9ccnVexBz5t_8ZPdIcsOHQpkySrIqwv1e7dB1mvw1jAzpuwupFTEux7supFwG_jztstGibxxLnAPgEe_muxmNmk4JmngOUy_DmcdI1bnb4Xt-WbUyxAno3rpi5hNrRM4C2XUaiDjeItmwZB_I5S3?key=T69NwGwrrdGBoAZZmBCHVA\" alt=\"\" style=\"width:392px;height:auto\"\/><figcaption class=\"wp-element-caption\"><a href=\"https:\/\/www.facebook.com\/photo\/?fbid=658002996333902&amp;set=a.468533095280894&amp;locale=es_LA\">Promoci\u00f3n 1974\u00a0<\/a><\/figcaption><\/figure><\/div>\n\n<div class=\"wp-block-image\">\n<figure class=\"aligncenter is-resized\"><img decoding=\"async\" src=\"https:\/\/lh7-rt.googleusercontent.com\/docsz\/AD_4nXfEavgGnRdY-fIBgAhZbIW4gdH_yKXizRAm_I_z4dTkg9blXuS-VMHCdi-o6OTJjSWnrkR_kM1ZCGhXJVaPByATbNAxfL8ojbOz5THvCAIiYsfiAPoNC2tWuUfywGLGR13jgEqzfQgQLRQTvB8z2k5KHrM?key=T69NwGwrrdGBoAZZmBCHVA\" alt=\"\" style=\"width:603px;height:auto\"\/><figcaption class=\"wp-element-caption\"><a href=\"https:\/\/huancavelicaenlahistoria.photo.blog\/2019\/07\/18\/colegio-la-victoria-de-ayacucho\/\">Visita del Dr. Jos\u00e9 Francisco Ezequiel Moreyra, obispo de Ayacucho. En la foto aparecen profesores y alumnos del Colegio Nacional La Victoria de Ayacucho. Entre los alumnos sin poder identificarlos se encuentran Felipe B. Z\u00fa\u00f1iga y Froil\u00e1n S\u00e1nchez Larrauri.\u00a0<\/a><\/figcaption><\/figure><\/div>\n\n\n<p>En la actualidad, el Colegio La Victoria de Ayacucho cuenta con m\u00e1s de 2,000 estudiantes en los niveles de primaria y secundaria. En julio de 2014, se aprob\u00f3 el proyecto de modernizaci\u00f3n y reconstrucci\u00f3n del colegio como parte del programa de \u00abObras por Impuestos (OxI)\u00bb, consolidando su rol en la educaci\u00f3n de Huancavelica. Este recorrido por su historia refleja el papel fundamental del colegio en la formaci\u00f3n de generaciones de huancavelicanos, mostrando c\u00f3mo, a pesar de los desaf\u00edos, la instituci\u00f3n ha mantenido su compromiso con la educaci\u00f3n de su juventud.<\/p>\n\n\n\n<h2 class=\"wp-block-heading\">Sitio Web<\/h2>\n\n\n\n<p><a href=\"https:\/\/www.facebook.com\/p\/CN-La-Victoria-de-Ayacucho-100063726232740\/?locale=es_LA\">https:\/\/www.facebook.com\/p\/CN-La-Victoria-de-Ayacucho-100063726232740\/?locale=es_LA<\/a><\/p>\n\n\n\n<h2 class=\"wp-block-heading\">Fuentes<\/h2>\n\n\n\n<ul class=\"wp-block-list\">\n<li>Colegio Nacional de Ciencias y Artes La Victoria de Ayacucho. (22-06-2016). <em>Historia<\/em>. <a href=\"https:\/\/colegiolavictoriadeayacucho.blogspot.com\/2016\/06\/historia.html\">https:\/\/colegiolavictoriadeayacucho.blogspot.com\/2016\/06\/historia.html<\/a>\u00a0<\/li>\n\n\n\n<li>Revista Caretas. (25-07-2024). <em>Gobierno Regional de Huancavelica modernizar\u00e1 colegio emblem\u00e1tico en Obras por Impuestos por S\/ 95.5 millones. <\/em><a href=\"https:\/\/caretas.pe\/nacional\/gobierno-regional-de-huancavelica-modernizara-colegio-emblematico-en-obras-por-impuestos-por-s-95-5-millones\/\">https:\/\/caretas.pe\/nacional\/gobierno-regional-de-huancavelica-modernizara-colegio-emblematico-en-obras-por-impuestos-por-s-95-5-millones\/<\/a><\/li>\n\n\n\n<li>Gobierno Regional de Huancavelica. (15-07-2016). <em>Resoluci\u00f3n Ejecutiva Regional n\u00famero 257-2016. <\/em><a href=\"https:\/\/old.regionhuancavelica.gob.pe\/descargas\/upload\/Resoluciones%20Ejecutivas%20Regionales\/Resoluciones%20Ejecutivas%20Regionales%202016\/4461929_RER-257-16.pdf\">https:\/\/old.regionhuancavelica.gob.pe\/descargas\/upload\/Resoluciones%20Ejecutivas%20Regionales\/Resoluciones%20Ejecutivas%20Regionales%202016\/4461929_RER-257-16.pdf<\/a><\/li>\n\n\n\n<li>Pariona, P. (2016). <em>Colegio Nacional La Victoria de Ayacucho: Huancavelica, 1831-2016: proceso bicentenario<\/em>. Amautas Editores.<\/li>\n<\/ul>\n\n\n\n<p><\/p>\n","protected":false},"excerpt":{"rendered":"<p>Entre 1829 y 1833, durante el primer gobierno de Agust\u00edn Gamarra, se fundaron varios colegios importantes, entre ellos el Colegio San Juan de la Libertad en Chachapoyas, el Central de Cajamarca y, en Huancavelica, el Colegio La Victoria de Ayacucho. Este \u00faltimo fue fundado el 16 de julio de 1831 como Colegio Superior de Ciencias[&#8230;]<\/p>\n","protected":false},"featured_media":1275,"template":"","class_list":["post-1240","historias","type-historias","status-publish","has-post-thumbnail","hentry"],"_links":{"self":[{"href":"http:\/\/test.boomerang.pe\/museo\/wp-json\/wp\/v2\/historias\/1240","targetHints":{"allow":["GET"]}}],"collection":[{"href":"http:\/\/test.boomerang.pe\/museo\/wp-json\/wp\/v2\/historias"}],"about":[{"href":"http:\/\/test.boomerang.pe\/museo\/wp-json\/wp\/v2\/types\/historias"}],"wp:featuredmedia":[{"embeddable":true,"href":"http:\/\/test.boomerang.pe\/museo\/wp-json\/wp\/v2\/media\/1275"}],"wp:attachment":[{"href":"http:\/\/test.boomerang.pe\/museo\/wp-json\/wp\/v2\/media?parent=1240"}],"curies":[{"name":"wp","href":"https:\/\/api.w.org\/{rel}","templated":true}]}}

<p>Entre 1829 y 1833, durante el primer gobierno de Agustín Gamarra, se fundaron varios colegios importantes, entre ellos el Colegio San Juan de la Libertad en Chachapoyas, el Central de Cajamarca y, en Huancavelica, el Colegio La Victoria de Ayacucho. Este último fue fundado el 16 de julio de 1831 como Colegio Superior de Ciencias y Artes y comenzó a funcionar en el convento suprimido de San Francisco, que fue destinado como local para la enseñanza. Las cátedras iniciales incluían gramática castellana y latina, filosofía, matemáticas y mineralogía, y su primer director fue Manuel Patricio Fernández. Con el tiempo, en 1848, se implementaron un gabinete de física y un laboratorio de química, ambos adquiridos durante el primer gobierno de Ramón Castilla.</p>



<p>Durante la década de 1850, se consolidaron las enseñanzas de filosofía, matemáticas, geografía y gramática castellana. Sin embargo, a partir de 1861, se amplió el currículum con nuevas cátedras como idiomas (latín, inglés y francés), historia, mecánica, física y astronomía, psicología, filosofía, religión, economía política, estadística, jurisprudencia, teneduría de libros y caligrafía. Estas materias formaron parte de la enseñanza hasta que, por decreto del 16 de junio de 1866, el colegio La Victoria de Ayacucho se sometió al nuevo plan de instrucción secundaria. Para 1870, el colegio ya contaba con 88 alumnos.</p>


<div class="wp-block-image">
<figure class="aligncenter is-resized"><img decoding="async" src="https://lh7-rt.googleusercontent.com/docsz/AD_4nXeKzLMnWLYB-Qg-6c1KTCWLW-8RPPYxzv_F-TGlFSl3xxBIpWJL6MxpcFz4KB4Ki2nklnuKG8K0Vf2f5DO4k_KMR3sozrHTcAzbtUD5AOshfq9ary6dnPCNgD0ksH-9jNMVrrQ5ECp5bPmaRJ9Wws_4-MY?key=T69NwGwrrdGBoAZZmBCHVA" alt="" style="width:421px;height:auto"/><figcaption class="wp-element-caption"><a href="https://huancavelicaenlahistoria.photo.blog/2019/07/18/colegio-la-victoria-de-ayacucho/">Banda de música del colegio en 1925. </a></figcaption></figure></div>

<div class="wp-block-image">
<figure class="aligncenter is-resized"><img decoding="async" src="https://lh7-rt.googleusercontent.com/docsz/AD_4nXcevkLGPWiIwLKiaY1tgoK6QcD_vNcMzGE8YJlzYNzPQYEV-P7yNCmKG_TUqgjWEsedkiverog3JExvR-YmTwvvVZ3jMdSbZkVLWdVrODH0biMYQohxWWVNIiygJPlSj39Jkc0rSjlmtvQXgNeRAoDmahM?key=T69NwGwrrdGBoAZZmBCHVA" alt="" style="width:580px;height:auto"/><figcaption class="wp-element-caption"><a href="https://huancavelicaenlahistoria.photo.blog/2019/07/18/colegio-la-victoria-de-ayacucho/">Promoción 1938</a></figcaption></figure></div>

<div class="wp-block-image">
<figure class="aligncenter is-resized"><img decoding="async" src="https://lh7-rt.googleusercontent.com/docsz/AD_4nXedp9UyfLKZkPjl_cDRUbHHONQtegO2AlT1TO0nLlVyIDZRoM7XvJk9KuZ4c9nd-zttfj49AKjy0PJlRFEqt0Z97nlcIVKRO9VNPkSohz55YSEwmguA9EbRL0GnpAxt5bZeHp0LK21NGVmIrjr-hN1EYRc?key=T69NwGwrrdGBoAZZmBCHVA" alt="" style="width:433px;height:auto"/><figcaption class="wp-element-caption"><a href="https://huancavelicaenlahistoria.photo.blog/2019/07/18/colegio-la-victoria-de-ayacucho/">Promoción de 1938. </a></figcaption></figure></div>


<p>Durante la Guerra del Pacífico, el colegio sufrió grandes afectaciones. En 1883, cuando las tropas chilenas ocuparon Huancavelica, el local del colegio fue tomado. Además, por órdenes del general Andrés Cáceres, algunas de las propiedades del colegio fueron vendidas para reunir fondos destinados a la Campaña de la Breña en 1882. Como consecuencia de la falta de recursos, el colegio fue clausurado entre 1880 y 1905. Reabrió en 1897 gracias a las gestiones del prefecto Francisco Urbieta y con la dirección de José María Gálvez, comenzando nuevamente con un total de 47 alumnos. El colegio cerró sus puertas nuevamente en 1889. Reabrió finalmente en 1905, durante el gobierno de José Pardo, por gestiones del exdirector Dr. Hildauro Castro Plaza, quien logró una subvención anual de 540 soles para su funcionamiento.</p>



<p>Mediante Resolución Suprema Nº 175, del 26 de noviembre de 1955, se adquirió un terreno de 29,489 m² para la construcción del nuevo local del Colegio Nacional “La Victoria de Ayacucho”, con el apoyo del Ministro de Educación Carlos Rodríguez Pastor y el Club de Leones de Huancavelica. Posteriormente, el 10 de abril de 1964, se anexó al plantel el Colegio Secundario Cooperativo Vespertino Mixto, a través de la resolución directoral N° 570. Diez años más tarde, el 12 de abril de 1966, los estudiantes se trasladaron a un nuevo local en el barrio de Ascensión. El gobierno militar de Velasco Alvarado, en el marco de su Reforma Educativa, designó al colegio como «Centro Base», lo que implicó varios cambios en su estructura.</p>


<div class="wp-block-image">
<figure class="aligncenter is-resized"><img decoding="async" src="https://lh7-rt.googleusercontent.com/docsz/AD_4nXdysd8r9ccnVexBz5t_8ZPdIcsOHQpkySrIqwv1e7dB1mvw1jAzpuwupFTEux7supFwG_jztstGibxxLnAPgEe_muxmNmk4JmngOUy_DmcdI1bnb4Xt-WbUyxAno3rpi5hNrRM4C2XUaiDjeItmwZB_I5S3?key=T69NwGwrrdGBoAZZmBCHVA" alt="" style="width:392px;height:auto"/><figcaption class="wp-element-caption"><a href="https://www.facebook.com/photo/?fbid=658002996333902&amp;set=a.468533095280894&amp;locale=es_LA">Promoción 1974 </a></figcaption></figure></div>

<div class="wp-block-image">
<figure class="aligncenter is-resized"><img decoding="async" src="https://lh7-rt.googleusercontent.com/docsz/AD_4nXfEavgGnRdY-fIBgAhZbIW4gdH_yKXizRAm_I_z4dTkg9blXuS-VMHCdi-o6OTJjSWnrkR_kM1ZCGhXJVaPByATbNAxfL8ojbOz5THvCAIiYsfiAPoNC2tWuUfywGLGR13jgEqzfQgQLRQTvB8z2k5KHrM?key=T69NwGwrrdGBoAZZmBCHVA" alt="" style="width:603px;height:auto"/><figcaption class="wp-element-caption"><a href="https://huancavelicaenlahistoria.photo.blog/2019/07/18/colegio-la-victoria-de-ayacucho/">Visita del Dr. José Francisco Ezequiel Moreyra, obispo de Ayacucho. En la foto aparecen profesores y alumnos del Colegio Nacional La Victoria de Ayacucho. Entre los alumnos sin poder identificarlos se encuentran Felipe B. Zúñiga y Froilán Sánchez Larrauri. </a></figcaption></figure></div>


<p>En la actualidad, el Colegio La Victoria de Ayacucho cuenta con más de 2,000 estudiantes en los niveles de primaria y secundaria. En julio de 2014, se aprobó el proyecto de modernización y reconstrucción del colegio como parte del programa de «Obras por Impuestos (OxI)», consolidando su rol en la educación de Huancavelica. Este recorrido por su historia refleja el papel fundamental del colegio en la formación de generaciones de huancavelicanos, mostrando cómo, a pesar de los desafíos, la institución ha mantenido su compromiso con la educación de su juventud.</p>



<h2 class="wp-block-heading">Sitio Web</h2>



<p><a href="https://www.facebook.com/p/CN-La-Victoria-de-Ayacucho-100063726232740/?locale=es_LA">https://www.facebook.com/p/CN-La-Victoria-de-Ayacucho-100063726232740/?locale=es_LA</a></p>



<h2 class="wp-block-heading">Fuentes</h2>



<ul class="wp-block-list">
<li>Colegio Nacional de Ciencias y Artes La Victoria de Ayacucho. (22-06-2016). <em>Historia</em>. <a href="https://colegiolavictoriadeayacucho.blogspot.com/2016/06/historia.html">https://colegiolavictoriadeayacucho.blogspot.com/2016/06/historia.html</a> </li>



<li>Revista Caretas. (25-07-2024). <em>Gobierno Regional de Huancavelica modernizará colegio emblemático en Obras por Impuestos por S/ 95.5 millones. </em><a href="https://caretas.pe/nacional/gobierno-regional-de-huancavelica-modernizara-colegio-emblematico-en-obras-por-impuestos-por-s-95-5-millones/">https://caretas.pe/nacional/gobierno-regional-de-huancavelica-modernizara-colegio-emblematico-en-obras-por-impuestos-por-s-95-5-millones/</a></li>



<li>Gobierno Regional de Huancavelica. (15-07-2016). <em>Resolución Ejecutiva Regional número 257-2016. </em><a href="https://old.regionhuancavelica.gob.pe/descargas/upload/Resoluciones%20Ejecutivas%20Regionales/Resoluciones%20Ejecutivas%20Regionales%202016/4461929_RER-257-16.pdf">https://old.regionhuancavelica.gob.pe/descargas/upload/Resoluciones%20Ejecutivas%20Regionales/Resoluciones%20Ejecutivas%20Regionales%202016/4461929_RER-257-16.pdf</a></li>



<li>Pariona, P. (2016). <em>Colegio Nacional La Victoria de Ayacucho: Huancavelica, 1831-2016: proceso bicentenario</em>. Amautas Editores.</li>
</ul>



<p></p>

<p>Entre 1829 y 1833, durante el primer gobierno de Agustín Gamarra, se fundaron varios colegios importantes, entre ellos el Colegio San Juan de la Libertad en Chachapoyas, el Central de Cajamarca y, en Huancavelica, el Colegio La Victoria de Ayacucho. Este último fue fundado el 16 de julio de 1831 como Colegio Superior de Ciencias[&#8230;]</p>
