{"id":235,"date":"2023-06-22T19:22:10","date_gmt":"2023-06-22T19:22:10","guid":{"rendered":"http:\/\/test.boomerang.pe\/museo\/?post_type=historias&#038;p=235"},"modified":"2024-01-05T19:57:49","modified_gmt":"2024-01-05T19:57:49","slug":"colegio-salesiano-san-francisco-de-sales","status":"publish","type":"historias","link":"http:\/\/test.boomerang.pe\/museo\/historias\/colegio-salesiano-san-francisco-de-sales\/","title":{"rendered":"Colegio Salesiano San Francisco de Sales"},"content":{"rendered":"\n<p>En 1892, las primeras gestiones salesianas que buscaban establecer una escuela de artes y oficios en Lima se dieron gracias a la iniciativa de don R\u00faa, primer sucesor de don Bosco como rector mayor de la Congregaci\u00f3n Salesiana.&nbsp;<\/p>\n\n\n\n<p>Tras obtener el visto bueno para su construcci\u00f3n por parte del Cap\u00edtulo Superior de la Congregaci\u00f3n en Tur\u00edn el 3 de noviembre de 1892, el padre Antonio Riccardi, superior de los salesianos en el Per\u00fa, fue informado, y posteriormente se desarroll\u00f3 un proyecto para esta escuela. Tiempo despu\u00e9s, el 19 de marzo de 1893, la Escuela de Artes y Oficios San Francisco de Sales inici\u00f3 sus funciones en un local frente al Paseo de Aguas con treinta j\u00f3venes enviados por la Beneficencia P\u00fablica de Lima y una docena de integrantes del oratorio festivo que funcionaba en el R\u00edmac desde diciembre de 1891 tambi\u00e9n bajo la gesti\u00f3n salesiana.<\/p>\n\n\n\n<p>Por otro lado, debido a las buenas gestiones del padre Antonio Riccardi, el 2 de marzo de 1896, la Escuela de Artes y Oficios del R\u00edmac recibi\u00f3 la autorizaci\u00f3n por parte del Gobierno de Nicol\u00e1s de Pi\u00e9rola con la Ley N\u00b0 161. Sin embargo, como consecuencia de unas discrepancias entre los salesianos y la Beneficencia P\u00fablica de Lima, la Escuela de Artes y Oficios tuvo que dejar la propiedad del R\u00edmac y trasladarse a una nueva propiedad en Bre\u00f1a. Gracias a la donaci\u00f3n testamentaria del monse\u00f1or Manuel Teodoro del Valle en 1886, los salesianos hab\u00edan adquirido esta nueva propiedad, la cual se encontraba a las afueras de la ciudad. En este contexto, los 48 alumnos de la Escuela de Artes y Oficios del R\u00edmac se mudaron a Bre\u00f1a el 6 de diciembre de 1898.<\/p>\n\n\n<div class=\"wp-block-image\">\n<figure class=\"aligncenter size-full\"><img loading=\"lazy\" decoding=\"async\" width=\"621\" height=\"273\" src=\"http:\/\/test.boomerang.pe\/museo\/wp-content\/uploads\/2024\/01\/5-2.png\" alt=\"\" class=\"wp-image-394\" srcset=\"http:\/\/test.boomerang.pe\/museo\/wp-content\/uploads\/2024\/01\/5-2.png 621w, http:\/\/test.boomerang.pe\/museo\/wp-content\/uploads\/2024\/01\/5-2-300x132.png 300w\" sizes=\"auto, (max-width: 621px) 100vw, 621px\" \/><figcaption class=\"wp-element-caption\"><em>Internos y superiores del Colegio de Bre\u00f1a (1906). Archivo hist\u00f3rico salesiano del Per\u00fa, Congregaci\u00f3n Salesiana del Per\u00fa, 2021<\/em><\/figcaption><\/figure><\/div>\n\n\n<p>Tras establecerse de manera permanente en Bre\u00f1a, los salesianos decidieron centrarse en la educaci\u00f3n escolar, adem\u00e1s de la formaci\u00f3n de j\u00f3venes obreros. Entonces, mediante una resoluci\u00f3n suprema, los salesianos fueron autorizados a impartir la educaci\u00f3n primaria el 1 de marzo de 1906. El 15 de febrero de 1917, gracias a otra resoluci\u00f3n suprema, el colegio implement\u00f3 el nivel secundario. En este contexto, solamente seis alumnos fueron matriculados en el reci\u00e9n inaugurado nivel secundario.&nbsp; La primera promoci\u00f3n que se gradu\u00f3 de secundaria, en 1936, estuvo conformada por cuatro alumnos.<\/p>\n\n\n\n<p>Durante m\u00e1s de cien a\u00f1os, las actividades desarrolladas por el Colegio Salesiano San Francisco de Sales de Bre\u00f1a han tenido como referente el sistema preventivo salesiano, apoy\u00e1ndose en tres pilares educativos: la raz\u00f3n, la religi\u00f3n y el amor.<\/p>\n\n\n<div class=\"wp-block-image\">\n<figure class=\"aligncenter size-full\"><img loading=\"lazy\" decoding=\"async\" width=\"640\" height=\"274\" src=\"http:\/\/test.boomerang.pe\/museo\/wp-content\/uploads\/2024\/01\/foto-5-3.jpg\" alt=\"\" class=\"wp-image-396\" srcset=\"http:\/\/test.boomerang.pe\/museo\/wp-content\/uploads\/2024\/01\/foto-5-3.jpg 640w, http:\/\/test.boomerang.pe\/museo\/wp-content\/uploads\/2024\/01\/foto-5-3-300x128.jpg 300w\" sizes=\"auto, (max-width: 640px) 100vw, 640px\" \/><figcaption class=\"wp-element-caption\"><em>L\u00ednea de tiempo por el bicentenario de la presencia salesiana en Lima.<\/em>\u00a0 <em>En Web del Colegio Salesiano San Francisco de Sales.<\/em><\/figcaption><\/figure><\/div>\n\n\n<h2 class=\"wp-block-heading\">Fuentes<\/h2>\n\n\n\n<ul class=\"wp-block-list\">\n<li>Calder\u00f3n, C. y Pennati, E. (1994). <em>Presencia salesiana en el Per\u00fa. Los inicios 1891-1898. <\/em>Editorial Salesiana.<\/li>\n\n\n\n<li>Colegio Salesiano San Francisco de Sales. <a href=\"https:\/\/www.colegiosalesiano.edu.pe\/historia\/\">Historia. Web Institucional<\/a><\/li>\n\n\n\n<li>Congregaci\u00f3n Salesiana del Per\u00fa. (s.f.).<em> Archivo hist\u00f3rico.<\/em> Salesianos Per\u00fa.<\/li>\n\n\n\n<li>Congregaci\u00f3n Salesiana del Per\u00fa. (2021). <em>Archivo hist\u00f3rico<\/em> salesiano del Per\u00fa [Galer\u00eda].<\/li>\n\n\n\n<li>Franco C\u00f3rdova, D. (2016).<em> La Bas\u00edlica de Mar\u00eda Auxiliadora de Lima. Cronolog\u00eda (1916-2016<\/em>). Editorial Salesiana.<\/li>\n\n\n\n<li>Fuentes Hist\u00f3ricas del Per\u00fa. (s.f.). <em>Congregaciones Salesiana e Hijas de Mar\u00eda Auxiliadora del Per\u00fa.<\/em><\/li>\n\n\n\n<li>Gamarra Hern\u00e1ndez, A. M. (1919). Colegio de Salesianos. En Ministerio de Justicia, Culto, Instrucci\u00f3n y Beneficencia. <a href=\"https:\/\/fuenteshistoricasdelperu.com\/2021\/03\/09\/datos-historicos-acerca-de-los-establecimientos-de-segunda-ensenanza-que-actualmente-funcionan-para-1919-por-aurelio-m-gamarra-hernandez-lima-1920\/comment-page-1\/\"><em>Datos hist\u00f3ricos acerca de los establecimientos de Segunda Ense\u00f1anza que actualmente funcionan <\/em><\/a>(pp. 475-492). Imprenta Torres Aguirre.<\/li>\n\n\n\n<li>Jayapalan, R. (2020).<em> La Familia Salesiana de don Bosco<\/em>. Editorial CCS.<\/li>\n\n\n\n<li>Llorent Bedmar, V. y Llorent Garc\u00eda, V. J. (2017). La labor socioeducativa de las misiones salesianas en Am\u00e9rica y Espa\u00f1a en el siglo XIX y los albores del siglo XX. <em>Historia de la Educaci\u00f3n, 36<\/em>, 65-82.<\/li>\n\n\n\n<li>Quishpe, J. M. (2012). Los salesianos y el impulso de la educaci\u00f3n t\u00e9cnica en Quito. En L. V\u00e1squez, J. F. Regalado, B. Garz\u00f3n, V. H. Torres y J. E. Juncosa (Coords.),<em> La presencia salesiana en el Ecuador. Perspectivas hist\u00f3ricas y sociales<\/em> (pp. 221-262). Universidad Polit\u00e9cnica Salesiana.<\/li>\n\n\n\n<li>Foto de portada:<em> Fachada del Colegio Salesiano (Lima, 1939). Archivo hist\u00f3rico salesiano del Per\u00fa, Congregaci\u00f3n Salesiana del Per\u00fa, 2021<\/em><\/li>\n<\/ul>\n\n\n\n<p class=\"has-small-font-size\">Texto basado en el estudio de Daniel C\u00e1ceres Marsano realizada para el Taller del Museo Virtual Historia de la Escuela Peruana 2021-II. Redacci\u00f3n: Themis Castellanos del Portal y Grecia Valdivia Ja\u00e9n. Edici\u00f3n final: Luis Sime<\/p>\n","protected":false},"excerpt":{"rendered":"<p>En 1892, las primeras gestiones salesianas que buscaban establecer una escuela de artes y oficios en Lima se dieron gracias a la iniciativa de don R\u00faa, primer sucesor de don Bosco como rector mayor de la Congregaci\u00f3n Salesiana.&nbsp; Tras obtener el visto bueno para su construcci\u00f3n por parte del Cap\u00edtulo Superior de la Congregaci\u00f3n en[&#8230;]<\/p>\n","protected":false},"featured_media":397,"template":"","class_list":["post-235","historias","type-historias","status-publish","has-post-thumbnail","hentry"],"_links":{"self":[{"href":"http:\/\/test.boomerang.pe\/museo\/wp-json\/wp\/v2\/historias\/235","targetHints":{"allow":["GET"]}}],"collection":[{"href":"http:\/\/test.boomerang.pe\/museo\/wp-json\/wp\/v2\/historias"}],"about":[{"href":"http:\/\/test.boomerang.pe\/museo\/wp-json\/wp\/v2\/types\/historias"}],"wp:featuredmedia":[{"embeddable":true,"href":"http:\/\/test.boomerang.pe\/museo\/wp-json\/wp\/v2\/media\/397"}],"wp:attachment":[{"href":"http:\/\/test.boomerang.pe\/museo\/wp-json\/wp\/v2\/media?parent=235"}],"curies":[{"name":"wp","href":"https:\/\/api.w.org\/{rel}","templated":true}]}}

<p>En 1892, las primeras gestiones salesianas que buscaban establecer una escuela de artes y oficios en Lima se dieron gracias a la iniciativa de don Rúa, primer sucesor de don Bosco como rector mayor de la Congregación Salesiana.&nbsp;</p>



<p>Tras obtener el visto bueno para su construcción por parte del Capítulo Superior de la Congregación en Turín el 3 de noviembre de 1892, el padre Antonio Riccardi, superior de los salesianos en el Perú, fue informado, y posteriormente se desarrolló un proyecto para esta escuela. Tiempo después, el 19 de marzo de 1893, la Escuela de Artes y Oficios San Francisco de Sales inició sus funciones en un local frente al Paseo de Aguas con treinta jóvenes enviados por la Beneficencia Pública de Lima y una docena de integrantes del oratorio festivo que funcionaba en el Rímac desde diciembre de 1891 también bajo la gestión salesiana.</p>



<p>Por otro lado, debido a las buenas gestiones del padre Antonio Riccardi, el 2 de marzo de 1896, la Escuela de Artes y Oficios del Rímac recibió la autorización por parte del Gobierno de Nicolás de Piérola con la Ley N° 161. Sin embargo, como consecuencia de unas discrepancias entre los salesianos y la Beneficencia Pública de Lima, la Escuela de Artes y Oficios tuvo que dejar la propiedad del Rímac y trasladarse a una nueva propiedad en Breña. Gracias a la donación testamentaria del monseñor Manuel Teodoro del Valle en 1886, los salesianos habían adquirido esta nueva propiedad, la cual se encontraba a las afueras de la ciudad. En este contexto, los 48 alumnos de la Escuela de Artes y Oficios del Rímac se mudaron a Breña el 6 de diciembre de 1898.</p>


<div class="wp-block-image">
<figure class="aligncenter size-full"><img loading="lazy" decoding="async" width="621" height="273" src="http://test.boomerang.pe/museo/wp-content/uploads/2024/01/5-2.png" alt="" class="wp-image-394" srcset="http://test.boomerang.pe/museo/wp-content/uploads/2024/01/5-2.png 621w, http://test.boomerang.pe/museo/wp-content/uploads/2024/01/5-2-300x132.png 300w" sizes="auto, (max-width: 621px) 100vw, 621px" /><figcaption class="wp-element-caption"><em>Internos y superiores del Colegio de Breña (1906). Archivo histórico salesiano del Perú, Congregación Salesiana del Perú, 2021</em></figcaption></figure></div>


<p>Tras establecerse de manera permanente en Breña, los salesianos decidieron centrarse en la educación escolar, además de la formación de jóvenes obreros. Entonces, mediante una resolución suprema, los salesianos fueron autorizados a impartir la educación primaria el 1 de marzo de 1906. El 15 de febrero de 1917, gracias a otra resolución suprema, el colegio implementó el nivel secundario. En este contexto, solamente seis alumnos fueron matriculados en el recién inaugurado nivel secundario.&nbsp; La primera promoción que se graduó de secundaria, en 1936, estuvo conformada por cuatro alumnos.</p>



<p>Durante más de cien años, las actividades desarrolladas por el Colegio Salesiano San Francisco de Sales de Breña han tenido como referente el sistema preventivo salesiano, apoyándose en tres pilares educativos: la razón, la religión y el amor.</p>


<div class="wp-block-image">
<figure class="aligncenter size-full"><img loading="lazy" decoding="async" width="640" height="274" src="http://test.boomerang.pe/museo/wp-content/uploads/2024/01/foto-5-3.jpg" alt="" class="wp-image-396" srcset="http://test.boomerang.pe/museo/wp-content/uploads/2024/01/foto-5-3.jpg 640w, http://test.boomerang.pe/museo/wp-content/uploads/2024/01/foto-5-3-300x128.jpg 300w" sizes="auto, (max-width: 640px) 100vw, 640px" /><figcaption class="wp-element-caption"><em>Línea de tiempo por el bicentenario de la presencia salesiana en Lima.</em>  <em>En Web del Colegio Salesiano San Francisco de Sales.</em></figcaption></figure></div>


<h2 class="wp-block-heading">Fuentes</h2>



<ul class="wp-block-list">
<li>Calderón, C. y Pennati, E. (1994). <em>Presencia salesiana en el Perú. Los inicios 1891-1898. </em>Editorial Salesiana.</li>



<li>Colegio Salesiano San Francisco de Sales. <a href="https://www.colegiosalesiano.edu.pe/historia/">Historia. Web Institucional</a></li>



<li>Congregación Salesiana del Perú. (s.f.).<em> Archivo histórico.</em> Salesianos Perú.</li>



<li>Congregación Salesiana del Perú. (2021). <em>Archivo histórico</em> salesiano del Perú [Galería].</li>



<li>Franco Córdova, D. (2016).<em> La Basílica de María Auxiliadora de Lima. Cronología (1916-2016</em>). Editorial Salesiana.</li>



<li>Fuentes Históricas del Perú. (s.f.). <em>Congregaciones Salesiana e Hijas de María Auxiliadora del Perú.</em></li>



<li>Gamarra Hernández, A. M. (1919). Colegio de Salesianos. En Ministerio de Justicia, Culto, Instrucción y Beneficencia. <a href="https://fuenteshistoricasdelperu.com/2021/03/09/datos-historicos-acerca-de-los-establecimientos-de-segunda-ensenanza-que-actualmente-funcionan-para-1919-por-aurelio-m-gamarra-hernandez-lima-1920/comment-page-1/"><em>Datos históricos acerca de los establecimientos de Segunda Enseñanza que actualmente funcionan </em></a>(pp. 475-492). Imprenta Torres Aguirre.</li>



<li>Jayapalan, R. (2020).<em> La Familia Salesiana de don Bosco</em>. Editorial CCS.</li>



<li>Llorent Bedmar, V. y Llorent García, V. J. (2017). La labor socioeducativa de las misiones salesianas en América y España en el siglo XIX y los albores del siglo XX. <em>Historia de la Educación, 36</em>, 65-82.</li>



<li>Quishpe, J. M. (2012). Los salesianos y el impulso de la educación técnica en Quito. En L. Vásquez, J. F. Regalado, B. Garzón, V. H. Torres y J. E. Juncosa (Coords.),<em> La presencia salesiana en el Ecuador. Perspectivas históricas y sociales</em> (pp. 221-262). Universidad Politécnica Salesiana.</li>



<li>Foto de portada:<em> Fachada del Colegio Salesiano (Lima, 1939). Archivo histórico salesiano del Perú, Congregación Salesiana del Perú, 2021</em></li>
</ul>



<p class="has-small-font-size">Texto basado en el estudio de Daniel Cáceres Marsano realizada para el Taller del Museo Virtual Historia de la Escuela Peruana 2021-II. Redacción: Themis Castellanos del Portal y Grecia Valdivia Jaén. Edición final: Luis Sime</p>

<p>En 1892, las primeras gestiones salesianas que buscaban establecer una escuela de artes y oficios en Lima se dieron gracias a la iniciativa de don Rúa, primer sucesor de don Bosco como rector mayor de la Congregación Salesiana.&nbsp; Tras obtener el visto bueno para su construcción por parte del Capítulo Superior de la Congregación en[&#8230;]</p>
