{"id":239,"date":"2023-06-22T19:31:03","date_gmt":"2023-06-22T19:31:03","guid":{"rendered":"http:\/\/test.boomerang.pe\/museo\/?post_type=historias&#038;p=239"},"modified":"2024-01-04T20:40:47","modified_gmt":"2024-01-04T20:40:47","slug":"colegio-anglo-peruano-san-andres","status":"publish","type":"historias","link":"http:\/\/test.boomerang.pe\/museo\/historias\/colegio-anglo-peruano-san-andres\/","title":{"rendered":"Colegio San Andr\u00e9s-Anglo Peruano"},"content":{"rendered":"\n<p>(1917-actualidad)<\/p>\n\n\n\n<h2 class=\"wp-block-heading\"><\/h2>\n\n\n\n<p>Durante el periodo de la Rep\u00fablica Aristocr\u00e1tica (1895-1919) se derogaron las leyes conservadoras que imped\u00edan el libre ejercicio de la fe protestante en el Per\u00fa. De este modo, se alent\u00f3 la formaci\u00f3n de comunidades extranjeras en un esfuerzo por aumentar los flujos migratorios europeos. Este cambio en el marco legal permiti\u00f3 la aparici\u00f3n de instituciones y asociaciones vinculadas a las diversas comunidades europeas ya establecidas en Per\u00fa.<\/p>\n\n\n\n<p>En el caso de la comunidad inglesa, al ser agentes comerciales de importancia en la metr\u00f3poli, ya se hab\u00edan formado asociaciones, sobre todo clubes deportivos como el Lima Cricket (1859) y el Lawn Tennis (1884). Asimismo, la nueva ley permiti\u00f3 el asentamiento de una escuela local en la que la comunidad pudiera ense\u00f1ar a los j\u00f3venes la \u201creligi\u00f3n de sus padres\u201d y educarlos en costumbres propias de esta.En ese contexto es que surge la iniciativa de la comunidad anglo-escocesa del Per\u00fa liderada por el reverendo presbiteriano y te\u00f3logo pol\u00edtico escoc\u00e9s<a href=\"https:\/\/es.wikipedia.org\/wiki\/John_A._Mackay\"> John A. Mackay<\/a> (1889-1983), asociado a la Iglesia Libre de Escocia, de fundar una instituci\u00f3n educativa. El 13 de junio de 1917, Mackay crea el colegio con el nombre de Escuela Anglo Peruana, en la calle Cusco, en el cercado de Lima. Dos a\u00f1os m\u00e1s tarde, se transform\u00f3 en el Colegio Anglo Peruano con los niveles de primaria y secundaria.<\/p>\n\n\n<div class=\"wp-block-image\">\n<figure class=\"aligncenter size-full\"><img loading=\"lazy\" decoding=\"async\" width=\"275\" height=\"315\" src=\"http:\/\/test.boomerang.pe\/museo\/wp-content\/uploads\/2024\/01\/foto-1-2.jpg\" alt=\"\" class=\"wp-image-380\" srcset=\"http:\/\/test.boomerang.pe\/museo\/wp-content\/uploads\/2024\/01\/foto-1-2.jpg 275w, http:\/\/test.boomerang.pe\/museo\/wp-content\/uploads\/2024\/01\/foto-1-2-262x300.jpg 262w\" sizes=\"auto, (max-width: 275px) 100vw, 275px\" \/><figcaption class=\"wp-element-caption\"><em>Retrato de John Mackay, fundador del Colegio San Andr\u00e9s- Anglo Peruano.\u00a0 Wikipedia.<\/em><\/figcaption><\/figure><\/div>\n\n\n<p>En 1930 se traslad\u00f3 el local a la avenida Petit Thouars 179, en el Cercado de Lima, donde permanece hasta el d\u00eda de hoy, participando de dicha inauguraci\u00f3n el presidente del Per\u00fa, Augusto B. Legu\u00eda. Doce a\u00f1os despu\u00e9s, su nombre cambi\u00f3 de \u201cAnglo Peruano\u201d a \u201cSan Andr\u00e9s\u201d, con el que se le conoce actualmente. Asimismo, desde el a\u00f1o 1994 se volvi\u00f3 a admitir el ingreso de ni\u00f1as en el primer grado de primaria, y en 2004 egres\u00f3 de sus aulas la primera promoci\u00f3n mixta.<\/p>\n\n\n\n<p>Entre los docentes que ense\u00f1aron en esta instituci\u00f3n educativa figuran entre otros: V\u00edctor Ra\u00fal Haya de la Torre, Ra\u00fal Porras Barrenechea, Alfredo Bryce Echenique.<\/p>\n\n\n<div class=\"wp-block-image\">\n<figure class=\"aligncenter size-large\"><img loading=\"lazy\" decoding=\"async\" width=\"1024\" height=\"768\" src=\"http:\/\/test.boomerang.pe\/museo\/wp-content\/uploads\/2024\/01\/foto-1-3-1-1024x768.png\" alt=\"\" class=\"wp-image-382\" srcset=\"http:\/\/test.boomerang.pe\/museo\/wp-content\/uploads\/2024\/01\/foto-1-3-1-1024x768.png 1024w, http:\/\/test.boomerang.pe\/museo\/wp-content\/uploads\/2024\/01\/foto-1-3-1-300x225.png 300w, http:\/\/test.boomerang.pe\/museo\/wp-content\/uploads\/2024\/01\/foto-1-3-1-768x576.png 768w, http:\/\/test.boomerang.pe\/museo\/wp-content\/uploads\/2024\/01\/foto-1-3-1-1536x1152.png 1536w, http:\/\/test.boomerang.pe\/museo\/wp-content\/uploads\/2024\/01\/foto-1-3-1-2048x1537.png 2048w\" sizes=\"auto, (max-width: 1024px) 100vw, 1024px\" \/><\/figure><\/div>\n\n\n<h2 class=\"wp-block-heading\">Fuentes<\/h2>\n\n\n\n<ul class=\"wp-block-list\">\n<li>Curlee, R. R. y Isaac-Curlee, M. R. (1994). Uniendo la brecha: John A. Mackay, los presbiterianos y el movimiento carism\u00e1tico.\u00a0<em>Journal of Presbyterian History, 72<\/em>(3), 141-156.<\/li>\n<\/ul>\n\n\n\n<ul class=\"wp-block-list\">\n<li>Garc\u00eda-Bryce, I. (2018). Revolution for Export. Forging a Latin American Revolution. En I. Garc\u00eda-Bryce,&nbsp;<em>Haya de la Torre and the Pursuit of Power in Twentieth-Century Peru and Latin America<\/em>&nbsp;(pp. 12-49). University of North Carolina Press.<\/li>\n\n\n\n<li>Guti\u00e9rrez, T. (2014).&nbsp;<em>Protestantismo y pol\u00edtica en la vida y obra de John A. Mackay (1917-1936)<\/em>. Ediciones Puma.&nbsp;<\/li>\n\n\n\n<li>Kerr, H. T. (1959). John A. Mackay: An Appreciation. En E. J. Jurji (Ed.),&nbsp;<em>The Ecumenical Era in Church and Society: A Symposium in Honor of John A. Mackay<\/em>&nbsp;(pp.&nbsp;1-17). The Macmillan Company.<\/li>\n\n\n\n<li>Mackay. J. A. (1978). John A. Mackay: influencias en mi vida.&nbsp;<em>Journal of Presbyterian History, 56<\/em>(1), 20-34.<\/li>\n\n\n\n<li>Mackay, J. A. (2014).&nbsp;<em>The Meaning of Life: Christian Truth and Social Change in Latin America<\/em>. Wipf &amp; Stock.<\/li>\n\n\n\n<li>Mackay Metzger, J. (2010).&nbsp;<em>La mano y el camino: la vida y la \u00e9poca de John A. Mackay<\/em>. Westminster John Knox Press.<\/li>\n\n\n\n<li>Sinclair, J. (2010). Un perfil de John A. Mackay: \u201caquel escoc\u00e9s con alma latina\u201d.&nbsp;<em>Vida y Pensamiento, 30<\/em>(2), 29-47.<\/li>\n<\/ul>\n\n\n\n<p>Sitio web del colegio: <a href=\"https:\/\/sanandres.edu.pe\/nuestro-colegio\/\">https:\/\/sanandres.edu.pe\/nuestro-colegio\/<\/a><\/p>\n\n\n\n<p>Foto de portada: <em>local del colegio San Andr\u00e9s. Tomado de <\/em><a href=\"https:\/\/es.wikipedia.org\/wiki\/Colegio_San_Andr%C3%A9s\"><em>Wikipedia<\/em><\/a><\/p>\n\n\n\n<p class=\"has-small-font-size\">Texto basado en el estudio de Enmanuel Montalvo realizada para el Taller del Museo Virtual Historia de la Escuela Peruana 2020-II.\u00a0Redacci\u00f3n: Themis Castellanos del Portal y Grecia Valdivia Ja\u00e9n. Edici\u00f3n final: Luis Sime Poma<\/p>\n","protected":false},"excerpt":{"rendered":"<p>(1917-actualidad) Durante el periodo de la Rep\u00fablica Aristocr\u00e1tica (1895-1919) se derogaron las leyes conservadoras que imped\u00edan el libre ejercicio de la fe protestante en el Per\u00fa. De este modo, se alent\u00f3 la formaci\u00f3n de comunidades extranjeras en un esfuerzo por aumentar los flujos migratorios europeos. Este cambio en el marco legal permiti\u00f3 la aparici\u00f3n de[&#8230;]<\/p>\n","protected":false},"featured_media":378,"template":"","class_list":["post-239","historias","type-historias","status-publish","has-post-thumbnail","hentry"],"_links":{"self":[{"href":"http:\/\/test.boomerang.pe\/museo\/wp-json\/wp\/v2\/historias\/239","targetHints":{"allow":["GET"]}}],"collection":[{"href":"http:\/\/test.boomerang.pe\/museo\/wp-json\/wp\/v2\/historias"}],"about":[{"href":"http:\/\/test.boomerang.pe\/museo\/wp-json\/wp\/v2\/types\/historias"}],"wp:featuredmedia":[{"embeddable":true,"href":"http:\/\/test.boomerang.pe\/museo\/wp-json\/wp\/v2\/media\/378"}],"wp:attachment":[{"href":"http:\/\/test.boomerang.pe\/museo\/wp-json\/wp\/v2\/media?parent=239"}],"curies":[{"name":"wp","href":"https:\/\/api.w.org\/{rel}","templated":true}]}}

Colegio San Andrés-Anglo Peruano

<p>(1917-actualidad)</p>



<h2 class="wp-block-heading"></h2>



<p>Durante el periodo de la República Aristocrática (1895-1919) se derogaron las leyes conservadoras que impedían el libre ejercicio de la fe protestante en el Perú. De este modo, se alentó la formación de comunidades extranjeras en un esfuerzo por aumentar los flujos migratorios europeos. Este cambio en el marco legal permitió la aparición de instituciones y asociaciones vinculadas a las diversas comunidades europeas ya establecidas en Perú.</p>



<p>En el caso de la comunidad inglesa, al ser agentes comerciales de importancia en la metrópoli, ya se habían formado asociaciones, sobre todo clubes deportivos como el Lima Cricket (1859) y el Lawn Tennis (1884). Asimismo, la nueva ley permitió el asentamiento de una escuela local en la que la comunidad pudiera enseñar a los jóvenes la “religión de sus padres” y educarlos en costumbres propias de esta.En ese contexto es que surge la iniciativa de la comunidad anglo-escocesa del Perú liderada por el reverendo presbiteriano y teólogo político escocés<a href="https://es.wikipedia.org/wiki/John_A._Mackay"> John A. Mackay</a> (1889-1983), asociado a la Iglesia Libre de Escocia, de fundar una institución educativa. El 13 de junio de 1917, Mackay crea el colegio con el nombre de Escuela Anglo Peruana, en la calle Cusco, en el cercado de Lima. Dos años más tarde, se transformó en el Colegio Anglo Peruano con los niveles de primaria y secundaria.</p>


<div class="wp-block-image">
<figure class="aligncenter size-full"><img loading="lazy" decoding="async" width="275" height="315" src="http://test.boomerang.pe/museo/wp-content/uploads/2024/01/foto-1-2.jpg" alt="" class="wp-image-380" srcset="http://test.boomerang.pe/museo/wp-content/uploads/2024/01/foto-1-2.jpg 275w, http://test.boomerang.pe/museo/wp-content/uploads/2024/01/foto-1-2-262x300.jpg 262w" sizes="auto, (max-width: 275px) 100vw, 275px" /><figcaption class="wp-element-caption"><em>Retrato de John Mackay, fundador del Colegio San Andrés- Anglo Peruano.  Wikipedia.</em></figcaption></figure></div>


<p>En 1930 se trasladó el local a la avenida Petit Thouars 179, en el Cercado de Lima, donde permanece hasta el día de hoy, participando de dicha inauguración el presidente del Perú, Augusto B. Leguía. Doce años después, su nombre cambió de “Anglo Peruano” a “San Andrés”, con el que se le conoce actualmente. Asimismo, desde el año 1994 se volvió a admitir el ingreso de niñas en el primer grado de primaria, y en 2004 egresó de sus aulas la primera promoción mixta.</p>



<p>Entre los docentes que enseñaron en esta institución educativa figuran entre otros: Víctor Raúl Haya de la Torre, Raúl Porras Barrenechea, Alfredo Bryce Echenique.</p>


<div class="wp-block-image">
<figure class="aligncenter size-large"><img loading="lazy" decoding="async" width="1024" height="768" src="http://test.boomerang.pe/museo/wp-content/uploads/2024/01/foto-1-3-1-1024x768.png" alt="" class="wp-image-382" srcset="http://test.boomerang.pe/museo/wp-content/uploads/2024/01/foto-1-3-1-1024x768.png 1024w, http://test.boomerang.pe/museo/wp-content/uploads/2024/01/foto-1-3-1-300x225.png 300w, http://test.boomerang.pe/museo/wp-content/uploads/2024/01/foto-1-3-1-768x576.png 768w, http://test.boomerang.pe/museo/wp-content/uploads/2024/01/foto-1-3-1-1536x1152.png 1536w, http://test.boomerang.pe/museo/wp-content/uploads/2024/01/foto-1-3-1-2048x1537.png 2048w" sizes="auto, (max-width: 1024px) 100vw, 1024px" /></figure></div>


<h2 class="wp-block-heading">Fuentes</h2>



<ul class="wp-block-list">
<li>Curlee, R. R. y Isaac-Curlee, M. R. (1994). Uniendo la brecha: John A. Mackay, los presbiterianos y el movimiento carismático. <em>Journal of Presbyterian History, 72</em>(3), 141-156.</li>
</ul>



<ul class="wp-block-list">
<li>García-Bryce, I. (2018). Revolution for Export. Forging a Latin American Revolution. En I. García-Bryce,&nbsp;<em>Haya de la Torre and the Pursuit of Power in Twentieth-Century Peru and Latin America</em>&nbsp;(pp. 12-49). University of North Carolina Press.</li>



<li>Gutiérrez, T. (2014).&nbsp;<em>Protestantismo y política en la vida y obra de John A. Mackay (1917-1936)</em>. Ediciones Puma.&nbsp;</li>



<li>Kerr, H. T. (1959). John A. Mackay: An Appreciation. En E. J. Jurji (Ed.),&nbsp;<em>The Ecumenical Era in Church and Society: A Symposium in Honor of John A. Mackay</em>&nbsp;(pp.&nbsp;1-17). The Macmillan Company.</li>



<li>Mackay. J. A. (1978). John A. Mackay: influencias en mi vida.&nbsp;<em>Journal of Presbyterian History, 56</em>(1), 20-34.</li>



<li>Mackay, J. A. (2014).&nbsp;<em>The Meaning of Life: Christian Truth and Social Change in Latin America</em>. Wipf &amp; Stock.</li>



<li>Mackay Metzger, J. (2010).&nbsp;<em>La mano y el camino: la vida y la época de John A. Mackay</em>. Westminster John Knox Press.</li>



<li>Sinclair, J. (2010). Un perfil de John A. Mackay: “aquel escocés con alma latina”.&nbsp;<em>Vida y Pensamiento, 30</em>(2), 29-47.</li>
</ul>



<p>Sitio web del colegio: <a href="https://sanandres.edu.pe/nuestro-colegio/">https://sanandres.edu.pe/nuestro-colegio/</a></p>



<p>Foto de portada: <em>local del colegio San Andrés. Tomado de </em><a href="https://es.wikipedia.org/wiki/Colegio_San_Andr%C3%A9s"><em>Wikipedia</em></a></p>



<p class="has-small-font-size">Texto basado en el estudio de Enmanuel Montalvo realizada para el Taller del Museo Virtual Historia de la Escuela Peruana 2020-II. Redacción: Themis Castellanos del Portal y Grecia Valdivia Jaén. Edición final: Luis Sime Poma</p>

<p>(1917-actualidad) Durante el periodo de la República Aristocrática (1895-1919) se derogaron las leyes conservadoras que impedían el libre ejercicio de la fe protestante en el Perú. De este modo, se alentó la formación de comunidades extranjeras en un esfuerzo por aumentar los flujos migratorios europeos. Este cambio en el marco legal permitió la aparición de[&#8230;]</p>
