{"id":408,"date":"2024-01-05T20:25:43","date_gmt":"2024-01-05T20:25:43","guid":{"rendered":"http:\/\/test.boomerang.pe\/museo\/?post_type=historias&#038;p=408"},"modified":"2024-02-16T14:09:31","modified_gmt":"2024-02-16T14:09:31","slug":"colegio-de-los-sagrados-corazones-de-la-recoleta","status":"publish","type":"historias","link":"http:\/\/test.boomerang.pe\/museo\/historias\/colegio-de-los-sagrados-corazones-de-la-recoleta\/","title":{"rendered":"Colegio de los Sagrados Corazones de la Recoleta"},"content":{"rendered":"\n<p>El 23 de setiembre de 1884 la Sociedad de Lima solicita al sacerdote Augusto Jamet, de la orden religiosa francesa de los Sagrados Corazones, la instalaci\u00f3n de un colegio. El padre Jamet ya hab\u00eda logrado de manera exitosa el establecimiento de colegios en Chile, siguiendo un moderno m\u00e9todo de ense\u00f1anza e introduciendo la pedagog\u00eda vigente que se ejerc\u00eda en Europa, todo ello acompa\u00f1ado del ejercicio de pr\u00e1cticas religiosas cristianas.<\/p>\n\n\n\n<p>Con el entusiasmo que lo caracterizaba, el padre Jamet inicia los tr\u00e1mites para la autorizaci\u00f3n de su funcionamiento y ya en 1885 con la Resoluci\u00f3n Suprema que autorizaba su apertura se adquiere el terreno donde se ubicar\u00eda el colegio, ubic\u00e1ndose en la Plazuela de la Recoleta (actualmente Plaza Francia en el centro de Lima), junto a la iglesia del mismo nombre reconstruida por la misma fecha. En esta labor participaron tambi\u00e9n los padres Palmacio Erhard, Francisco de Soto y Donato Loir.&nbsp;<\/p>\n\n\n\n<p>Es en 1893 que el padre alem\u00e1n Engelberto Blum asume la direcci\u00f3n y se inician las clases contando con 22 alumnos inscritos en el nivel de primaria. Por su alta calidad educativa prontamente el n\u00famero del alumnado fue en incremento y, desde entonces, se convirti\u00f3 en uno de los establecimientos de ense\u00f1anza de mayor prestigio en el pa\u00eds.Entre uno de sus maestros m\u00e1s destacados se encontraba el padre <a href=\"https:\/\/www.youtube.com\/watch?v=6iyKmJyenMc&amp;ab_channel=puntoedu\">Jorge Dintilhac<\/a>, quien adem\u00e1s de dictar los cursos que se le encomendaba, se encarg\u00f3 de organizar el primer bolet\u00edn escolar recoletano (bolet\u00edn que hasta la actualidad se sigue publicando) y fundar la Asociaci\u00f3n de J\u00f3venes Cat\u00f3licos. Fue precisamente el padre Dintilhac uno de los m\u00e1s entusiastas en crear una Universidad Cat\u00f3lica que continuara con el legado impartido en la Recoleta. Es as\u00ed como, en la primera sesi\u00f3n del Comit\u00e9 Organizador, del 18 de marzo de 1917, se acuerda nombrarlo rector provisional. Durante sus primeros a\u00f1os de funcionamiento, la primera universidad privada del pa\u00eds se instal\u00f3 en los ambientes del colegio la Recoleta hasta que en 1942 se hace benefactora de hacer uso en las propiedades dejadas en herencia por su ex alumno Jos\u00e9 de la Riva Ag\u00fcero.<\/p>\n\n\n<div class=\"wp-block-image\">\n<figure class=\"aligncenter size-large\"><img loading=\"lazy\" decoding=\"async\" width=\"1024\" height=\"732\" src=\"http:\/\/test.boomerang.pe\/museo\/wp-content\/uploads\/2024\/01\/7-2-last-1024x732.png\" alt=\"\" class=\"wp-image-410\" srcset=\"http:\/\/test.boomerang.pe\/museo\/wp-content\/uploads\/2024\/01\/7-2-last-1024x732.png 1024w, http:\/\/test.boomerang.pe\/museo\/wp-content\/uploads\/2024\/01\/7-2-last-300x215.png 300w, http:\/\/test.boomerang.pe\/museo\/wp-content\/uploads\/2024\/01\/7-2-last-768x549.png 768w, http:\/\/test.boomerang.pe\/museo\/wp-content\/uploads\/2024\/01\/7-2-last-1536x1099.png 1536w, http:\/\/test.boomerang.pe\/museo\/wp-content\/uploads\/2024\/01\/7-2-last.png 1587w\" sizes=\"auto, (max-width: 1024px) 100vw, 1024px\" \/><figcaption class=\"wp-element-caption\"><em>Alumnos del Colegio de la Recoleta 2do a\u00f1o de Media (1914). Bolet\u00edn Recoletano<\/em><\/figcaption><\/figure><\/div>\n\n\n<p>Precisamente muchos de los ex alumnos del colegio la Recoleta se han distinguido en distintos sectores de la sociedad, ya sea en letras, ciencias, pol\u00edtica e industria. Entre ellos se encuentran Ra\u00fal Porras Barrenechea, Francisco y Ventura Garc\u00eda Calder\u00f3n, Hern\u00e1n Pazos, Jos\u00e9 Antonio Lavalle, Rafael de la Puente, Luis Alberto S\u00e1nchez, Fernando Belaunde Terry, entre muchos otros.<\/p>\n\n\n<div class=\"wp-block-image\">\n<figure class=\"aligncenter size-large\"><img loading=\"lazy\" decoding=\"async\" width=\"1024\" height=\"274\" src=\"http:\/\/test.boomerang.pe\/museo\/wp-content\/uploads\/2024\/01\/7-3-last-1024x274.png\" alt=\"\" class=\"wp-image-411\" srcset=\"http:\/\/test.boomerang.pe\/museo\/wp-content\/uploads\/2024\/01\/7-3-last-1024x274.png 1024w, http:\/\/test.boomerang.pe\/museo\/wp-content\/uploads\/2024\/01\/7-3-last-300x80.png 300w, http:\/\/test.boomerang.pe\/museo\/wp-content\/uploads\/2024\/01\/7-3-last-768x206.png 768w, http:\/\/test.boomerang.pe\/museo\/wp-content\/uploads\/2024\/01\/7-3-last.png 1483w\" sizes=\"auto, (max-width: 1024px) 100vw, 1024px\" \/><figcaption class=\"wp-element-caption\"><em>Alumnado del Colegio de la Recoleta (1950). Bolet\u00edn Recoletano.<\/em><\/figcaption><\/figure><\/div>\n\n\n<p>En 1961 la congregaci\u00f3n adquiere un terreno en el distrito de La Molina, traslad\u00e1ndose a un nuevo local con moderna infraestructura. En 1974 se inicia la coeducaci\u00f3n que permite la formaci\u00f3n de estudiantes varones y mujeres.<\/p>\n\n\n\n<p>A partir de 1995 la direcci\u00f3n del colegio es cedida a un laico, siendo Edgardo Sarmiento Llamosas quien asume el puesto. En el 2014, Pamela Olano de Cieza es elegida la primera directora mujer en ocupar este cargo.<\/p>\n\n\n\n<p>Los valores institucionales del colegio han sido: el respeto a la persona, la convivencia pac\u00edfica, la solidaridad, la creatividad y la trascendencia.<\/p>\n\n\n\n<h2 class=\"wp-block-heading\"><strong>Fuentes<\/strong><\/h2>\n\n\n\n<ul class=\"wp-block-list\">\n<li>Basadre Grohmann, J. (2014). <em>Historia de la Rep\u00fablica del Per\u00fa. <\/em>Tomo 8. Editorial El Comercio.<\/li>\n\n\n\n<li>Bolet\u00edn Escolar Recoletano (1942) Revista estudiantil. N\u00b0 99, Lima.<\/li>\n\n\n\n<li>Bolet\u00edn Escolar Recoletano (1943) Revista estudiantil. N\u00b0 102, Lima.<\/li>\n\n\n\n<li>Dammert Bellido, J. (2012). <em>Los primeros a\u00f1os de la PUCP. <\/em>Fondo editorial de la Pontificia Universidad Cat\u00f3lica del Per\u00fa.<\/li>\n\n\n\n<li>Salas Guerrero, C. (2017). El Colegio de la Recoleta y la PUCP. <em>Alerta Archiv\u00edstica PUCP<\/em>. N\u00b0 178.<\/li>\n\n\n\n<li>Colegio SSCC. Recoleta. <a href=\"https:\/\/www.recoleta.edu.pe\/historia\">La historia del colegio. <\/a>Web Institucional.<\/li>\n<\/ul>\n\n\n\n<p>Foto de portada: Colegio del Colegio de los Sagrados Corazones en la Plaza Francia, 1914. Bolet\u00edn Recoletano<\/p>\n\n\n\n<p class=\"has-small-font-size\">Texto basado en el estudio de Canal Museal. Edici\u00f3n final: Luis Sime<\/p>\n","protected":false},"excerpt":{"rendered":"<p>El 23 de setiembre de 1884 la Sociedad de Lima solicita al sacerdote Augusto Jamet, de la orden religiosa francesa de los Sagrados Corazones, la instalaci\u00f3n de un colegio. El padre Jamet ya hab\u00eda logrado de manera exitosa el establecimiento de colegios en Chile, siguiendo un moderno m\u00e9todo de ense\u00f1anza e introduciendo la pedagog\u00eda vigente[&#8230;]<\/p>\n","protected":false},"featured_media":409,"template":"","class_list":["post-408","historias","type-historias","status-publish","has-post-thumbnail","hentry"],"_links":{"self":[{"href":"http:\/\/test.boomerang.pe\/museo\/wp-json\/wp\/v2\/historias\/408","targetHints":{"allow":["GET"]}}],"collection":[{"href":"http:\/\/test.boomerang.pe\/museo\/wp-json\/wp\/v2\/historias"}],"about":[{"href":"http:\/\/test.boomerang.pe\/museo\/wp-json\/wp\/v2\/types\/historias"}],"wp:featuredmedia":[{"embeddable":true,"href":"http:\/\/test.boomerang.pe\/museo\/wp-json\/wp\/v2\/media\/409"}],"wp:attachment":[{"href":"http:\/\/test.boomerang.pe\/museo\/wp-json\/wp\/v2\/media?parent=408"}],"curies":[{"name":"wp","href":"https:\/\/api.w.org\/{rel}","templated":true}]}}

<p>El 23 de setiembre de 1884 la Sociedad de Lima solicita al sacerdote Augusto Jamet, de la orden religiosa francesa de los Sagrados Corazones, la instalación de un colegio. El padre Jamet ya había logrado de manera exitosa el establecimiento de colegios en Chile, siguiendo un moderno método de enseñanza e introduciendo la pedagogía vigente que se ejercía en Europa, todo ello acompañado del ejercicio de prácticas religiosas cristianas.</p>



<p>Con el entusiasmo que lo caracterizaba, el padre Jamet inicia los trámites para la autorización de su funcionamiento y ya en 1885 con la Resolución Suprema que autorizaba su apertura se adquiere el terreno donde se ubicaría el colegio, ubicándose en la Plazuela de la Recoleta (actualmente Plaza Francia en el centro de Lima), junto a la iglesia del mismo nombre reconstruida por la misma fecha. En esta labor participaron también los padres Palmacio Erhard, Francisco de Soto y Donato Loir.&nbsp;</p>



<p>Es en 1893 que el padre alemán Engelberto Blum asume la dirección y se inician las clases contando con 22 alumnos inscritos en el nivel de primaria. Por su alta calidad educativa prontamente el número del alumnado fue en incremento y, desde entonces, se convirtió en uno de los establecimientos de enseñanza de mayor prestigio en el país.Entre uno de sus maestros más destacados se encontraba el padre <a href="https://www.youtube.com/watch?v=6iyKmJyenMc&amp;ab_channel=puntoedu">Jorge Dintilhac</a>, quien además de dictar los cursos que se le encomendaba, se encargó de organizar el primer boletín escolar recoletano (boletín que hasta la actualidad se sigue publicando) y fundar la Asociación de Jóvenes Católicos. Fue precisamente el padre Dintilhac uno de los más entusiastas en crear una Universidad Católica que continuara con el legado impartido en la Recoleta. Es así como, en la primera sesión del Comité Organizador, del 18 de marzo de 1917, se acuerda nombrarlo rector provisional. Durante sus primeros años de funcionamiento, la primera universidad privada del país se instaló en los ambientes del colegio la Recoleta hasta que en 1942 se hace benefactora de hacer uso en las propiedades dejadas en herencia por su ex alumno José de la Riva Agüero.</p>


<div class="wp-block-image">
<figure class="aligncenter size-large"><img loading="lazy" decoding="async" width="1024" height="732" src="http://test.boomerang.pe/museo/wp-content/uploads/2024/01/7-2-last-1024x732.png" alt="" class="wp-image-410" srcset="http://test.boomerang.pe/museo/wp-content/uploads/2024/01/7-2-last-1024x732.png 1024w, http://test.boomerang.pe/museo/wp-content/uploads/2024/01/7-2-last-300x215.png 300w, http://test.boomerang.pe/museo/wp-content/uploads/2024/01/7-2-last-768x549.png 768w, http://test.boomerang.pe/museo/wp-content/uploads/2024/01/7-2-last-1536x1099.png 1536w, http://test.boomerang.pe/museo/wp-content/uploads/2024/01/7-2-last.png 1587w" sizes="auto, (max-width: 1024px) 100vw, 1024px" /><figcaption class="wp-element-caption"><em>Alumnos del Colegio de la Recoleta 2do año de Media (1914). Boletín Recoletano</em></figcaption></figure></div>


<p>Precisamente muchos de los ex alumnos del colegio la Recoleta se han distinguido en distintos sectores de la sociedad, ya sea en letras, ciencias, política e industria. Entre ellos se encuentran Raúl Porras Barrenechea, Francisco y Ventura García Calderón, Hernán Pazos, José Antonio Lavalle, Rafael de la Puente, Luis Alberto Sánchez, Fernando Belaunde Terry, entre muchos otros.</p>


<div class="wp-block-image">
<figure class="aligncenter size-large"><img loading="lazy" decoding="async" width="1024" height="274" src="http://test.boomerang.pe/museo/wp-content/uploads/2024/01/7-3-last-1024x274.png" alt="" class="wp-image-411" srcset="http://test.boomerang.pe/museo/wp-content/uploads/2024/01/7-3-last-1024x274.png 1024w, http://test.boomerang.pe/museo/wp-content/uploads/2024/01/7-3-last-300x80.png 300w, http://test.boomerang.pe/museo/wp-content/uploads/2024/01/7-3-last-768x206.png 768w, http://test.boomerang.pe/museo/wp-content/uploads/2024/01/7-3-last.png 1483w" sizes="auto, (max-width: 1024px) 100vw, 1024px" /><figcaption class="wp-element-caption"><em>Alumnado del Colegio de la Recoleta (1950). Boletín Recoletano.</em></figcaption></figure></div>


<p>En 1961 la congregación adquiere un terreno en el distrito de La Molina, trasladándose a un nuevo local con moderna infraestructura. En 1974 se inicia la coeducación que permite la formación de estudiantes varones y mujeres.</p>



<p>A partir de 1995 la dirección del colegio es cedida a un laico, siendo Edgardo Sarmiento Llamosas quien asume el puesto. En el 2014, Pamela Olano de Cieza es elegida la primera directora mujer en ocupar este cargo.</p>



<p>Los valores institucionales del colegio han sido: el respeto a la persona, la convivencia pacífica, la solidaridad, la creatividad y la trascendencia.</p>



<h2 class="wp-block-heading"><strong>Fuentes</strong></h2>



<ul class="wp-block-list">
<li>Basadre Grohmann, J. (2014). <em>Historia de la República del Perú. </em>Tomo 8. Editorial El Comercio.</li>



<li>Boletín Escolar Recoletano (1942) Revista estudiantil. N° 99, Lima.</li>



<li>Boletín Escolar Recoletano (1943) Revista estudiantil. N° 102, Lima.</li>



<li>Dammert Bellido, J. (2012). <em>Los primeros años de la PUCP. </em>Fondo editorial de la Pontificia Universidad Católica del Perú.</li>



<li>Salas Guerrero, C. (2017). El Colegio de la Recoleta y la PUCP. <em>Alerta Archivística PUCP</em>. N° 178.</li>



<li>Colegio SSCC. Recoleta. <a href="https://www.recoleta.edu.pe/historia">La historia del colegio. </a>Web Institucional.</li>
</ul>



<p>Foto de portada: Colegio del Colegio de los Sagrados Corazones en la Plaza Francia, 1914. Boletín Recoletano</p>



<p class="has-small-font-size">Texto basado en el estudio de Canal Museal. Edición final: Luis Sime</p>

<p>El 23 de setiembre de 1884 la Sociedad de Lima solicita al sacerdote Augusto Jamet, de la orden religiosa francesa de los Sagrados Corazones, la instalación de un colegio. El padre Jamet ya había logrado de manera exitosa el establecimiento de colegios en Chile, siguiendo un moderno método de enseñanza e introduciendo la pedagogía vigente[&#8230;]</p>
