{"id":423,"date":"2024-01-05T20:44:57","date_gmt":"2024-01-05T20:44:57","guid":{"rendered":"http:\/\/test.boomerang.pe\/museo\/?post_type=historias&#038;p=423"},"modified":"2024-02-16T14:15:43","modified_gmt":"2024-02-16T14:15:43","slug":"colegios-fe-y-alegria-lima","status":"publish","type":"historias","link":"http:\/\/test.boomerang.pe\/museo\/historias\/colegios-fe-y-alegria-lima\/","title":{"rendered":"Colegios Fe y Alegr\u00eda, Lima"},"content":{"rendered":"\n<p>Fe y Alegr\u00eda en el Per\u00fa fue posible gracias a la gesti\u00f3n del padre jesuita <a href=\"https:\/\/youtu.be\/d8gi0DGYWUM\">Jos\u00e9 Mar\u00eda V\u00e9laz<\/a>, quien, hacia 1965, empez\u00f3 sus gestiones en el pa\u00eds a fin de continuar con su labor fundacional de colegios. Este trabajo ya hab\u00eda sido iniciado en Venezuela en 1955 y, posteriormente, se expandi\u00f3 a Panam\u00e1 y Ecuador en 1964. Bajo lemas como: \u201cEducaci\u00f3n para la vida, educaci\u00f3n para el trabajo\u201d, \u201cSi quieres realizar una obra que dure un a\u00f1o, siembra una semilla. Si quieres realizar una obra que dure diez a\u00f1os, planta un \u00e1rbol. Si quieres realizar una obra que dure cien a\u00f1os, educa al pueblo\u201d o \u201cFe y Alegr\u00eda comienza donde termina el asfalto, donde no gotea el agua potable, donde la ciudad pierde su nombre\u201d, entre otros, representan el sentido de la acci\u00f3n social de la fe mediante la gesti\u00f3n y el prop\u00f3sito educativo asumido como herramienta de desarrollo contra la pobreza.&nbsp;&nbsp;<\/p>\n\n\n\n<p>En los inicios de los colegios Fe y Alegr\u00eda en Lima, el padre V\u00e9laz logr\u00f3 el compromiso de la Orden de la Compa\u00f1\u00eda de Jes\u00fas en Lima, del Cardenal Juan Land\u00e1zuri y del gobierno peruano, encabezado por el arquitecto Fernando Bela\u00fande, as\u00ed como del alcalde de Lima, Luis Bedoya Reyes. En cuanto a lo pedag\u00f3gico, recibi\u00f3 apoyo del Colegio Inmaculada y de la Escuela Normal de Monterrico, a trav\u00e9s de su directora, la madre Mar\u00eda Miranda Garrido.&nbsp;<\/p>\n\n\n\n<p>La labor del hermano jesuita Ignacio Marqu\u00ednez se orient\u00f3 a la b\u00fasqueda de terrenos en zonas marginales con la finalidad de obtenerlos como sedes de los colegios. Para lograrlo, se llev\u00f3 a cabo di\u00e1logos con los vecinos, explic\u00e1ndoles el alcance del proyecto y sus beneficios. La madre Mar\u00eda Miranda gestionar\u00eda&nbsp; el apoyo de un representante de la Corporaci\u00f3n Nacional de Vivienda y fue as\u00ed como se consiguieron cinco terrenos que se convirtieron en la base para el inicio de las actividades educativas en 1966, con la creaci\u00f3n de cinco escuelas p\u00fablicas en zonas y barrios populares de bajas condiciones econ\u00f3micas, ubicadas en las \u00e1reas perif\u00e9ricas y marginadas de Lima: San Mart\u00edn de Porres (Fe y Alegr\u00eda 1 y 2), San Juan de Miraflores (Fe y Alegr\u00eda 3) y San Juan de Lurigancho (Fe y Alegr\u00eda 4 y 5).&nbsp;<\/p>\n\n\n<div class=\"wp-block-image\">\n<figure class=\"aligncenter size-full\"><img loading=\"lazy\" decoding=\"async\" width=\"800\" height=\"565\" src=\"http:\/\/test.boomerang.pe\/museo\/wp-content\/uploads\/2024\/01\/Foto-11-2.jpg\" alt=\"\" class=\"wp-image-424\" srcset=\"http:\/\/test.boomerang.pe\/museo\/wp-content\/uploads\/2024\/01\/Foto-11-2.jpg 800w, http:\/\/test.boomerang.pe\/museo\/wp-content\/uploads\/2024\/01\/Foto-11-2-300x212.jpg 300w, http:\/\/test.boomerang.pe\/museo\/wp-content\/uploads\/2024\/01\/Foto-11-2-768x542.jpg 768w\" sizes=\"auto, (max-width: 800px) 100vw, 800px\" \/><figcaption class=\"wp-element-caption\"><em>T\u00e1cunan, Santiago (2020). Historia de los colegios Fe y Alegr\u00eda en Lima Norte. Universidad Cat\u00f3lica Sedes Sapientiae<\/em><\/figcaption><\/figure><\/div>\n\n\n<p>Durante los primeros a\u00f1os, las aulas estaban hechas de esteras, palos, cartones y algunas pizarras, sillas y carpetas. Posteriormente se emplearon aulas prefabricadas y gracias a las gestiones de sus autoridades, se construyeron las aulas con material noble. Adem\u00e1s, se implementaron laboratorios y talleres con equipos tecnol\u00f3gicos y materiales bibliogr\u00e1ficos, se erigieron capillas y se establecieron convenios con entidades educativas de nivel superior y otras instituciones privadas. Se promovieron encuentros entre escuelas Fe y Alegr\u00eda de otros distritos y regiones con el objetivo de intercambiar experiencias e incorporar iniciativas y conocimientos para mejorar las labores pedag\u00f3gicas.<\/p>\n\n\n<div class=\"wp-block-image\">\n<figure class=\"aligncenter size-full\"><img loading=\"lazy\" decoding=\"async\" width=\"800\" height=\"563\" src=\"http:\/\/test.boomerang.pe\/museo\/wp-content\/uploads\/2024\/01\/Foto-11-3.jpg\" alt=\"\" class=\"wp-image-425\" srcset=\"http:\/\/test.boomerang.pe\/museo\/wp-content\/uploads\/2024\/01\/Foto-11-3.jpg 800w, http:\/\/test.boomerang.pe\/museo\/wp-content\/uploads\/2024\/01\/Foto-11-3-300x211.jpg 300w, http:\/\/test.boomerang.pe\/museo\/wp-content\/uploads\/2024\/01\/Foto-11-3-768x540.jpg 768w\" sizes=\"auto, (max-width: 800px) 100vw, 800px\" \/><figcaption class=\"wp-element-caption\"><em>T\u00e1cunan, Santiago (2020). Historia de los colegios Fe y Alegr\u00eda en Lima Norte. Universidad Cat\u00f3lica Sedes Sapientiae<\/em><\/figcaption><\/figure><\/div>\n\n\n<p>Fe y Alegr\u00eda del Per\u00fa ha crecido y se ha fortalecido en sus a\u00f1os de existencia, superando expectativas y retos. Actualmente se encuentra en 21 regiones del pa\u00eds desarrollando diversas modalidades del sistema educativo: B\u00e1sica Regular, Especial y Alternativa, tanto en el \u00e1mbito urbano como rural y en sus niveles b\u00e1sico y superior.&nbsp;<\/p>\n\n\n\n<p>Los colegios Fe y Alegr\u00eda proyectan su accionar pedag\u00f3gico en tres directrices:<\/p>\n\n\n\n<ul class=\"wp-block-list\">\n<li>Educaci\u00f3n popular: Empoderamiento de los actores a fin de alcanzar su compromiso para con su crecimiento tanto personal como social y del desarrollo de su entorno.&nbsp;<\/li>\n\n\n\n<li>Educaci\u00f3n en valores: El objetivo es construir una ciudadan\u00eda \u00e9tica y justa con responsabilidad que se refleje en lo social y el entorno natural.<\/li>\n\n\n\n<li>Educaci\u00f3n en relaci\u00f3n al trabajo: El compromiso de desarrollar competencias a favor del emprendimiento, su inserci\u00f3n en el campo laboral y desarrollo de una cultura del aprendizaje constante.<\/li>\n<\/ul>\n\n\n<div class=\"wp-block-image\">\n<figure class=\"aligncenter size-full\"><img loading=\"lazy\" decoding=\"async\" width=\"900\" height=\"503\" src=\"http:\/\/test.boomerang.pe\/museo\/wp-content\/uploads\/2024\/01\/Foto-11-4.png\" alt=\"\" class=\"wp-image-426\" srcset=\"http:\/\/test.boomerang.pe\/museo\/wp-content\/uploads\/2024\/01\/Foto-11-4.png 900w, http:\/\/test.boomerang.pe\/museo\/wp-content\/uploads\/2024\/01\/Foto-11-4-300x168.png 300w, http:\/\/test.boomerang.pe\/museo\/wp-content\/uploads\/2024\/01\/Foto-11-4-768x429.png 768w\" sizes=\"auto, (max-width: 900px) 100vw, 900px\" \/><figcaption class=\"wp-element-caption\"><em>Colegio Fe y Alegr\u00eda N 11. Collique. Comas&nbsp; (2014). <\/em><a href=\"https:\/\/elmontonero.pe\/educacion\/fe-y-alegria-en-la-educacion\"><em>El Montonero, <\/em><\/a><em>14 agosto 2014.<\/em><\/figcaption><\/figure><\/div>\n\n\n<h2 class=\"wp-block-heading\">Fuentes<\/h2>\n\n\n\n<ul class=\"wp-block-list\">\n<li>C\u00e1ceres, N.; Morales, T. y Villanueva, Mi. (2003). <a href=\"https:\/\/centroderecursos.alboan.org\/es\/registros\/5953-educacion-en-valores-una\"><em>Educaci\u00f3n en valores. Una experiencia de Fe y Alegr\u00eda en Per\u00fa. Fe y Alegr\u00eda<\/em>.<\/a> Proyecto \u201cProyecto Calidad educativa y experiencias significativas en Fe y Alegr\u00eda\u201d-Banco Interamericano de Desarrollo (BID).<\/li>\n\n\n\n<li>Fe y Alegr\u00eda (2003). <em>Propuesta pedag\u00f3gica de Fe y Alegr\u00eda: lineamientos te\u00f3ricos y pr\u00e1cticos para la construcci\u00f3n de la propuesta pedag\u00f3gica de centros y programas<\/em>. Fe y Alegr\u00eda Movimiento de Educaci\u00f3n Popular Integral.&nbsp;&nbsp;<\/li>\n\n\n\n<li>Fe y Alegr\u00eda del Per\u00fa (2023). \u201c<a href=\"https:\/\/feyalegria.org.pe\/\">Nuestra historia\u201d<\/a>.&nbsp; Web Institucional.<\/li>\n\n\n\n<li>Poggi, Alfredo (2022). <a href=\"https:\/\/acontracorriente.chass.ncsu.edu\/index.php\/acontracorriente\/issue\/view\/117\">Ignacio de Loyola, la teolog\u00eda de la liberaci\u00f3n y la opci\u00f3n por los pobres: La misi\u00f3n pedag\u00f3gica jesuita en Latinoam\u00e9rica y la transformaci\u00f3n de la educaci\u00f3n popular.<\/a> <em>A contracorriente. Una revista de estudios latinoamericanos, 19<\/em> (3), 90-109.&nbsp;<\/li>\n\n\n\n<li>T\u00e1cunan, S. (2020). <a href=\"https:\/\/www.ucss.edu.pe\/images\/fondo-editorial\/publicaciones-descargables\/historias-colegios-fe-alegria-lima-norte-fondo-editorial.pdf\"><em>Historia de los colegios Fe y Alegr\u00eda en Lima Norte.<\/em> <\/a>Universidad Cat\u00f3lica Sedes Sapientiae.<\/li>\n\n\n\n<li>T\u00e1cunan, S. (2014). <em>Iglesia y educaci\u00f3n: Historia de los colegios Presentaci\u00f3n de Mar\u00eda y Jes\u00fas Obrero de Comas.<\/em> Universidad Cat\u00f3lica Sedes Sapientiae.<\/li>\n<\/ul>\n\n\n\n<p>Foto Portada: <em>Fe y Alegr\u00eda N 39. <\/em><a href=\"https:\/\/red14educandoenvalores.blogspot.com\/2012\/11\/institucion-educativa-fe-y-alegria-n-39.html\"><em>Red Educativa N 14 El Agustino.<\/em><\/a><\/p>\n\n\n\n<p class=\"has-small-font-size\">Texto basado en el estudio de Canal Museal. Edici\u00f3n final: Luis Sime Poma<\/p>\n","protected":false},"excerpt":{"rendered":"<p>Fe y Alegr\u00eda en el Per\u00fa fue posible gracias a la gesti\u00f3n del padre jesuita Jos\u00e9 Mar\u00eda V\u00e9laz, quien, hacia 1965, empez\u00f3 sus gestiones en el pa\u00eds a fin de continuar con su labor fundacional de colegios. Este trabajo ya hab\u00eda sido iniciado en Venezuela en 1955 y, posteriormente, se expandi\u00f3 a Panam\u00e1 y Ecuador[&#8230;]<\/p>\n","protected":false},"featured_media":427,"template":"","class_list":["post-423","historias","type-historias","status-publish","has-post-thumbnail","hentry"],"_links":{"self":[{"href":"http:\/\/test.boomerang.pe\/museo\/wp-json\/wp\/v2\/historias\/423","targetHints":{"allow":["GET"]}}],"collection":[{"href":"http:\/\/test.boomerang.pe\/museo\/wp-json\/wp\/v2\/historias"}],"about":[{"href":"http:\/\/test.boomerang.pe\/museo\/wp-json\/wp\/v2\/types\/historias"}],"wp:featuredmedia":[{"embeddable":true,"href":"http:\/\/test.boomerang.pe\/museo\/wp-json\/wp\/v2\/media\/427"}],"wp:attachment":[{"href":"http:\/\/test.boomerang.pe\/museo\/wp-json\/wp\/v2\/media?parent=423"}],"curies":[{"name":"wp","href":"https:\/\/api.w.org\/{rel}","templated":true}]}}

Colegios Fe y Alegría, Lima

<p>Fe y Alegría en el Perú fue posible gracias a la gestión del padre jesuita <a href="https://youtu.be/d8gi0DGYWUM">José María Vélaz</a>, quien, hacia 1965, empezó sus gestiones en el país a fin de continuar con su labor fundacional de colegios. Este trabajo ya había sido iniciado en Venezuela en 1955 y, posteriormente, se expandió a Panamá y Ecuador en 1964. Bajo lemas como: “Educación para la vida, educación para el trabajo”, “Si quieres realizar una obra que dure un año, siembra una semilla. Si quieres realizar una obra que dure diez años, planta un árbol. Si quieres realizar una obra que dure cien años, educa al pueblo” o “Fe y Alegría comienza donde termina el asfalto, donde no gotea el agua potable, donde la ciudad pierde su nombre”, entre otros, representan el sentido de la acción social de la fe mediante la gestión y el propósito educativo asumido como herramienta de desarrollo contra la pobreza.&nbsp;&nbsp;</p>



<p>En los inicios de los colegios Fe y Alegría en Lima, el padre Vélaz logró el compromiso de la Orden de la Compañía de Jesús en Lima, del Cardenal Juan Landázuri y del gobierno peruano, encabezado por el arquitecto Fernando Belaúnde, así como del alcalde de Lima, Luis Bedoya Reyes. En cuanto a lo pedagógico, recibió apoyo del Colegio Inmaculada y de la Escuela Normal de Monterrico, a través de su directora, la madre María Miranda Garrido.&nbsp;</p>



<p>La labor del hermano jesuita Ignacio Marquínez se orientó a la búsqueda de terrenos en zonas marginales con la finalidad de obtenerlos como sedes de los colegios. Para lograrlo, se llevó a cabo diálogos con los vecinos, explicándoles el alcance del proyecto y sus beneficios. La madre María Miranda gestionaría&nbsp; el apoyo de un representante de la Corporación Nacional de Vivienda y fue así como se consiguieron cinco terrenos que se convirtieron en la base para el inicio de las actividades educativas en 1966, con la creación de cinco escuelas públicas en zonas y barrios populares de bajas condiciones económicas, ubicadas en las áreas periféricas y marginadas de Lima: San Martín de Porres (Fe y Alegría 1 y 2), San Juan de Miraflores (Fe y Alegría 3) y San Juan de Lurigancho (Fe y Alegría 4 y 5).&nbsp;</p>


<div class="wp-block-image">
<figure class="aligncenter size-full"><img loading="lazy" decoding="async" width="800" height="565" src="http://test.boomerang.pe/museo/wp-content/uploads/2024/01/Foto-11-2.jpg" alt="" class="wp-image-424" srcset="http://test.boomerang.pe/museo/wp-content/uploads/2024/01/Foto-11-2.jpg 800w, http://test.boomerang.pe/museo/wp-content/uploads/2024/01/Foto-11-2-300x212.jpg 300w, http://test.boomerang.pe/museo/wp-content/uploads/2024/01/Foto-11-2-768x542.jpg 768w" sizes="auto, (max-width: 800px) 100vw, 800px" /><figcaption class="wp-element-caption"><em>Tácunan, Santiago (2020). Historia de los colegios Fe y Alegría en Lima Norte. Universidad Católica Sedes Sapientiae</em></figcaption></figure></div>


<p>Durante los primeros años, las aulas estaban hechas de esteras, palos, cartones y algunas pizarras, sillas y carpetas. Posteriormente se emplearon aulas prefabricadas y gracias a las gestiones de sus autoridades, se construyeron las aulas con material noble. Además, se implementaron laboratorios y talleres con equipos tecnológicos y materiales bibliográficos, se erigieron capillas y se establecieron convenios con entidades educativas de nivel superior y otras instituciones privadas. Se promovieron encuentros entre escuelas Fe y Alegría de otros distritos y regiones con el objetivo de intercambiar experiencias e incorporar iniciativas y conocimientos para mejorar las labores pedagógicas.</p>


<div class="wp-block-image">
<figure class="aligncenter size-full"><img loading="lazy" decoding="async" width="800" height="563" src="http://test.boomerang.pe/museo/wp-content/uploads/2024/01/Foto-11-3.jpg" alt="" class="wp-image-425" srcset="http://test.boomerang.pe/museo/wp-content/uploads/2024/01/Foto-11-3.jpg 800w, http://test.boomerang.pe/museo/wp-content/uploads/2024/01/Foto-11-3-300x211.jpg 300w, http://test.boomerang.pe/museo/wp-content/uploads/2024/01/Foto-11-3-768x540.jpg 768w" sizes="auto, (max-width: 800px) 100vw, 800px" /><figcaption class="wp-element-caption"><em>Tácunan, Santiago (2020). Historia de los colegios Fe y Alegría en Lima Norte. Universidad Católica Sedes Sapientiae</em></figcaption></figure></div>


<p>Fe y Alegría del Perú ha crecido y se ha fortalecido en sus años de existencia, superando expectativas y retos. Actualmente se encuentra en 21 regiones del país desarrollando diversas modalidades del sistema educativo: Básica Regular, Especial y Alternativa, tanto en el ámbito urbano como rural y en sus niveles básico y superior.&nbsp;</p>



<p>Los colegios Fe y Alegría proyectan su accionar pedagógico en tres directrices:</p>



<ul class="wp-block-list">
<li>Educación popular: Empoderamiento de los actores a fin de alcanzar su compromiso para con su crecimiento tanto personal como social y del desarrollo de su entorno.&nbsp;</li>



<li>Educación en valores: El objetivo es construir una ciudadanía ética y justa con responsabilidad que se refleje en lo social y el entorno natural.</li>



<li>Educación en relación al trabajo: El compromiso de desarrollar competencias a favor del emprendimiento, su inserción en el campo laboral y desarrollo de una cultura del aprendizaje constante.</li>
</ul>


<div class="wp-block-image">
<figure class="aligncenter size-full"><img loading="lazy" decoding="async" width="900" height="503" src="http://test.boomerang.pe/museo/wp-content/uploads/2024/01/Foto-11-4.png" alt="" class="wp-image-426" srcset="http://test.boomerang.pe/museo/wp-content/uploads/2024/01/Foto-11-4.png 900w, http://test.boomerang.pe/museo/wp-content/uploads/2024/01/Foto-11-4-300x168.png 300w, http://test.boomerang.pe/museo/wp-content/uploads/2024/01/Foto-11-4-768x429.png 768w" sizes="auto, (max-width: 900px) 100vw, 900px" /><figcaption class="wp-element-caption"><em>Colegio Fe y Alegría N 11. Collique. Comas&nbsp; (2014). </em><a href="https://elmontonero.pe/educacion/fe-y-alegria-en-la-educacion"><em>El Montonero, </em></a><em>14 agosto 2014.</em></figcaption></figure></div>


<h2 class="wp-block-heading">Fuentes</h2>



<ul class="wp-block-list">
<li>Cáceres, N.; Morales, T. y Villanueva, Mi. (2003). <a href="https://centroderecursos.alboan.org/es/registros/5953-educacion-en-valores-una"><em>Educación en valores. Una experiencia de Fe y Alegría en Perú. Fe y Alegría</em>.</a> Proyecto “Proyecto Calidad educativa y experiencias significativas en Fe y Alegría”-Banco Interamericano de Desarrollo (BID).</li>



<li>Fe y Alegría (2003). <em>Propuesta pedagógica de Fe y Alegría: lineamientos teóricos y prácticos para la construcción de la propuesta pedagógica de centros y programas</em>. Fe y Alegría Movimiento de Educación Popular Integral.&nbsp;&nbsp;</li>



<li>Fe y Alegría del Perú (2023). “<a href="https://feyalegria.org.pe/">Nuestra historia”</a>.&nbsp; Web Institucional.</li>



<li>Poggi, Alfredo (2022). <a href="https://acontracorriente.chass.ncsu.edu/index.php/acontracorriente/issue/view/117">Ignacio de Loyola, la teología de la liberación y la opción por los pobres: La misión pedagógica jesuita en Latinoamérica y la transformación de la educación popular.</a> <em>A contracorriente. Una revista de estudios latinoamericanos, 19</em> (3), 90-109.&nbsp;</li>



<li>Tácunan, S. (2020). <a href="https://www.ucss.edu.pe/images/fondo-editorial/publicaciones-descargables/historias-colegios-fe-alegria-lima-norte-fondo-editorial.pdf"><em>Historia de los colegios Fe y Alegría en Lima Norte.</em> </a>Universidad Católica Sedes Sapientiae.</li>



<li>Tácunan, S. (2014). <em>Iglesia y educación: Historia de los colegios Presentación de María y Jesús Obrero de Comas.</em> Universidad Católica Sedes Sapientiae.</li>
</ul>



<p>Foto Portada: <em>Fe y Alegría N 39. </em><a href="https://red14educandoenvalores.blogspot.com/2012/11/institucion-educativa-fe-y-alegria-n-39.html"><em>Red Educativa N 14 El Agustino.</em></a></p>



<p class="has-small-font-size">Texto basado en el estudio de Canal Museal. Edición final: Luis Sime Poma</p>

<p>Fe y Alegría en el Perú fue posible gracias a la gestión del padre jesuita José María Vélaz, quien, hacia 1965, empezó sus gestiones en el país a fin de continuar con su labor fundacional de colegios. Este trabajo ya había sido iniciado en Venezuela en 1955 y, posteriormente, se expandió a Panamá y Ecuador[&#8230;]</p>
