{"id":440,"date":"2024-01-09T13:29:31","date_gmt":"2024-01-09T13:29:31","guid":{"rendered":"http:\/\/test.boomerang.pe\/museo\/?post_type=historias&#038;p=440"},"modified":"2024-02-16T14:21:54","modified_gmt":"2024-02-16T14:21:54","slug":"colegio-san-agustin-de-lima","status":"publish","type":"historias","link":"http:\/\/test.boomerang.pe\/museo\/historias\/colegio-san-agustin-de-lima\/","title":{"rendered":"Colegio San Agust\u00edn de Lima"},"content":{"rendered":"\n<p>El padre Agust\u00edn de la Sant\u00edsima Trinidad, fue el primer religioso de la orden en llegar a Per\u00fa en 1547. Los siguientes agustinos fueron doce provenientes en su mayor\u00eda del Convento de San Agust\u00edn de Salamanca. En 1573 se instalaron definitivamente en el \u00e1rea del centro hist\u00f3rico de Lima donde actualmente se encuentra ubicado el Convento de San Agust\u00edn, edificio que tuvo que ser reconstruido tras los sucesivos terremotos, sobre todo tras la devastaci\u00f3n acontecida en 1746.<\/p>\n\n\n\n<p>En 1576 los padres Luis L\u00f3pez de Sol\u00eds y Luis Pr\u00f3spero Tinto que hab\u00edan obtenido el grado de maestros tras concluir sus estudios en la Universidad Mayor de San Marcos (los primeros de la orden en graduarse en el famoso centro de estudios), fundan la Pontificia Universidad de San Ildefonso, entidad que emitir\u00e1 grados de bachilleres, maestros y doctores en Sagrada Teolog\u00eda. El terreno de la universidad fue expropiado en 1826 por indicaciones de Sim\u00f3n Bol\u00edvar y se ubicaba en el espacio que hoy ocupa la Escuela Nacional de Bellas Artes.<\/p>\n\n\n\n<p>A\u00f1os antes, el 27 de enero de 1822, el ministro Bernardo Monteagudo hab\u00eda emitido el decreto que ordenaba la expulsi\u00f3n de todas las \u00f3rdenes religiosas espa\u00f1olas. Adem\u00e1s, en 1823 desde el Congreso se exig\u00eda el cierre de los noviciados. Ambos sucesos originaron un cese en las actividades religiosas que la orden impart\u00eda en los diversos departamentos del pa\u00eds.<\/p>\n\n\n\n<p>Tiempo despu\u00e9s, ya habiendo retornado al Per\u00fa y con sus antecedentes vinculados al \u00e1mbito acad\u00e9mico y de la ense\u00f1anza, realizan las gestiones para la apertura en 1903 del Colegio San Agust\u00edn, siendo su fundador y primer director el padre espa\u00f1ol Ignacio Monasterio quien ya contaba con la experiencia de encargarse del Colegio Seminario del Cusco. As\u00ed, el padre Monasterio, quien era adem\u00e1s Comisario General de los Agustinos en el Per\u00fa, realiz\u00f3 las gestiones necesarias para obtener la licencia eclesi\u00e1stica para su funcionamiento.<\/p>\n\n\n<div class=\"wp-block-image\">\n<figure class=\"aligncenter size-large\"><img loading=\"lazy\" decoding=\"async\" width=\"1024\" height=\"778\" src=\"http:\/\/test.boomerang.pe\/museo\/wp-content\/uploads\/2024\/01\/14-2-1024x778.jpeg\" alt=\"\" class=\"wp-image-441\" srcset=\"http:\/\/test.boomerang.pe\/museo\/wp-content\/uploads\/2024\/01\/14-2-1024x778.jpeg 1024w, http:\/\/test.boomerang.pe\/museo\/wp-content\/uploads\/2024\/01\/14-2-300x228.jpeg 300w, http:\/\/test.boomerang.pe\/museo\/wp-content\/uploads\/2024\/01\/14-2-768x583.jpeg 768w, http:\/\/test.boomerang.pe\/museo\/wp-content\/uploads\/2024\/01\/14-2-1536x1166.jpeg 1536w, http:\/\/test.boomerang.pe\/museo\/wp-content\/uploads\/2024\/01\/14-2.jpeg 1600w\" sizes=\"auto, (max-width: 1024px) 100vw, 1024px\" \/><figcaption class=\"wp-element-caption\"><em>Grupo de profesores que fundaron el Colegio de San Agust\u00edn en 1903. Revista de Estudiantes \u201cMundo Agustiniano\u201d 1953.<\/em><\/figcaption><\/figure><\/div>\n\n\n<p>De acuerdo con su primer reglamento, se impart\u00eda la primera y segunda ense\u00f1anza completa y los alumnos pod\u00edan estudiar en la modalidad de internos (con capacidad para ochenta alumnos), medios internos y externos. Los alumnos que resid\u00edan en el internado ten\u00edan derecho a una habitaci\u00f3n, ense\u00f1anza y alimentaci\u00f3n completa durante todo el d\u00eda. Por esa \u00e9poca tambi\u00e9n implementaron una secci\u00f3n gratuita independiente para ni\u00f1os en situaci\u00f3n de pobreza.<\/p>\n\n\n\n<p>Las clases dieron inicio con cincuenta y dos alumnos matriculados, cantidad que fue en aumento con el transcurrir del tiempo. Entre una de sus actividades los estudiantes se encargaron de editar y publicar la revista \u201cMundo Agustiniano\u201d, teniendo entre sus colaboradores a los hermanos Augusto y Sebasti\u00e1n Salazar Bondy, quienes posteriormente se convertir\u00edan en personalidades importantes de la intelectualidad peruana.<\/p>\n\n\n<div class=\"wp-block-image\">\n<figure class=\"aligncenter size-large\"><img loading=\"lazy\" decoding=\"async\" width=\"1024\" height=\"685\" src=\"http:\/\/test.boomerang.pe\/museo\/wp-content\/uploads\/2024\/01\/14-3-1024x685.jpeg\" alt=\"\" class=\"wp-image-442\" srcset=\"http:\/\/test.boomerang.pe\/museo\/wp-content\/uploads\/2024\/01\/14-3-1024x685.jpeg 1024w, http:\/\/test.boomerang.pe\/museo\/wp-content\/uploads\/2024\/01\/14-3-300x201.jpeg 300w, http:\/\/test.boomerang.pe\/museo\/wp-content\/uploads\/2024\/01\/14-3-768x514.jpeg 768w, http:\/\/test.boomerang.pe\/museo\/wp-content\/uploads\/2024\/01\/14-3-1536x1027.jpeg 1536w, http:\/\/test.boomerang.pe\/museo\/wp-content\/uploads\/2024\/01\/14-3-600x400.jpeg 600w, http:\/\/test.boomerang.pe\/museo\/wp-content\/uploads\/2024\/01\/14-3.jpeg 1600w\" sizes=\"auto, (max-width: 1024px) 100vw, 1024px\" \/><figcaption class=\"wp-element-caption\"><em>Grupo de estudiantes en el a\u00f1o 1903. Revista de Estudiantes \u201cMundo Agustiniano\u201d 1953.<\/em><\/figcaption><\/figure><\/div>\n\n\n<p>Durante cincuenta y un a\u00f1os dictaron clases en su antiguo local y por un tiempo en su sede de Chosica, hasta que en 1955 se trasladan a su actual sede ubicada en la Av. Javier Prado en el distrito de San Isidro. Desde 1993 el colegio admite el ingreso de estudiantes mujeres.&nbsp;<\/p>\n\n\n\n<h2 class=\"wp-block-heading\">Fuentes<\/h2>\n\n\n\n<ul class=\"wp-block-list\">\n<li>Basadre Grohmann, J. (2014). <em>Historia de la Rep\u00fablica del Per\u00fa<\/em>. Tomo 8. Editorial El Comercio, Lima.<\/li>\n\n\n\n<li>Cuenca Coloma, J. M. (1978). <em>75 Aniversario.<\/em> Colegio San Agust\u00edn. Editorial Universo, Lima.<\/li>\n\n\n\n<li>Colegio San Agust\u00edn de Lima (1903) Reglamento. Tipograf\u00eda Taller de la Virreina. Lima.<\/li>\n\n\n\n<li>Colegio San Agust\u00edn de Lima <a href=\"https:\/\/sanagustin.edu.pe\/nuestra-historia\/\">Nuestra historia.<\/a> Web Institucional. Video ver <a href=\"https:\/\/www.facebook.com\/ColegioSanAgustinLima\/videos\/l%C3%ADnea-de-tiempo-hist%C3%B3rica-%EF%B8%8F\/929323181648422\/\">aqu\u00ed.<\/a><\/li>\n\n\n\n<li>Rubio, D. (1912).<em> <\/em><a href=\"https:\/\/books.google.com.pe\/books?id=0_FJAAAAMAAJ&amp;printsec=frontcover&amp;hl=es&amp;source=gbs_ge_summary_r&amp;cad=0#v=onepage&amp;q&amp;f=false\"><em>Los agustinos en el Per\u00fa<\/em> <\/a>[Tesis doctorado letras, UNMSM-Per\u00fa].<\/li>\n<\/ul>\n\n\n\n<p>Foto portada. Car\u00e1tula revista \u201cMundo Agustiniano\u201d.<\/p>\n\n\n\n<p class=\"has-small-font-size\">Texto basado en el estudio de Canal Museal. Edici\u00f3n final: Luis Sime Poma<\/p>\n","protected":false},"excerpt":{"rendered":"<p>El padre Agust\u00edn de la Sant\u00edsima Trinidad, fue el primer religioso de la orden en llegar a Per\u00fa en 1547. Los siguientes agustinos fueron doce provenientes en su mayor\u00eda del Convento de San Agust\u00edn de Salamanca. En 1573 se instalaron definitivamente en el \u00e1rea del centro hist\u00f3rico de Lima donde actualmente se encuentra ubicado el[&#8230;]<\/p>\n","protected":false},"featured_media":443,"template":"","class_list":["post-440","historias","type-historias","status-publish","has-post-thumbnail","hentry"],"_links":{"self":[{"href":"http:\/\/test.boomerang.pe\/museo\/wp-json\/wp\/v2\/historias\/440","targetHints":{"allow":["GET"]}}],"collection":[{"href":"http:\/\/test.boomerang.pe\/museo\/wp-json\/wp\/v2\/historias"}],"about":[{"href":"http:\/\/test.boomerang.pe\/museo\/wp-json\/wp\/v2\/types\/historias"}],"wp:featuredmedia":[{"embeddable":true,"href":"http:\/\/test.boomerang.pe\/museo\/wp-json\/wp\/v2\/media\/443"}],"wp:attachment":[{"href":"http:\/\/test.boomerang.pe\/museo\/wp-json\/wp\/v2\/media?parent=440"}],"curies":[{"name":"wp","href":"https:\/\/api.w.org\/{rel}","templated":true}]}}

Colegio San Agustín de Lima

<p>El padre Agustín de la Santísima Trinidad, fue el primer religioso de la orden en llegar a Perú en 1547. Los siguientes agustinos fueron doce provenientes en su mayoría del Convento de San Agustín de Salamanca. En 1573 se instalaron definitivamente en el área del centro histórico de Lima donde actualmente se encuentra ubicado el Convento de San Agustín, edificio que tuvo que ser reconstruido tras los sucesivos terremotos, sobre todo tras la devastación acontecida en 1746.</p>



<p>En 1576 los padres Luis López de Solís y Luis Próspero Tinto que habían obtenido el grado de maestros tras concluir sus estudios en la Universidad Mayor de San Marcos (los primeros de la orden en graduarse en el famoso centro de estudios), fundan la Pontificia Universidad de San Ildefonso, entidad que emitirá grados de bachilleres, maestros y doctores en Sagrada Teología. El terreno de la universidad fue expropiado en 1826 por indicaciones de Simón Bolívar y se ubicaba en el espacio que hoy ocupa la Escuela Nacional de Bellas Artes.</p>



<p>Años antes, el 27 de enero de 1822, el ministro Bernardo Monteagudo había emitido el decreto que ordenaba la expulsión de todas las órdenes religiosas españolas. Además, en 1823 desde el Congreso se exigía el cierre de los noviciados. Ambos sucesos originaron un cese en las actividades religiosas que la orden impartía en los diversos departamentos del país.</p>



<p>Tiempo después, ya habiendo retornado al Perú y con sus antecedentes vinculados al ámbito académico y de la enseñanza, realizan las gestiones para la apertura en 1903 del Colegio San Agustín, siendo su fundador y primer director el padre español Ignacio Monasterio quien ya contaba con la experiencia de encargarse del Colegio Seminario del Cusco. Así, el padre Monasterio, quien era además Comisario General de los Agustinos en el Perú, realizó las gestiones necesarias para obtener la licencia eclesiástica para su funcionamiento.</p>


<div class="wp-block-image">
<figure class="aligncenter size-large"><img loading="lazy" decoding="async" width="1024" height="778" src="http://test.boomerang.pe/museo/wp-content/uploads/2024/01/14-2-1024x778.jpeg" alt="" class="wp-image-441" srcset="http://test.boomerang.pe/museo/wp-content/uploads/2024/01/14-2-1024x778.jpeg 1024w, http://test.boomerang.pe/museo/wp-content/uploads/2024/01/14-2-300x228.jpeg 300w, http://test.boomerang.pe/museo/wp-content/uploads/2024/01/14-2-768x583.jpeg 768w, http://test.boomerang.pe/museo/wp-content/uploads/2024/01/14-2-1536x1166.jpeg 1536w, http://test.boomerang.pe/museo/wp-content/uploads/2024/01/14-2.jpeg 1600w" sizes="auto, (max-width: 1024px) 100vw, 1024px" /><figcaption class="wp-element-caption"><em>Grupo de profesores que fundaron el Colegio de San Agustín en 1903. Revista de Estudiantes “Mundo Agustiniano” 1953.</em></figcaption></figure></div>


<p>De acuerdo con su primer reglamento, se impartía la primera y segunda enseñanza completa y los alumnos podían estudiar en la modalidad de internos (con capacidad para ochenta alumnos), medios internos y externos. Los alumnos que residían en el internado tenían derecho a una habitación, enseñanza y alimentación completa durante todo el día. Por esa época también implementaron una sección gratuita independiente para niños en situación de pobreza.</p>



<p>Las clases dieron inicio con cincuenta y dos alumnos matriculados, cantidad que fue en aumento con el transcurrir del tiempo. Entre una de sus actividades los estudiantes se encargaron de editar y publicar la revista “Mundo Agustiniano”, teniendo entre sus colaboradores a los hermanos Augusto y Sebastián Salazar Bondy, quienes posteriormente se convertirían en personalidades importantes de la intelectualidad peruana.</p>


<div class="wp-block-image">
<figure class="aligncenter size-large"><img loading="lazy" decoding="async" width="1024" height="685" src="http://test.boomerang.pe/museo/wp-content/uploads/2024/01/14-3-1024x685.jpeg" alt="" class="wp-image-442" srcset="http://test.boomerang.pe/museo/wp-content/uploads/2024/01/14-3-1024x685.jpeg 1024w, http://test.boomerang.pe/museo/wp-content/uploads/2024/01/14-3-300x201.jpeg 300w, http://test.boomerang.pe/museo/wp-content/uploads/2024/01/14-3-768x514.jpeg 768w, http://test.boomerang.pe/museo/wp-content/uploads/2024/01/14-3-1536x1027.jpeg 1536w, http://test.boomerang.pe/museo/wp-content/uploads/2024/01/14-3-600x400.jpeg 600w, http://test.boomerang.pe/museo/wp-content/uploads/2024/01/14-3.jpeg 1600w" sizes="auto, (max-width: 1024px) 100vw, 1024px" /><figcaption class="wp-element-caption"><em>Grupo de estudiantes en el año 1903. Revista de Estudiantes “Mundo Agustiniano” 1953.</em></figcaption></figure></div>


<p>Durante cincuenta y un años dictaron clases en su antiguo local y por un tiempo en su sede de Chosica, hasta que en 1955 se trasladan a su actual sede ubicada en la Av. Javier Prado en el distrito de San Isidro. Desde 1993 el colegio admite el ingreso de estudiantes mujeres.&nbsp;</p>



<h2 class="wp-block-heading">Fuentes</h2>



<ul class="wp-block-list">
<li>Basadre Grohmann, J. (2014). <em>Historia de la República del Perú</em>. Tomo 8. Editorial El Comercio, Lima.</li>



<li>Cuenca Coloma, J. M. (1978). <em>75 Aniversario.</em> Colegio San Agustín. Editorial Universo, Lima.</li>



<li>Colegio San Agustín de Lima (1903) Reglamento. Tipografía Taller de la Virreina. Lima.</li>



<li>Colegio San Agustín de Lima <a href="https://sanagustin.edu.pe/nuestra-historia/">Nuestra historia.</a> Web Institucional. Video ver <a href="https://www.facebook.com/ColegioSanAgustinLima/videos/l%C3%ADnea-de-tiempo-hist%C3%B3rica-%EF%B8%8F/929323181648422/">aquí.</a></li>



<li>Rubio, D. (1912).<em> </em><a href="https://books.google.com.pe/books?id=0_FJAAAAMAAJ&amp;printsec=frontcover&amp;hl=es&amp;source=gbs_ge_summary_r&amp;cad=0#v=onepage&amp;q&amp;f=false"><em>Los agustinos en el Perú</em> </a>[Tesis doctorado letras, UNMSM-Perú].</li>
</ul>



<p>Foto portada. Carátula revista “Mundo Agustiniano”.</p>



<p class="has-small-font-size">Texto basado en el estudio de Canal Museal. Edición final: Luis Sime Poma</p>

<p>El padre Agustín de la Santísima Trinidad, fue el primer religioso de la orden en llegar a Perú en 1547. Los siguientes agustinos fueron doce provenientes en su mayoría del Convento de San Agustín de Salamanca. En 1573 se instalaron definitivamente en el área del centro histórico de Lima donde actualmente se encuentra ubicado el[&#8230;]</p>
