{"id":444,"date":"2024-01-09T13:34:14","date_gmt":"2024-01-09T13:34:14","guid":{"rendered":"http:\/\/test.boomerang.pe\/museo\/?post_type=historias&#038;p=444"},"modified":"2024-04-15T17:13:14","modified_gmt":"2024-04-15T17:13:14","slug":"colegio-teresa-gonzalez-de-fanning","status":"publish","type":"historias","link":"http:\/\/test.boomerang.pe\/museo\/historias\/colegio-teresa-gonzalez-de-fanning\/","title":{"rendered":"Colegio Teresa Gonz\u00e1lez\u00a0de Fanning"},"content":{"rendered":"\n<p>El 10 de diciembre de 1952, durante el gobierno del Gral. Manuel Odria, el Ministerio de Educaci\u00f3n P\u00fablica designa con el nombre de Teresa Gonz\u00e1les de Fanning a la Gran Unidad Escolar para Mujeres, en homenaje a la educadora y escritora peruana precursora de la educaci\u00f3n integral de la mujer.&nbsp; La instituci\u00f3n comenz\u00f3 a funcionar el 2 abril de 1953 con 617 alumnas en el local donde hab\u00eda funcionado el Instituto Pedag\u00f3gico Nacional de Varones, el cual se traslad\u00f3 a su nueva sede en Chosica.&nbsp;<\/p>\n\n\n\n<p>Su primera directora fue la educadora Florinda Parodi de Ward (1953 \u2013 1954), la segunda directora fue Mercedes Indacochea Lozano (1955 \u2013 1958) y, la tercera directora, fue Sof\u00eda Pinz\u00e1s Pic\u00f3n (1959 \u2013 1966). En manos de estas tres maestras est\u00e1n las bases pedag\u00f3gicas del actual colegio.<\/p>\n\n\n\n<p>Inicialmente encontraron un edificio antiguo que ten\u00edan que implementar y asegurar el ingreso del mayor n\u00famero de alumnas, as\u00ed como poner en marcha la gesti\u00f3n educativa. Ante la adversidad de un edificio antiguo pudieron sacar provecho de sus amplios salones, patios y campo deportivo.<\/p>\n\n\n\n<p>Desde el inicio del colegio se impuls\u00f3 la formaci\u00f3n y organizaci\u00f3n de una biblioteca, ambiente destinado al servicio de las estudiantes y docentes, logrando reunir 785 vol\u00famenes donados por embajadas, instituciones y personalidades notables del c\u00edrculo intelectual; es as\u00ed como, en el a\u00f1o 1954 se inicia su funcionamiento en un ambiente f\u00edsico rudimentario. Entre 1955 y 1959, se instituy\u00f3 con buen \u00e9xito la \u201cSemana del libro\u201d. En 1960 se termin\u00f3 la construcci\u00f3n de una biblioteca moderna a trav\u00e9s de la campa\u00f1a \u201cuna libra para un libro\u201d. Desde entonces, con el apoyo de la asociaci\u00f3n de padres de familia se ha continuado impulsando la adquisici\u00f3n de colecciones, contando actualmente con 2,500 t\u00edtulos de libros.<\/p>\n\n\n\n<p>Por otro lado, inculcaron a las alumnas h\u00e1bitos de investigaci\u00f3n personal, adem\u00e1s de fomentar el amor a la lectura. En 1960 implementaron el trabajo en grupos, los m\u00e9todos activos en los estudios dirigidos a base de consultas bibliogr\u00e1ficas.<\/p>\n\n\n\n<p>Las alumnas tambi\u00e9n destacaron en los deportes, logrando ser campeonas en las diferentes disciplinas durante varios a\u00f1os de la d\u00e9cada de 1950 y 1960.Destacaron tambi\u00e9n en teatro escolar, en el concurso nacional de coros y ense\u00f1anza de la m\u00fasica y danzas tradicionales; obteniendo premios y reconocimientos.<\/p>\n\n\n<div class=\"wp-block-image\">\n<figure class=\"aligncenter size-large\"><img loading=\"lazy\" decoding=\"async\" width=\"1024\" height=\"560\" src=\"http:\/\/test.boomerang.pe\/museo\/wp-content\/uploads\/2024\/01\/15-2-1024x560.jpg\" alt=\"\" class=\"wp-image-445\" srcset=\"http:\/\/test.boomerang.pe\/museo\/wp-content\/uploads\/2024\/01\/15-2-1024x560.jpg 1024w, http:\/\/test.boomerang.pe\/museo\/wp-content\/uploads\/2024\/01\/15-2-300x164.jpg 300w, http:\/\/test.boomerang.pe\/museo\/wp-content\/uploads\/2024\/01\/15-2-768x420.jpg 768w, http:\/\/test.boomerang.pe\/museo\/wp-content\/uploads\/2024\/01\/15-2-1536x840.jpg 1536w, http:\/\/test.boomerang.pe\/museo\/wp-content\/uploads\/2024\/01\/15-2.jpg 2032w\" sizes=\"auto, (max-width: 1024px) 100vw, 1024px\" \/><figcaption class=\"wp-element-caption\"><em>Primer desfile escolar del colegio Teresa Gonz\u00e1les de Fanning, Plaza San Mart\u00edn 1953. Adaptado del libro \u201cMemoria de una generaci\u00f3n maravillosa G.U.E. Teresa Gonzales de Fanning 1953\u201d de Zoila Betty Cisneros Siccha (2017).<\/em><\/figcaption><\/figure><\/div>\n\n\n<p>En 1972, durante la direcci\u00f3n de Esther Arbul\u00fa Risco, se convierte en Gran Unidad Escolar y en el Centro Base de N\u00facleos de Jes\u00fas Mar\u00eda. Durante esa d\u00e9cada se construyeron tres laboratorios de ciencias implementadas con la donaci\u00f3n de la embajada de la Rep\u00fablica Democr\u00e1tica de Alemania.&nbsp; En 1982 termin\u00f3 una promoci\u00f3n de quinto de secundaria mixta, que inici\u00f3 sus estudios en 1972.<\/p>\n\n\n<div class=\"wp-block-image\">\n<figure class=\"aligncenter size-full\"><img loading=\"lazy\" decoding=\"async\" width=\"520\" height=\"569\" src=\"http:\/\/test.boomerang.pe\/museo\/wp-content\/uploads\/2024\/01\/15-3.png\" alt=\"\" class=\"wp-image-448\" srcset=\"http:\/\/test.boomerang.pe\/museo\/wp-content\/uploads\/2024\/01\/15-3.png 520w, http:\/\/test.boomerang.pe\/museo\/wp-content\/uploads\/2024\/01\/15-3-274x300.png 274w\" sizes=\"auto, (max-width: 520px) 100vw, 520px\" \/><figcaption class=\"wp-element-caption\"><em>Alumnas promoci\u00f3n 1998. Adaptado de <\/em><a href=\"https:\/\/www.facebook.com\/AmigasDeTeresaGonzalezDeFanningLima\/\"><em>Amigas de Teresa Gonz\u00e1lez de Fanning Lima<\/em><\/a><em> (Facebook)<\/em><\/figcaption><\/figure><\/div>\n\n\n<p>En 2009, en el segundo gobierno de Alan Garc\u00eda, se emite el decreto de urgencia Nro 004-2009, donde es denominado Instituci\u00f3n Educativa Emblem\u00e1tica, junto con otros 20 colegios de Lima, formando parte del \u00abPrograma Nacional de Recuperaci\u00f3n de las Instituciones P\u00fablicas Educativas Emblem\u00e1ticas y Centenarias\u00bb, que implic\u00f3 la remodelaci\u00f3n y modernizaci\u00f3n del colegio.<\/p>\n\n\n<div class=\"wp-block-image\">\n<figure class=\"aligncenter size-large\"><img loading=\"lazy\" decoding=\"async\" width=\"1024\" height=\"482\" src=\"http:\/\/test.boomerang.pe\/museo\/wp-content\/uploads\/2024\/01\/15-4-1024x482.jpg\" alt=\"\" class=\"wp-image-447\" srcset=\"http:\/\/test.boomerang.pe\/museo\/wp-content\/uploads\/2024\/01\/15-4-1024x482.jpg 1024w, http:\/\/test.boomerang.pe\/museo\/wp-content\/uploads\/2024\/01\/15-4-300x141.jpg 300w, http:\/\/test.boomerang.pe\/museo\/wp-content\/uploads\/2024\/01\/15-4-768x362.jpg 768w, http:\/\/test.boomerang.pe\/museo\/wp-content\/uploads\/2024\/01\/15-4.jpg 1200w\" sizes=\"auto, (max-width: 1024px) 100vw, 1024px\" \/><figcaption class=\"wp-element-caption\"><em>Fachada despu\u00e9s de su remodelaci\u00f3n como colegio emblem\u00e1tico. <\/em><a href=\"https:\/\/www.bnp.gob.pe\/bnp-realiza-jornada-literaria-en-colegio-emblematico-teresa-gonzalez-de-fanning\/\"><em>Web Biblioteca Nacional del Per\u00fa.<\/em><\/a><\/figcaption><\/figure><\/div>\n\n\n<h2 class=\"wp-block-heading\">Fuentes<\/h2>\n\n\n\n<ul class=\"wp-block-list\">\n<li>Cisneros Siccha, Z. B. (2017). <a href=\"https:\/\/memoriafanning.com\/\"><em>Memoria de una generaci\u00f3n maravillosa G.U.E. Teresa Gonzales de Fanning 1953 \u2013 1983<\/em>.<\/a> Editora Zoila Betty Cisneros Siccha, Lima.<\/li>\n\n\n\n<li>Hancco Teccsirupay, J. E.(2009). <a href=\"https:\/\/cybertesis.unmsm.edu.pe\/handle\/20.500.12672\/14901\"><em>El h\u00e1bito de la lectura y la biblioteca escolar: caso del C.N.M. Teresa Gonz\u00e1lez de Fanning. Informe profesional.<\/em><\/a> [Tesis Licenciatura en Bibliotecolog\u00eda y Ciencias de la Informaci\u00f3n, Universidad Nacional Mayor de San Marcos]<\/li>\n\n\n\n<li>Congreso de la Rep\u00fablica Ley 16750 de 1967.<a href=\"https:\/\/docs.peru.justia.com\/federales\/leyes\/16750-nov-30-1967.pdf\"> Transfiere partida a la construcci\u00f3n de aulas de la G.U.E. Teresa Gonz\u00e1lez de Fanning<\/a><\/li>\n<\/ul>\n\n\n\n<p>Foto portada. Fachada del colegio antes de su remodelaci\u00f3n. Adaptado del libro \u201cMemoria de una generaci\u00f3n maravillosa G.U.E. Teresa Gonzales de Fanning 1953\u201d de Zoila Betty Cisneros Siccha (2017).<\/p>\n\n\n\n<p class=\"has-small-font-size\">Texto basado en el estudio de Canal Museal. Edici\u00f3n final: Luis Sime Poma<\/p>\n","protected":false},"excerpt":{"rendered":"<p>El 10 de diciembre de 1952, durante el gobierno del Gral. Manuel Odria, el Ministerio de Educaci\u00f3n P\u00fablica designa con el nombre de Teresa Gonz\u00e1les de Fanning a la Gran Unidad Escolar para Mujeres, en homenaje a la educadora y escritora peruana precursora de la educaci\u00f3n integral de la mujer.&nbsp; La instituci\u00f3n comenz\u00f3 a funcionar[&#8230;]<\/p>\n","protected":false},"featured_media":449,"template":"","class_list":["post-444","historias","type-historias","status-publish","has-post-thumbnail","hentry"],"_links":{"self":[{"href":"http:\/\/test.boomerang.pe\/museo\/wp-json\/wp\/v2\/historias\/444","targetHints":{"allow":["GET"]}}],"collection":[{"href":"http:\/\/test.boomerang.pe\/museo\/wp-json\/wp\/v2\/historias"}],"about":[{"href":"http:\/\/test.boomerang.pe\/museo\/wp-json\/wp\/v2\/types\/historias"}],"wp:featuredmedia":[{"embeddable":true,"href":"http:\/\/test.boomerang.pe\/museo\/wp-json\/wp\/v2\/media\/449"}],"wp:attachment":[{"href":"http:\/\/test.boomerang.pe\/museo\/wp-json\/wp\/v2\/media?parent=444"}],"curies":[{"name":"wp","href":"https:\/\/api.w.org\/{rel}","templated":true}]}}

Colegio Teresa González de Fanning

<p>El 10 de diciembre de 1952, durante el gobierno del Gral. Manuel Odria, el Ministerio de Educación Pública designa con el nombre de Teresa Gonzáles de Fanning a la Gran Unidad Escolar para Mujeres, en homenaje a la educadora y escritora peruana precursora de la educación integral de la mujer.&nbsp; La institución comenzó a funcionar el 2 abril de 1953 con 617 alumnas en el local donde había funcionado el Instituto Pedagógico Nacional de Varones, el cual se trasladó a su nueva sede en Chosica.&nbsp;</p>



<p>Su primera directora fue la educadora Florinda Parodi de Ward (1953 – 1954), la segunda directora fue Mercedes Indacochea Lozano (1955 – 1958) y, la tercera directora, fue Sofía Pinzás Picón (1959 – 1966). En manos de estas tres maestras están las bases pedagógicas del actual colegio.</p>



<p>Inicialmente encontraron un edificio antiguo que tenían que implementar y asegurar el ingreso del mayor número de alumnas, así como poner en marcha la gestión educativa. Ante la adversidad de un edificio antiguo pudieron sacar provecho de sus amplios salones, patios y campo deportivo.</p>



<p>Desde el inicio del colegio se impulsó la formación y organización de una biblioteca, ambiente destinado al servicio de las estudiantes y docentes, logrando reunir 785 volúmenes donados por embajadas, instituciones y personalidades notables del círculo intelectual; es así como, en el año 1954 se inicia su funcionamiento en un ambiente físico rudimentario. Entre 1955 y 1959, se instituyó con buen éxito la “Semana del libro”. En 1960 se terminó la construcción de una biblioteca moderna a través de la campaña “una libra para un libro”. Desde entonces, con el apoyo de la asociación de padres de familia se ha continuado impulsando la adquisición de colecciones, contando actualmente con 2,500 títulos de libros.</p>



<p>Por otro lado, inculcaron a las alumnas hábitos de investigación personal, además de fomentar el amor a la lectura. En 1960 implementaron el trabajo en grupos, los métodos activos en los estudios dirigidos a base de consultas bibliográficas.</p>



<p>Las alumnas también destacaron en los deportes, logrando ser campeonas en las diferentes disciplinas durante varios años de la década de 1950 y 1960.Destacaron también en teatro escolar, en el concurso nacional de coros y enseñanza de la música y danzas tradicionales; obteniendo premios y reconocimientos.</p>


<div class="wp-block-image">
<figure class="aligncenter size-large"><img loading="lazy" decoding="async" width="1024" height="560" src="http://test.boomerang.pe/museo/wp-content/uploads/2024/01/15-2-1024x560.jpg" alt="" class="wp-image-445" srcset="http://test.boomerang.pe/museo/wp-content/uploads/2024/01/15-2-1024x560.jpg 1024w, http://test.boomerang.pe/museo/wp-content/uploads/2024/01/15-2-300x164.jpg 300w, http://test.boomerang.pe/museo/wp-content/uploads/2024/01/15-2-768x420.jpg 768w, http://test.boomerang.pe/museo/wp-content/uploads/2024/01/15-2-1536x840.jpg 1536w, http://test.boomerang.pe/museo/wp-content/uploads/2024/01/15-2.jpg 2032w" sizes="auto, (max-width: 1024px) 100vw, 1024px" /><figcaption class="wp-element-caption"><em>Primer desfile escolar del colegio Teresa Gonzáles de Fanning, Plaza San Martín 1953. Adaptado del libro “Memoria de una generación maravillosa G.U.E. Teresa Gonzales de Fanning 1953” de Zoila Betty Cisneros Siccha (2017).</em></figcaption></figure></div>


<p>En 1972, durante la dirección de Esther Arbulú Risco, se convierte en Gran Unidad Escolar y en el Centro Base de Núcleos de Jesús María. Durante esa década se construyeron tres laboratorios de ciencias implementadas con la donación de la embajada de la República Democrática de Alemania.&nbsp; En 1982 terminó una promoción de quinto de secundaria mixta, que inició sus estudios en 1972.</p>


<div class="wp-block-image">
<figure class="aligncenter size-full"><img loading="lazy" decoding="async" width="520" height="569" src="http://test.boomerang.pe/museo/wp-content/uploads/2024/01/15-3.png" alt="" class="wp-image-448" srcset="http://test.boomerang.pe/museo/wp-content/uploads/2024/01/15-3.png 520w, http://test.boomerang.pe/museo/wp-content/uploads/2024/01/15-3-274x300.png 274w" sizes="auto, (max-width: 520px) 100vw, 520px" /><figcaption class="wp-element-caption"><em>Alumnas promoción 1998. Adaptado de </em><a href="https://www.facebook.com/AmigasDeTeresaGonzalezDeFanningLima/"><em>Amigas de Teresa González de Fanning Lima</em></a><em> (Facebook)</em></figcaption></figure></div>


<p>En 2009, en el segundo gobierno de Alan García, se emite el decreto de urgencia Nro 004-2009, donde es denominado Institución Educativa Emblemática, junto con otros 20 colegios de Lima, formando parte del «Programa Nacional de Recuperación de las Instituciones Públicas Educativas Emblemáticas y Centenarias», que implicó la remodelación y modernización del colegio.</p>


<div class="wp-block-image">
<figure class="aligncenter size-large"><img loading="lazy" decoding="async" width="1024" height="482" src="http://test.boomerang.pe/museo/wp-content/uploads/2024/01/15-4-1024x482.jpg" alt="" class="wp-image-447" srcset="http://test.boomerang.pe/museo/wp-content/uploads/2024/01/15-4-1024x482.jpg 1024w, http://test.boomerang.pe/museo/wp-content/uploads/2024/01/15-4-300x141.jpg 300w, http://test.boomerang.pe/museo/wp-content/uploads/2024/01/15-4-768x362.jpg 768w, http://test.boomerang.pe/museo/wp-content/uploads/2024/01/15-4.jpg 1200w" sizes="auto, (max-width: 1024px) 100vw, 1024px" /><figcaption class="wp-element-caption"><em>Fachada después de su remodelación como colegio emblemático. </em><a href="https://www.bnp.gob.pe/bnp-realiza-jornada-literaria-en-colegio-emblematico-teresa-gonzalez-de-fanning/"><em>Web Biblioteca Nacional del Perú.</em></a></figcaption></figure></div>


<h2 class="wp-block-heading">Fuentes</h2>



<ul class="wp-block-list">
<li>Cisneros Siccha, Z. B. (2017). <a href="https://memoriafanning.com/"><em>Memoria de una generación maravillosa G.U.E. Teresa Gonzales de Fanning 1953 – 1983</em>.</a> Editora Zoila Betty Cisneros Siccha, Lima.</li>



<li>Hancco Teccsirupay, J. E.(2009). <a href="https://cybertesis.unmsm.edu.pe/handle/20.500.12672/14901"><em>El hábito de la lectura y la biblioteca escolar: caso del C.N.M. Teresa González de Fanning. Informe profesional.</em></a> [Tesis Licenciatura en Bibliotecología y Ciencias de la Información, Universidad Nacional Mayor de San Marcos]</li>



<li>Congreso de la República Ley 16750 de 1967.<a href="https://docs.peru.justia.com/federales/leyes/16750-nov-30-1967.pdf"> Transfiere partida a la construcción de aulas de la G.U.E. Teresa González de Fanning</a></li>
</ul>



<p>Foto portada. Fachada del colegio antes de su remodelación. Adaptado del libro “Memoria de una generación maravillosa G.U.E. Teresa Gonzales de Fanning 1953” de Zoila Betty Cisneros Siccha (2017).</p>



<p class="has-small-font-size">Texto basado en el estudio de Canal Museal. Edición final: Luis Sime Poma</p>

<p>El 10 de diciembre de 1952, durante el gobierno del Gral. Manuel Odria, el Ministerio de Educación Pública designa con el nombre de Teresa Gonzáles de Fanning a la Gran Unidad Escolar para Mujeres, en homenaje a la educadora y escritora peruana precursora de la educación integral de la mujer.&nbsp; La institución comenzó a funcionar[&#8230;]</p>
