{"id":459,"date":"2024-01-17T14:22:18","date_gmt":"2024-01-17T14:22:18","guid":{"rendered":"http:\/\/test.boomerang.pe\/museo\/?post_type=historias&#038;p=459"},"modified":"2024-02-16T14:30:13","modified_gmt":"2024-02-16T14:30:13","slug":"colegio-militar-leoncio-prado","status":"publish","type":"historias","link":"http:\/\/test.boomerang.pe\/museo\/historias\/colegio-militar-leoncio-prado\/","title":{"rendered":"Colegio Militar \u201cLeoncio Prado\u201d"},"content":{"rendered":"\n<p>El Colegio Militar \u201cLeoncio Prado\u201d (CMLP), tiene sus antecedentes en el Colegio Militar instaurado en el gobierno de Manuel Pardo en 1872, que buscaba formar a los futuros oficiales del ejercito desde la adolescencia, admitiendo para ello desde los 14 hasta los 17 a\u00f1os.&nbsp; Pero es cerca a la mitad del siglo XX , durante el gobierno de Manuel Prado Ugarteche que se formaliza la creaci\u00f3n de&nbsp; un Colegio Militar Nacional; m\u00e1s espec\u00edficamente, el 27 de Agosto de 1943 de decreta su fundaci\u00f3n en las instalaciones de un antiguo cuartel en el distrito de La Perla-Callao. Un a\u00f1o despu\u00e9s tomar\u00e1 el nombre con el cual se mantuvo: Colegio Militar Leoncio Prado.&nbsp; A\u00f1os posteriores se crearon otros colegios similares en Arequipa (1948), Lambayeque (1961) y Trujillo (1963) y en Cajamarca (2008).&nbsp;&nbsp;<\/p>\n\n\n\n<p>El Colegio fue dise\u00f1ado para admitir estudiantes que cursen los tres \u00faltimos a\u00f1os de la educaci\u00f3n secundaria en modalidad de internado para, como indica su decreto de fundaci\u00f3n, \u201cproporcionar una educaci\u00f3n c\u00edvica intensiva a la juventud peruana y capacitar especialmente a sus educandos para ingresar a los institutos militares de ense\u00f1anza superior.\u201d Como premio, el decreto establece, que los alumnos m\u00e1s destacados por su m\u00e9rito pod\u00edan tener ingreso libre de ex\u00e1menes a las \u201cEscuelas Militares, Naval, de Aviaci\u00f3n, de Guardia Civil y Polic\u00eda, de Ingenieros, de Agricultura y veterinaria, y de Pedagog\u00eda, a condici\u00f3n de satisfacer los requisitos de aptitud f\u00edsica, pudiendo ocupar hasta el 20 por ciento de las vacantes anuales.\u201d<\/p>\n\n\n<div class=\"wp-block-image\">\n<figure class=\"aligncenter size-full\"><img loading=\"lazy\" decoding=\"async\" width=\"931\" height=\"540\" src=\"http:\/\/test.boomerang.pe\/museo\/wp-content\/uploads\/2024\/01\/17-2-last.jpg\" alt=\"\" class=\"wp-image-460\" srcset=\"http:\/\/test.boomerang.pe\/museo\/wp-content\/uploads\/2024\/01\/17-2-last.jpg 931w, http:\/\/test.boomerang.pe\/museo\/wp-content\/uploads\/2024\/01\/17-2-last-300x174.jpg 300w, http:\/\/test.boomerang.pe\/museo\/wp-content\/uploads\/2024\/01\/17-2-last-768x445.jpg 768w\" sizes=\"auto, (max-width: 931px) 100vw, 931px\" \/><figcaption class=\"wp-element-caption\"><em>Visi\u00f3n panor\u00e1mica de las instalaciones del Colegio Militar Leoncio Prado. <\/em><a href=\"https:\/\/www.facebook.com\/profile\/100064854571087\/search\/?q=colegio\"><em>Lima la \u00fanica.<\/em><\/a><\/figcaption><\/figure><\/div>\n\n\n<p>A lo largo de su historia, el CMLP ha tenido cambios institucionales producto de las pol\u00edticas educativas. As\u00ed, en el periodo de la reforma educativa, establecida durante el gobierno militar del General Juan Velasco, el colegio fue considerado como una Escuela Superior de Educaci\u00f3n Profesional (ESEP) entre 1977 y 1981, para luego regresar a la condici\u00f3n de educaci\u00f3n secundaria.&nbsp; Otro cambio significativo del CMLP ocurri\u00f3 en el 2009 fruto de la pol\u00edtica de modernizaci\u00f3n de la infraestructura educativa en el gobierno de Alan Garc\u00eda. Esto implic\u00f3 que fuese considerado como \u201cColegio Emblem\u00e1tico del Per\u00fa\u201d, permiti\u00e9ndole una rehabilitaci\u00f3n y modernizaci\u00f3n de sus instalaciones.<\/p>\n\n\n<div class=\"wp-block-image\">\n<figure class=\"aligncenter size-full\"><img loading=\"lazy\" decoding=\"async\" width=\"800\" height=\"600\" src=\"http:\/\/test.boomerang.pe\/museo\/wp-content\/uploads\/2024\/01\/17-3.jpg\" alt=\"\" class=\"wp-image-461\" srcset=\"http:\/\/test.boomerang.pe\/museo\/wp-content\/uploads\/2024\/01\/17-3.jpg 800w, http:\/\/test.boomerang.pe\/museo\/wp-content\/uploads\/2024\/01\/17-3-300x225.jpg 300w, http:\/\/test.boomerang.pe\/museo\/wp-content\/uploads\/2024\/01\/17-3-768x576.jpg 768w\" sizes=\"auto, (max-width: 800px) 100vw, 800px\" \/><figcaption class=\"wp-element-caption\"><em>Entrada remodelada del Colegio Militar Leoncio Prado. <\/em><a href=\"https:\/\/moleskinearquitectonico.blogspot.com\/2011\/01\/renovacion-del-colegio-militar-leoncio.html\"><em>Mi Moleskine Arquitect\u00f3nico.<\/em><\/a><\/figcaption><\/figure><\/div>\n\n\n<p>Un aspecto para destacar de su trayectoria es la influencia de la Editorial CMLP en 1946 que le permiti\u00f3 la publicaci\u00f3n de textos escolares, de sus propios profesores, y que no solo eran utilizados en el colegio sino tambi\u00e9n fueron utilizados otros colegios p\u00fablicos y privados.&nbsp; Estas y otras caracter\u00edsticas del colegio sirvieron como un referente para pol\u00edticas educativas posteriores. Uno de los directores del CMLP, Coronel Juan Mendoza Rodr\u00edguez,&nbsp; lleg\u00f3 a\u00f1os despu\u00e9s a ser ministro de educaci\u00f3n (1948-1956) del gobierno del General Manuel Odr\u00eda.&nbsp;<\/p>\n\n\n\n<p>Por sus aulas transitaron diversos personajes de la pol\u00edtica, el deporte y cultura peruana, siendo uno de los m\u00e1s reconocidos, el novelista, Mario Vargas Llosa, Premio Nobel de Literatura (2010), quien, en una de sus primeras novelas, \u201cLa ciudad y los perros\u201d (1963), aborda la experiencia de los estudiantes en el CMLP; obra que, adem\u00e1s, ha sido convertida en pel\u00edcula.<\/p>\n\n\n<div class=\"wp-block-image\">\n<figure class=\"aligncenter size-full is-resized\"><img loading=\"lazy\" decoding=\"async\" width=\"386\" height=\"619\" src=\"http:\/\/test.boomerang.pe\/museo\/wp-content\/uploads\/2024\/01\/17-4.jpg\" alt=\"\" class=\"wp-image-462\" style=\"width:300px;height:auto\" srcset=\"http:\/\/test.boomerang.pe\/museo\/wp-content\/uploads\/2024\/01\/17-4.jpg 386w, http:\/\/test.boomerang.pe\/museo\/wp-content\/uploads\/2024\/01\/17-4-187x300.jpg 187w\" sizes=\"auto, (max-width: 386px) 100vw, 386px\" \/><figcaption class=\"wp-element-caption\"><em>Anuncio publicitario de la pel\u00edcula \u201cLa ciudad y los perros\u201d basado en el Colegio Militar Leoncio Prado.&nbsp; <\/em><a href=\"https:\/\/www.facebook.com\/photo.php?fbid=806852878121146&amp;set=pb.100063893238589.-2207520000&amp;type=3\"><em>Memorias de Lima.<\/em><\/a><\/figcaption><\/figure><\/div>\n\n\n<ul class=\"wp-block-list\">\n<li>Decreto Ley&nbsp; de creaci\u00f3n del Colegio Militar \u00abLeoncio Prado\u00bb, <a href=\"http:\/\/www.cmlpxxxii.com\/scripts\/historia_del_CMLP.asp\">27 agosto 1943.<\/a><\/li>\n\n\n\n<li>Biblioteca Nacional del Per\u00fa. <a href=\"https:\/\/www.facebook.com\/leoncioprado\/videos\/6617442121628801\">Video de inauguraci\u00f3n del Colegio Militar Leoncio Prado<\/a> (1944)<\/li>\n\n\n\n<li>Colegio Militar Leoncio Prado: <a href=\"https:\/\/www.leoncioprado.com\/\">web institucional<\/a><\/li>\n\n\n\n<li>V\u00e1squez Mendoza, J. (2018). <a href=\"about:blank\">El encierro como espacio social civilizatorio: el caso del Colegio Militar Leoncio Prado (1944 \u2013 2014)<\/a>. (Tesis Maestr\u00eda en Historia, Universidad Nacional Mayor de San Marcos)<\/li>\n<\/ul>\n\n\n\n<p>Foto portada: insignia del Colegio Militar Leoncio Prado.&nbsp;&nbsp;<\/p>\n\n\n\n<p class=\"has-small-font-size\">Texto basado en el estudio de Luis Sime Poma. Edici\u00f3n final: Luis Sime Poma<\/p>\n","protected":false},"excerpt":{"rendered":"<p>El Colegio Militar \u201cLeoncio Prado\u201d (CMLP), tiene sus antecedentes en el Colegio Militar instaurado en el gobierno de Manuel Pardo en 1872, que buscaba formar a los futuros oficiales del ejercito desde la adolescencia, admitiendo para ello desde los 14 hasta los 17 a\u00f1os.&nbsp; Pero es cerca a la mitad del siglo XX , durante[&#8230;]<\/p>\n","protected":false},"featured_media":463,"template":"","class_list":["post-459","historias","type-historias","status-publish","has-post-thumbnail","hentry"],"_links":{"self":[{"href":"http:\/\/test.boomerang.pe\/museo\/wp-json\/wp\/v2\/historias\/459","targetHints":{"allow":["GET"]}}],"collection":[{"href":"http:\/\/test.boomerang.pe\/museo\/wp-json\/wp\/v2\/historias"}],"about":[{"href":"http:\/\/test.boomerang.pe\/museo\/wp-json\/wp\/v2\/types\/historias"}],"wp:featuredmedia":[{"embeddable":true,"href":"http:\/\/test.boomerang.pe\/museo\/wp-json\/wp\/v2\/media\/463"}],"wp:attachment":[{"href":"http:\/\/test.boomerang.pe\/museo\/wp-json\/wp\/v2\/media?parent=459"}],"curies":[{"name":"wp","href":"https:\/\/api.w.org\/{rel}","templated":true}]}}

<p>El Colegio Militar “Leoncio Prado” (CMLP), tiene sus antecedentes en el Colegio Militar instaurado en el gobierno de Manuel Pardo en 1872, que buscaba formar a los futuros oficiales del ejercito desde la adolescencia, admitiendo para ello desde los 14 hasta los 17 años.&nbsp; Pero es cerca a la mitad del siglo XX , durante el gobierno de Manuel Prado Ugarteche que se formaliza la creación de&nbsp; un Colegio Militar Nacional; más específicamente, el 27 de Agosto de 1943 de decreta su fundación en las instalaciones de un antiguo cuartel en el distrito de La Perla-Callao. Un año después tomará el nombre con el cual se mantuvo: Colegio Militar Leoncio Prado.&nbsp; Años posteriores se crearon otros colegios similares en Arequipa (1948), Lambayeque (1961) y Trujillo (1963) y en Cajamarca (2008).&nbsp;&nbsp;</p>



<p>El Colegio fue diseñado para admitir estudiantes que cursen los tres últimos años de la educación secundaria en modalidad de internado para, como indica su decreto de fundación, “proporcionar una educación cívica intensiva a la juventud peruana y capacitar especialmente a sus educandos para ingresar a los institutos militares de enseñanza superior.” Como premio, el decreto establece, que los alumnos más destacados por su mérito podían tener ingreso libre de exámenes a las “Escuelas Militares, Naval, de Aviación, de Guardia Civil y Policía, de Ingenieros, de Agricultura y veterinaria, y de Pedagogía, a condición de satisfacer los requisitos de aptitud física, pudiendo ocupar hasta el 20 por ciento de las vacantes anuales.”</p>


<div class="wp-block-image">
<figure class="aligncenter size-full"><img loading="lazy" decoding="async" width="931" height="540" src="http://test.boomerang.pe/museo/wp-content/uploads/2024/01/17-2-last.jpg" alt="" class="wp-image-460" srcset="http://test.boomerang.pe/museo/wp-content/uploads/2024/01/17-2-last.jpg 931w, http://test.boomerang.pe/museo/wp-content/uploads/2024/01/17-2-last-300x174.jpg 300w, http://test.boomerang.pe/museo/wp-content/uploads/2024/01/17-2-last-768x445.jpg 768w" sizes="auto, (max-width: 931px) 100vw, 931px" /><figcaption class="wp-element-caption"><em>Visión panorámica de las instalaciones del Colegio Militar Leoncio Prado. </em><a href="https://www.facebook.com/profile/100064854571087/search/?q=colegio"><em>Lima la única.</em></a></figcaption></figure></div>


<p>A lo largo de su historia, el CMLP ha tenido cambios institucionales producto de las políticas educativas. Así, en el periodo de la reforma educativa, establecida durante el gobierno militar del General Juan Velasco, el colegio fue considerado como una Escuela Superior de Educación Profesional (ESEP) entre 1977 y 1981, para luego regresar a la condición de educación secundaria.&nbsp; Otro cambio significativo del CMLP ocurrió en el 2009 fruto de la política de modernización de la infraestructura educativa en el gobierno de Alan García. Esto implicó que fuese considerado como “Colegio Emblemático del Perú”, permitiéndole una rehabilitación y modernización de sus instalaciones.</p>


<div class="wp-block-image">
<figure class="aligncenter size-full"><img loading="lazy" decoding="async" width="800" height="600" src="http://test.boomerang.pe/museo/wp-content/uploads/2024/01/17-3.jpg" alt="" class="wp-image-461" srcset="http://test.boomerang.pe/museo/wp-content/uploads/2024/01/17-3.jpg 800w, http://test.boomerang.pe/museo/wp-content/uploads/2024/01/17-3-300x225.jpg 300w, http://test.boomerang.pe/museo/wp-content/uploads/2024/01/17-3-768x576.jpg 768w" sizes="auto, (max-width: 800px) 100vw, 800px" /><figcaption class="wp-element-caption"><em>Entrada remodelada del Colegio Militar Leoncio Prado. </em><a href="https://moleskinearquitectonico.blogspot.com/2011/01/renovacion-del-colegio-militar-leoncio.html"><em>Mi Moleskine Arquitectónico.</em></a></figcaption></figure></div>


<p>Un aspecto para destacar de su trayectoria es la influencia de la Editorial CMLP en 1946 que le permitió la publicación de textos escolares, de sus propios profesores, y que no solo eran utilizados en el colegio sino también fueron utilizados otros colegios públicos y privados.&nbsp; Estas y otras características del colegio sirvieron como un referente para políticas educativas posteriores. Uno de los directores del CMLP, Coronel Juan Mendoza Rodríguez,&nbsp; llegó años después a ser ministro de educación (1948-1956) del gobierno del General Manuel Odría.&nbsp;</p>



<p>Por sus aulas transitaron diversos personajes de la política, el deporte y cultura peruana, siendo uno de los más reconocidos, el novelista, Mario Vargas Llosa, Premio Nobel de Literatura (2010), quien, en una de sus primeras novelas, “La ciudad y los perros” (1963), aborda la experiencia de los estudiantes en el CMLP; obra que, además, ha sido convertida en película.</p>


<div class="wp-block-image">
<figure class="aligncenter size-full is-resized"><img loading="lazy" decoding="async" width="386" height="619" src="http://test.boomerang.pe/museo/wp-content/uploads/2024/01/17-4.jpg" alt="" class="wp-image-462" style="width:300px;height:auto" srcset="http://test.boomerang.pe/museo/wp-content/uploads/2024/01/17-4.jpg 386w, http://test.boomerang.pe/museo/wp-content/uploads/2024/01/17-4-187x300.jpg 187w" sizes="auto, (max-width: 386px) 100vw, 386px" /><figcaption class="wp-element-caption"><em>Anuncio publicitario de la película “La ciudad y los perros” basado en el Colegio Militar Leoncio Prado.&nbsp; </em><a href="https://www.facebook.com/photo.php?fbid=806852878121146&amp;set=pb.100063893238589.-2207520000&amp;type=3"><em>Memorias de Lima.</em></a></figcaption></figure></div>


<ul class="wp-block-list">
<li>Decreto Ley&nbsp; de creación del Colegio Militar «Leoncio Prado», <a href="http://www.cmlpxxxii.com/scripts/historia_del_CMLP.asp">27 agosto 1943.</a></li>



<li>Biblioteca Nacional del Perú. <a href="https://www.facebook.com/leoncioprado/videos/6617442121628801">Video de inauguración del Colegio Militar Leoncio Prado</a> (1944)</li>



<li>Colegio Militar Leoncio Prado: <a href="https://www.leoncioprado.com/">web institucional</a></li>



<li>Vásquez Mendoza, J. (2018). <a href="about:blank">El encierro como espacio social civilizatorio: el caso del Colegio Militar Leoncio Prado (1944 – 2014)</a>. (Tesis Maestría en Historia, Universidad Nacional Mayor de San Marcos)</li>
</ul>



<p>Foto portada: insignia del Colegio Militar Leoncio Prado.&nbsp;&nbsp;</p>



<p class="has-small-font-size">Texto basado en el estudio de Luis Sime Poma. Edición final: Luis Sime Poma</p>

<p>El Colegio Militar “Leoncio Prado” (CMLP), tiene sus antecedentes en el Colegio Militar instaurado en el gobierno de Manuel Pardo en 1872, que buscaba formar a los futuros oficiales del ejercito desde la adolescencia, admitiendo para ello desde los 14 hasta los 17 años.&nbsp; Pero es cerca a la mitad del siglo XX , durante[&#8230;]</p>
