{"id":713,"date":"2024-09-06T17:10:32","date_gmt":"2024-09-06T17:10:32","guid":{"rendered":"http:\/\/test.boomerang.pe\/museo\/?post_type=historias&#038;p=713"},"modified":"2024-09-10T20:04:07","modified_gmt":"2024-09-10T20:04:07","slug":"centro-educativo-no-estatal-senor-de-la-misericordia","status":"publish","type":"historias","link":"http:\/\/test.boomerang.pe\/museo\/historias\/centro-educativo-no-estatal-senor-de-la-misericordia\/","title":{"rendered":"Centro Educativo No Estatal Se\u00f1or de la Misericordia"},"content":{"rendered":"\n<p>En un contexto de crisis econ\u00f3mica y moral en el pa\u00eds, la demanda social de religiosas educadoras era apremiante. Este desaf\u00edo se vio agravado por el estado de la educaci\u00f3n peruana tras la ocupaci\u00f3n chilena y las condiciones precarias de la ni\u00f1ez peruana. En respuesta a estas necesidades, el misionero franciscano Alfonso Mar\u00eda de la Cruz Sardinas y la maestra Carmen \u00c1lvarez Salas fundaron en Lima, el 6 de diciembre de 1883, la congregaci\u00f3n de las Religiosas Franciscanas de la Inmaculada Concepci\u00f3n del Per\u00fa. Esta fue una de las primeras congregaciones de origen peruano de la \u00e9poca, y sus integrantes fueron conocidas como las Franciscanas Nacionales.<\/p>\n\n\n\n<p>Ese mismo a\u00f1o, \u00c1lvarez tom\u00f3 el h\u00e1bito religioso y adopt\u00f3 el nombre de Madre Clara del Coraz\u00f3n de Mar\u00eda. La misi\u00f3n de la congregaci\u00f3n para ella fue la siguiente: \u00abDar culto a Dios, santificar a sus miembros, educar a ni\u00f1as pobres y realizar obras de caridad, respondiendo a las necesidades de la Patria y de la Iglesia\u00bb. Para cumplir estos objetivos, el gobierno de Miguel Iglesias les otorg\u00f3 un local que anteriormente albergaba el extinto beaterio de Las Recogidas. Fue en este lugar donde fundaron el primer colegio de la congregaci\u00f3n, La Inmaculada Concepci\u00f3n.&nbsp;&nbsp;<\/p>\n\n\n\n<figure class=\"wp-block-image size-full\"><img loading=\"lazy\" decoding=\"async\" width=\"500\" height=\"371\" src=\"http:\/\/test.boomerang.pe\/museo\/wp-content\/uploads\/2024\/09\/18-1-2-1.jpg\" alt=\"\" class=\"wp-image-835\" srcset=\"http:\/\/test.boomerang.pe\/museo\/wp-content\/uploads\/2024\/09\/18-1-2-1.jpg 500w, http:\/\/test.boomerang.pe\/museo\/wp-content\/uploads\/2024\/09\/18-1-2-1-300x223.jpg 300w\" sizes=\"auto, (max-width: 500px) 100vw, 500px\" \/><figcaption class=\"wp-element-caption\"><em>Foto del frontis del colegio. Google Maps, 2019.&nbsp;<\/em><br><\/figcaption><\/figure>\n\n\n\n<p>A pesar de la crisis de la d\u00e9cada de 1980, la congregaci\u00f3n continu\u00f3 con su compromiso hacia la educaci\u00f3n y el bienestar de sus estudiantes, iniciando la construcci\u00f3n de un campo deportivo para fomentar la actividad f\u00edsica y el esp\u00edritu de equipo entre los j\u00f3venes.&nbsp; El crecimiento de la comunidad religiosa y la instituci\u00f3n educativa no ser\u00eda posible sin la colaboraci\u00f3n de otras congregaciones entre 1911 y 1966. Entre ellas, estuvieron&nbsp; las Terciarias Franciscanas de Santa Rosa de Viterbo de Lima en 1911 y de Huaraz en 1922, las Franciscanas de la Pur\u00edsima Madre de Dios de Ocopa en 1914, las Hermanas de la Caridad Franciscanas en 1916, las Hermanas de Santa Rosa de Chachapoyas en 1959, y el monasterio de las Benedictinas, ubicado en el antiguo convento de la Sant\u00edsima Trinidad, en 1966. Desde el a\u00f1o 2014, el colegio ampli\u00f3 su oferta educativa a ni\u00f1os y j\u00f3venes varones, convirti\u00e9ndose en un colegio mixto.&nbsp;<br><\/p>\n\n\n\n<figure class=\"wp-block-image size-full\"><img loading=\"lazy\" decoding=\"async\" width=\"750\" height=\"562\" src=\"http:\/\/test.boomerang.pe\/museo\/wp-content\/uploads\/2024\/08\/senor-de-la-misericordia-2.jpg\" alt=\"\" class=\"wp-image-716\" srcset=\"http:\/\/test.boomerang.pe\/museo\/wp-content\/uploads\/2024\/08\/senor-de-la-misericordia-2.jpg 750w, http:\/\/test.boomerang.pe\/museo\/wp-content\/uploads\/2024\/08\/senor-de-la-misericordia-2-300x225.jpg 300w\" sizes=\"auto, (max-width: 750px) 100vw, 750px\" \/><figcaption class=\"wp-element-caption\"><em>Fotograf\u00eda compartida en la web del colegio, 2019.<\/em><\/figcaption><\/figure>\n\n\n\n<h2 class=\"wp-block-heading\">Fuentes<\/h2>\n\n\n\n<ul class=\"wp-block-list\">\n<li><a href=\"https:\/\/www.cenemisericordia.edu.pe\/nuestra-historia\/\">CENE Se\u00f1or de la Misericordia. (s.f). <em>Reconstrucci\u00f3n hist\u00f3rica del CENE Se\u00f1or de la Misericordia.&nbsp;<\/em><\/a><\/li>\n\n\n\n<li><a href=\"https:\/\/dialnet.unirioja.es\/descarga\/articulo\/2801113.pdf\">Conde, A. L. (2005). Geograf\u00eda e historia de las franciscanas de la Inmaculada. En <em>La Inmaculada Concepci\u00f3n en Espa\u00f1a: religiosidad, historia y arte: actas del simposium, 1\/4-IX-2005 (pp. 593-620).<\/em> Real Centro Universitario Escorial-Mar\u00eda Cristina<\/a>.&nbsp;<\/li>\n\n\n\n<li><a href=\"http:\/\/repositorio.uigv.edu.pe\/handle\/20.500.11818\/674\">Flores Palomino, B. (2016). Vida y obra de Monse\u00f1or Alfonso Mar\u00eda de la Cruz Sardinas Zavala, educador y mensajero de Paz (1842-1902).<\/a><\/li>\n<\/ul>\n\n\n\n<p>Sitio Web:&nbsp;<a href=\"https:\/\/www.cenemisericordia.edu.pe\/nuestra-historia\/\">https:\/\/www.cenemisericordia.edu.pe\/nuestra-historia\/<\/a> <\/p>\n","protected":false},"excerpt":{"rendered":"<p>En un contexto de crisis econ\u00f3mica y moral en el pa\u00eds, la demanda social de religiosas educadoras era apremiante. Este desaf\u00edo se vio agravado por el estado de la educaci\u00f3n peruana tras la ocupaci\u00f3n chilena y las condiciones precarias de la ni\u00f1ez peruana. En respuesta a estas necesidades, el misionero franciscano Alfonso Mar\u00eda de la[&#8230;]<\/p>\n","protected":false},"featured_media":1084,"template":"","class_list":["post-713","historias","type-historias","status-publish","has-post-thumbnail","hentry"],"_links":{"self":[{"href":"http:\/\/test.boomerang.pe\/museo\/wp-json\/wp\/v2\/historias\/713","targetHints":{"allow":["GET"]}}],"collection":[{"href":"http:\/\/test.boomerang.pe\/museo\/wp-json\/wp\/v2\/historias"}],"about":[{"href":"http:\/\/test.boomerang.pe\/museo\/wp-json\/wp\/v2\/types\/historias"}],"wp:featuredmedia":[{"embeddable":true,"href":"http:\/\/test.boomerang.pe\/museo\/wp-json\/wp\/v2\/media\/1084"}],"wp:attachment":[{"href":"http:\/\/test.boomerang.pe\/museo\/wp-json\/wp\/v2\/media?parent=713"}],"curies":[{"name":"wp","href":"https:\/\/api.w.org\/{rel}","templated":true}]}}

Centro Educativo No Estatal Señor de la Misericordia

<p>En un contexto de crisis económica y moral en el país, la demanda social de religiosas educadoras era apremiante. Este desafío se vio agravado por el estado de la educación peruana tras la ocupación chilena y las condiciones precarias de la niñez peruana. En respuesta a estas necesidades, el misionero franciscano Alfonso María de la Cruz Sardinas y la maestra Carmen Álvarez Salas fundaron en Lima, el 6 de diciembre de 1883, la congregación de las Religiosas Franciscanas de la Inmaculada Concepción del Perú. Esta fue una de las primeras congregaciones de origen peruano de la época, y sus integrantes fueron conocidas como las Franciscanas Nacionales.</p>



<p>Ese mismo año, Álvarez tomó el hábito religioso y adoptó el nombre de Madre Clara del Corazón de María. La misión de la congregación para ella fue la siguiente: «Dar culto a Dios, santificar a sus miembros, educar a niñas pobres y realizar obras de caridad, respondiendo a las necesidades de la Patria y de la Iglesia». Para cumplir estos objetivos, el gobierno de Miguel Iglesias les otorgó un local que anteriormente albergaba el extinto beaterio de Las Recogidas. Fue en este lugar donde fundaron el primer colegio de la congregación, La Inmaculada Concepción.&nbsp;&nbsp;</p>



<figure class="wp-block-image size-full"><img loading="lazy" decoding="async" width="500" height="371" src="http://test.boomerang.pe/museo/wp-content/uploads/2024/09/18-1-2-1.jpg" alt="" class="wp-image-835" srcset="http://test.boomerang.pe/museo/wp-content/uploads/2024/09/18-1-2-1.jpg 500w, http://test.boomerang.pe/museo/wp-content/uploads/2024/09/18-1-2-1-300x223.jpg 300w" sizes="auto, (max-width: 500px) 100vw, 500px" /><figcaption class="wp-element-caption"><em>Foto del frontis del colegio. Google Maps, 2019.&nbsp;</em><br></figcaption></figure>



<p>A pesar de la crisis de la década de 1980, la congregación continuó con su compromiso hacia la educación y el bienestar de sus estudiantes, iniciando la construcción de un campo deportivo para fomentar la actividad física y el espíritu de equipo entre los jóvenes.&nbsp; El crecimiento de la comunidad religiosa y la institución educativa no sería posible sin la colaboración de otras congregaciones entre 1911 y 1966. Entre ellas, estuvieron&nbsp; las Terciarias Franciscanas de Santa Rosa de Viterbo de Lima en 1911 y de Huaraz en 1922, las Franciscanas de la Purísima Madre de Dios de Ocopa en 1914, las Hermanas de la Caridad Franciscanas en 1916, las Hermanas de Santa Rosa de Chachapoyas en 1959, y el monasterio de las Benedictinas, ubicado en el antiguo convento de la Santísima Trinidad, en 1966. Desde el año 2014, el colegio amplió su oferta educativa a niños y jóvenes varones, convirtiéndose en un colegio mixto.&nbsp;<br></p>



<figure class="wp-block-image size-full"><img loading="lazy" decoding="async" width="750" height="562" src="http://test.boomerang.pe/museo/wp-content/uploads/2024/08/senor-de-la-misericordia-2.jpg" alt="" class="wp-image-716" srcset="http://test.boomerang.pe/museo/wp-content/uploads/2024/08/senor-de-la-misericordia-2.jpg 750w, http://test.boomerang.pe/museo/wp-content/uploads/2024/08/senor-de-la-misericordia-2-300x225.jpg 300w" sizes="auto, (max-width: 750px) 100vw, 750px" /><figcaption class="wp-element-caption"><em>Fotografía compartida en la web del colegio, 2019.</em></figcaption></figure>



<h2 class="wp-block-heading">Fuentes</h2>



<ul class="wp-block-list">
<li><a href="https://www.cenemisericordia.edu.pe/nuestra-historia/">CENE Señor de la Misericordia. (s.f). <em>Reconstrucción histórica del CENE Señor de la Misericordia.&nbsp;</em></a></li>



<li><a href="https://dialnet.unirioja.es/descarga/articulo/2801113.pdf">Conde, A. L. (2005). Geografía e historia de las franciscanas de la Inmaculada. En <em>La Inmaculada Concepción en España: religiosidad, historia y arte: actas del simposium, 1/4-IX-2005 (pp. 593-620).</em> Real Centro Universitario Escorial-María Cristina</a>.&nbsp;</li>



<li><a href="http://repositorio.uigv.edu.pe/handle/20.500.11818/674">Flores Palomino, B. (2016). Vida y obra de Monseñor Alfonso María de la Cruz Sardinas Zavala, educador y mensajero de Paz (1842-1902).</a></li>
</ul>



<p>Sitio Web:&nbsp;<a href="https://www.cenemisericordia.edu.pe/nuestra-historia/">https://www.cenemisericordia.edu.pe/nuestra-historia/</a> </p>

<p>En un contexto de crisis económica y moral en el país, la demanda social de religiosas educadoras era apremiante. Este desafío se vio agravado por el estado de la educación peruana tras la ocupación chilena y las condiciones precarias de la niñez peruana. En respuesta a estas necesidades, el misionero franciscano Alfonso María de la[&#8230;]</p>
