{"id":761,"date":"2024-09-06T17:10:14","date_gmt":"2024-09-06T17:10:14","guid":{"rendered":"http:\/\/test.boomerang.pe\/museo\/?post_type=historias&#038;p=761"},"modified":"2024-09-06T17:17:13","modified_gmt":"2024-09-06T17:17:13","slug":"colegio-alexander-von-humboldt","status":"publish","type":"historias","link":"http:\/\/test.boomerang.pe\/museo\/historias\/colegio-alexander-von-humboldt\/","title":{"rendered":"Colegio Alexander Von Humboldt"},"content":{"rendered":"\n<p>El Colegio Alem\u00e1n Alexander von Humboldt inici\u00f3 su legado en 1871, impulsado por la iniciativa de la comunidad alemana de fundar su propia instituci\u00f3n educativa. Bajo la gu\u00eda de cinco profesores alemanes, se estableci\u00f3 un gimnasio de humanidades que sent\u00f3 las bases de una tradici\u00f3n perdurable.&nbsp; As\u00ed, el Instituto de Lima fue fundado el primero de abril de 1872. Un a\u00f1o despu\u00e9s, se coloc\u00f3 la primera piedra del nuevo local en la avenida Grau, gracias a la colaboraci\u00f3n del Estado peruano. Sin embargo, la Guerra del Pac\u00edfico y sus consecuencias interrumpieron dichas obras. Se busc\u00f3, por tanto, establecer un plantel en un nuevo local.&nbsp;&nbsp;<br><\/p>\n\n\n\n<figure class=\"wp-block-image size-full has-lightbox\"><a href=\"https:\/\/www.colegio-humboldt.edu.pe\/sp\/nuestro-colegio\/nuestra-historia\/1910-1942.php?id=6&amp;submenu=1\"><img loading=\"lazy\" decoding=\"async\" width=\"501\" height=\"339\" src=\"http:\/\/test.boomerang.pe\/museo\/wp-content\/uploads\/2024\/09\/19-2.jpg\" alt=\"\" class=\"wp-image-839\" srcset=\"http:\/\/test.boomerang.pe\/museo\/wp-content\/uploads\/2024\/09\/19-2.jpg 501w, http:\/\/test.boomerang.pe\/museo\/wp-content\/uploads\/2024\/09\/19-2-300x203.jpg 300w\" sizes=\"auto, (max-width: 501px) 100vw, 501px\" \/><\/a><figcaption class=\"wp-element-caption\">Local del colegio Alem\u00e1n en la calle Botica San Pedro, sin fecha. <\/figcaption><\/figure>\n\n\n\n<p>El colegio educaba tanto a hombres como a mujeres de or\u00edgenes alemanes, restricci\u00f3n que desapareci\u00f3 con la incorporaci\u00f3n de estudiantes peruanos en 1920 y, por consiguiente, el crecimiento del alumnado. Por tal motivo, en 1924 los alumnos y alumnas de secundaria se trasladaron a un local en la avenida Bolivia, mientras que primaria se traslad\u00f3 a la Casa Alemana en la calle Reducto, Miraflores. Hacia 1932, se cerr\u00f3 el colegio de la avenida Bolivia y todos los estudiantes de primaria y secundaria se concentraron en el nuevo local de Miraflores. Durante la Segunda Guerra Mundial, en 1942, el colegio tuvo que cesar sus actividades por diez a\u00f1os. Cuando reabri\u00f3 sus puertas en 1952, obtuvo su nuevo nombre oficial: Colegio Peruano Alem\u00e1n Alexander Von Humboldt, funcionando en la avenida Larco en el distrito de Miraflores.&nbsp;<br> <\/p>\n\n\n\n<figure class=\"wp-block-image size-full has-lightbox\"><a href=\" https:\/\/www.colegio-humboldt.edu.pe\/sp\/nuestro-colegio\/nuestra-historia\/ciencuentenario.php?id=4\u00a0\"><img loading=\"lazy\" decoding=\"async\" width=\"940\" height=\"595\" src=\"http:\/\/test.boomerang.pe\/museo\/wp-content\/uploads\/2024\/09\/19-3.jpg\" alt=\"\" class=\"wp-image-837\" srcset=\"http:\/\/test.boomerang.pe\/museo\/wp-content\/uploads\/2024\/09\/19-3.jpg 940w, http:\/\/test.boomerang.pe\/museo\/wp-content\/uploads\/2024\/09\/19-3-300x190.jpg 300w, http:\/\/test.boomerang.pe\/museo\/wp-content\/uploads\/2024\/09\/19-3-768x486.jpg 768w\" sizes=\"auto, (max-width: 940px) 100vw, 940px\" \/><\/a><figcaption class=\"wp-element-caption\">Estudiantes de primaria del Colegio Peruano Alem\u00e1n, en el local de la avenida Larco, en Miraflores. A\u00f1o 1952. <\/figcaption><\/figure>\n\n\n\n<p>El local actual de la avenida Benavides fue adquirido con el apoyo del gobierno federal de Bonn, y su dise\u00f1o se obtuvo a trav\u00e9s de un concurso promovido por la Rep\u00fablica Federal de Alemania, donde Paul Linder fue el ganador. En 1958, se comenz\u00f3 la construcci\u00f3n de este moderno proyecto, que se entiende en el contexto de la renovaci\u00f3n del panorama arquitect\u00f3nico de Lima hacia la d\u00e9cada de 1960. El nuevo local contemplaba aulas de clases, un \u00e1rea de kindergarten, aulas especializadas de laboratorios y carpinter\u00eda, un auditorio para actividades internas y externas, un \u00e1rea administrativa, un gimnasio techado y un campo de f\u00fatbol y pistas de atletismo; todo en torno a cinco patios y zonas de jardines. El primer pabell\u00f3n fue inaugurado el 10 de abril de 1960 y acoger\u00eda progresivamente a los niveles de primaria y secundaria. Para 1963, se toma el primer examen de Abitur, para obtener el diploma de bachillerato alem\u00e1n.&nbsp; <\/p>\n\n\n\n<figure class=\"wp-block-image size-large has-lightbox\"><a href=\"https:\/\/galeria-arquitectura.pucp.edu.pe\/exposicion\/paul-lider\/colegio-alexander-von-humboldt\/\u00a0\"><img loading=\"lazy\" decoding=\"async\" width=\"1024\" height=\"751\" src=\"http:\/\/test.boomerang.pe\/museo\/wp-content\/uploads\/2024\/09\/19-4-1024x751.jpg\" alt=\"\" class=\"wp-image-836\" srcset=\"http:\/\/test.boomerang.pe\/museo\/wp-content\/uploads\/2024\/09\/19-4-1024x751.jpg 1024w, http:\/\/test.boomerang.pe\/museo\/wp-content\/uploads\/2024\/09\/19-4-300x220.jpg 300w, http:\/\/test.boomerang.pe\/museo\/wp-content\/uploads\/2024\/09\/19-4-768x563.jpg 768w, http:\/\/test.boomerang.pe\/museo\/wp-content\/uploads\/2024\/09\/19-4-1536x1127.jpg 1536w, http:\/\/test.boomerang.pe\/museo\/wp-content\/uploads\/2024\/09\/19-4.jpg 1636w\" sizes=\"auto, (max-width: 1024px) 100vw, 1024px\" \/><\/a><figcaption class=\"wp-element-caption\">Infraestructura del local actual de la avenida Benavides, proyecto del arquitecto Paul Linder. Sin fecha. <br><\/figcaption><\/figure>\n\n\n\n<p>El Gobierno Revolucionario de las Fuerzas Armadas implement\u00f3 modificaciones al sector educativo y el colegio no fue la excepci\u00f3n. Hacia 1970 se elimin\u00f3 cuarto y quinto de secundaria y se procedi\u00f3 a inaugurar la Escuela Superior de Educaci\u00f3n Profesional (ESEP) Ernst Wilhelm Middendorf, con la finalidad de brindar m\u00e1s oportunidades a los estudiantes en el mundo laboral. En 1981, se vuelven a abrir las aulas de cuarto y quinto, y al a\u00f1o siguiente se deja de aceptar ingresantes al ESEP. En 1985 se dio por finalizado el modelo ESEP y, en reemplazo, se fund\u00f3 en 1983 el Instituto de Educaci\u00f3n Superior Privado Alexander von Humboldt, en cooperaci\u00f3n con la C\u00e1mara de Comercio e Industria Peruano-Alemana. El instituto contin\u00faa funcionando hasta la actualidad, ofreciendo tres carreras en el rubro administrativo y bajo los preceptos de ense\u00f1anza alemanes.&nbsp;<\/p>\n\n\n\n<p>En la actualidad, el Colegio Peruano Alem\u00e1n Alexander von Humboldt ha mantenido un compromiso firme con la educaci\u00f3n intercultural en el Per\u00fa, y contin\u00faa siendo un puente entre las tradiciones alemanas y peruanas. <\/p>\n\n\n\n<h2 class=\"wp-block-heading\">Fuentes <\/h2>\n\n\n\n<ul class=\"wp-block-list\">\n<li><a href=\"https:\/\/www.colegio-humboldt.edu.pe\/sp\/nuestro-colegio\/nuestra-historia\/ciencuentenario.php?id=4\">Hampe, T. (s.f). El Colegio Peruano Alem\u00e1n Alexander von Humboldt en su cincuentenario (1952-2002). https:\/\/www.colegio-humboldt.edu.pe\/sp\/nuestro-colegio\/nuestra-historia\/ciencuentenario.php?id=4<\/a>&nbsp;<\/li>\n\n\n\n<li>Mej\u00eda, V. (2019). Colegio Alexander Von Humboldt, Lima 1958-1960. En Joaqu\u00edn Medina Warmburg (ed.). <em>Paul Linder, 1897-1968. De Weimar a Lima. Antolog\u00eda de arquitectura y cr\u00edtica <\/em>(pp. 210-221)<em>.<\/em> Pontificia Universidad Cat\u00f3lica del Per\u00fa.<\/li>\n\n\n\n<li>Novak, F. (2004). Las relaciones entre el Per\u00fa y Alemania, 1828-2003. Fondo Editorial PUCP. <\/li>\n<\/ul>\n\n\n\n<p>Sitio Web:<a href=\"https:\/\/www.colegio-humboldt.edu.pe\">https:\/\/www.colegio-humboldt.edu.pe<\/a> <\/p>\n","protected":false},"excerpt":{"rendered":"<p>El Colegio Alem\u00e1n Alexander von Humboldt inici\u00f3 su legado en 1871, impulsado por la iniciativa de la comunidad alemana de fundar su propia instituci\u00f3n educativa. Bajo la gu\u00eda de cinco profesores alemanes, se estableci\u00f3 un gimnasio de humanidades que sent\u00f3 las bases de una tradici\u00f3n perdurable.&nbsp; As\u00ed, el Instituto de Lima fue fundado el primero[&#8230;]<\/p>\n","protected":false},"featured_media":985,"template":"","class_list":["post-761","historias","type-historias","status-publish","has-post-thumbnail","hentry"],"_links":{"self":[{"href":"http:\/\/test.boomerang.pe\/museo\/wp-json\/wp\/v2\/historias\/761","targetHints":{"allow":["GET"]}}],"collection":[{"href":"http:\/\/test.boomerang.pe\/museo\/wp-json\/wp\/v2\/historias"}],"about":[{"href":"http:\/\/test.boomerang.pe\/museo\/wp-json\/wp\/v2\/types\/historias"}],"wp:featuredmedia":[{"embeddable":true,"href":"http:\/\/test.boomerang.pe\/museo\/wp-json\/wp\/v2\/media\/985"}],"wp:attachment":[{"href":"http:\/\/test.boomerang.pe\/museo\/wp-json\/wp\/v2\/media?parent=761"}],"curies":[{"name":"wp","href":"https:\/\/api.w.org\/{rel}","templated":true}]}}

<p>El Colegio Alemán Alexander von Humboldt inició su legado en 1871, impulsado por la iniciativa de la comunidad alemana de fundar su propia institución educativa. Bajo la guía de cinco profesores alemanes, se estableció un gimnasio de humanidades que sentó las bases de una tradición perdurable.&nbsp; Así, el Instituto de Lima fue fundado el primero de abril de 1872. Un año después, se colocó la primera piedra del nuevo local en la avenida Grau, gracias a la colaboración del Estado peruano. Sin embargo, la Guerra del Pacífico y sus consecuencias interrumpieron dichas obras. Se buscó, por tanto, establecer un plantel en un nuevo local.&nbsp;&nbsp;<br></p>



<figure class="wp-block-image size-full has-lightbox"><a href="https://www.colegio-humboldt.edu.pe/sp/nuestro-colegio/nuestra-historia/1910-1942.php?id=6&amp;submenu=1"><img loading="lazy" decoding="async" width="501" height="339" src="http://test.boomerang.pe/museo/wp-content/uploads/2024/09/19-2.jpg" alt="" class="wp-image-839" srcset="http://test.boomerang.pe/museo/wp-content/uploads/2024/09/19-2.jpg 501w, http://test.boomerang.pe/museo/wp-content/uploads/2024/09/19-2-300x203.jpg 300w" sizes="auto, (max-width: 501px) 100vw, 501px" /></a><figcaption class="wp-element-caption">Local del colegio Alemán en la calle Botica San Pedro, sin fecha. </figcaption></figure>



<p>El colegio educaba tanto a hombres como a mujeres de orígenes alemanes, restricción que desapareció con la incorporación de estudiantes peruanos en 1920 y, por consiguiente, el crecimiento del alumnado. Por tal motivo, en 1924 los alumnos y alumnas de secundaria se trasladaron a un local en la avenida Bolivia, mientras que primaria se trasladó a la Casa Alemana en la calle Reducto, Miraflores. Hacia 1932, se cerró el colegio de la avenida Bolivia y todos los estudiantes de primaria y secundaria se concentraron en el nuevo local de Miraflores. Durante la Segunda Guerra Mundial, en 1942, el colegio tuvo que cesar sus actividades por diez años. Cuando reabrió sus puertas en 1952, obtuvo su nuevo nombre oficial: Colegio Peruano Alemán Alexander Von Humboldt, funcionando en la avenida Larco en el distrito de Miraflores.&nbsp;<br> </p>



<figure class="wp-block-image size-full has-lightbox"><a href=" https://www.colegio-humboldt.edu.pe/sp/nuestro-colegio/nuestra-historia/ciencuentenario.php?id=4 "><img loading="lazy" decoding="async" width="940" height="595" src="http://test.boomerang.pe/museo/wp-content/uploads/2024/09/19-3.jpg" alt="" class="wp-image-837" srcset="http://test.boomerang.pe/museo/wp-content/uploads/2024/09/19-3.jpg 940w, http://test.boomerang.pe/museo/wp-content/uploads/2024/09/19-3-300x190.jpg 300w, http://test.boomerang.pe/museo/wp-content/uploads/2024/09/19-3-768x486.jpg 768w" sizes="auto, (max-width: 940px) 100vw, 940px" /></a><figcaption class="wp-element-caption">Estudiantes de primaria del Colegio Peruano Alemán, en el local de la avenida Larco, en Miraflores. Año 1952. </figcaption></figure>



<p>El local actual de la avenida Benavides fue adquirido con el apoyo del gobierno federal de Bonn, y su diseño se obtuvo a través de un concurso promovido por la República Federal de Alemania, donde Paul Linder fue el ganador. En 1958, se comenzó la construcción de este moderno proyecto, que se entiende en el contexto de la renovación del panorama arquitectónico de Lima hacia la década de 1960. El nuevo local contemplaba aulas de clases, un área de kindergarten, aulas especializadas de laboratorios y carpintería, un auditorio para actividades internas y externas, un área administrativa, un gimnasio techado y un campo de fútbol y pistas de atletismo; todo en torno a cinco patios y zonas de jardines. El primer pabellón fue inaugurado el 10 de abril de 1960 y acogería progresivamente a los niveles de primaria y secundaria. Para 1963, se toma el primer examen de Abitur, para obtener el diploma de bachillerato alemán.&nbsp; </p>



<figure class="wp-block-image size-large has-lightbox"><a href="https://galeria-arquitectura.pucp.edu.pe/exposicion/paul-lider/colegio-alexander-von-humboldt/ "><img loading="lazy" decoding="async" width="1024" height="751" src="http://test.boomerang.pe/museo/wp-content/uploads/2024/09/19-4-1024x751.jpg" alt="" class="wp-image-836" srcset="http://test.boomerang.pe/museo/wp-content/uploads/2024/09/19-4-1024x751.jpg 1024w, http://test.boomerang.pe/museo/wp-content/uploads/2024/09/19-4-300x220.jpg 300w, http://test.boomerang.pe/museo/wp-content/uploads/2024/09/19-4-768x563.jpg 768w, http://test.boomerang.pe/museo/wp-content/uploads/2024/09/19-4-1536x1127.jpg 1536w, http://test.boomerang.pe/museo/wp-content/uploads/2024/09/19-4.jpg 1636w" sizes="auto, (max-width: 1024px) 100vw, 1024px" /></a><figcaption class="wp-element-caption">Infraestructura del local actual de la avenida Benavides, proyecto del arquitecto Paul Linder. Sin fecha. <br></figcaption></figure>



<p>El Gobierno Revolucionario de las Fuerzas Armadas implementó modificaciones al sector educativo y el colegio no fue la excepción. Hacia 1970 se eliminó cuarto y quinto de secundaria y se procedió a inaugurar la Escuela Superior de Educación Profesional (ESEP) Ernst Wilhelm Middendorf, con la finalidad de brindar más oportunidades a los estudiantes en el mundo laboral. En 1981, se vuelven a abrir las aulas de cuarto y quinto, y al año siguiente se deja de aceptar ingresantes al ESEP. En 1985 se dio por finalizado el modelo ESEP y, en reemplazo, se fundó en 1983 el Instituto de Educación Superior Privado Alexander von Humboldt, en cooperación con la Cámara de Comercio e Industria Peruano-Alemana. El instituto continúa funcionando hasta la actualidad, ofreciendo tres carreras en el rubro administrativo y bajo los preceptos de enseñanza alemanes.&nbsp;</p>



<p>En la actualidad, el Colegio Peruano Alemán Alexander von Humboldt ha mantenido un compromiso firme con la educación intercultural en el Perú, y continúa siendo un puente entre las tradiciones alemanas y peruanas. </p>



<h2 class="wp-block-heading">Fuentes </h2>



<ul class="wp-block-list">
<li><a href="https://www.colegio-humboldt.edu.pe/sp/nuestro-colegio/nuestra-historia/ciencuentenario.php?id=4">Hampe, T. (s.f). El Colegio Peruano Alemán Alexander von Humboldt en su cincuentenario (1952-2002). https://www.colegio-humboldt.edu.pe/sp/nuestro-colegio/nuestra-historia/ciencuentenario.php?id=4</a>&nbsp;</li>



<li>Mejía, V. (2019). Colegio Alexander Von Humboldt, Lima 1958-1960. En Joaquín Medina Warmburg (ed.). <em>Paul Linder, 1897-1968. De Weimar a Lima. Antología de arquitectura y crítica </em>(pp. 210-221)<em>.</em> Pontificia Universidad Católica del Perú.</li>



<li>Novak, F. (2004). Las relaciones entre el Perú y Alemania, 1828-2003. Fondo Editorial PUCP. </li>
</ul>



<p>Sitio Web:<a href="https://www.colegio-humboldt.edu.pe">https://www.colegio-humboldt.edu.pe</a> </p>

<p>El Colegio Alemán Alexander von Humboldt inició su legado en 1871, impulsado por la iniciativa de la comunidad alemana de fundar su propia institución educativa. Bajo la guía de cinco profesores alemanes, se estableció un gimnasio de humanidades que sentó las bases de una tradición perdurable.&nbsp; Así, el Instituto de Lima fue fundado el primero[&#8230;]</p>
