{"id":776,"date":"2024-09-06T17:09:38","date_gmt":"2024-09-06T17:09:38","guid":{"rendered":"http:\/\/test.boomerang.pe\/museo\/?post_type=historias&#038;p=776"},"modified":"2024-09-06T17:19:56","modified_gmt":"2024-09-06T17:19:56","slug":"colegio-de-la-inmaculada-jesuitas","status":"publish","type":"historias","link":"http:\/\/test.boomerang.pe\/museo\/historias\/colegio-de-la-inmaculada-jesuitas\/","title":{"rendered":"Colegio de la Inmaculada Jesuitas"},"content":{"rendered":"\n<p>Los or\u00edgenes del Colegio de la Inmaculada se remontan a conversaciones entre el presidente de la Rep\u00fablica Mariano Ignacio Prado, y el senador Francisco Garc\u00eda Calder\u00f3n, quienes plantearon la idea de un proyecto educativo para varones, similar a la Escuela Normal de Mujeres de las religiosas del Sagrado Coraz\u00f3n. El 30 de abril de 1878, el presidente Prado visit\u00f3 a los jesuitas junto con Garc\u00eda Calder\u00f3n para pedirles que se encargaran de la direcci\u00f3n de una nueva escuela normal. Los jesuitas aceptaron y prometieron ceder el local que ocupaban en la avenida Cascarilla, entre el jir\u00f3n Az\u00e1ngaro y Ucayali, adem\u00e1s de una escuela municipal contigua, el antiguo Colegio M\u00e1ximo de San Pablo. Tambi\u00e9n prometieron ofrecer de 24 a 48 becas y cubrir los costos de traslado de los padres jesuitas que vendr\u00edan con el prop\u00f3sito de educar. As\u00ed, se comenzaron a inscribir los nuevos estudiantes hasta llegar a cien.&nbsp;&nbsp;&nbsp;<\/p>\n\n\n\n<figure class=\"wp-block-image size-large\"><img loading=\"lazy\" decoding=\"async\" width=\"802\" height=\"1024\" src=\"http:\/\/test.boomerang.pe\/museo\/wp-content\/uploads\/2024\/09\/21-2-1-802x1024.jpg\" alt=\"\" class=\"wp-image-870\" srcset=\"http:\/\/test.boomerang.pe\/museo\/wp-content\/uploads\/2024\/09\/21-2-1-802x1024.jpg 802w, http:\/\/test.boomerang.pe\/museo\/wp-content\/uploads\/2024\/09\/21-2-1-235x300.jpg 235w, http:\/\/test.boomerang.pe\/museo\/wp-content\/uploads\/2024\/09\/21-2-1-768x981.jpg 768w, http:\/\/test.boomerang.pe\/museo\/wp-content\/uploads\/2024\/09\/21-2-1.jpg 912w\" sizes=\"auto, (max-width: 802px) 100vw, 802px\" \/><figcaption class=\"wp-element-caption\"><em><a href=\"https:\/\/www.facebook.com\/photo\/?fbid=10166160976260403&amp;set=a.10150211225850403&amp;locale=es_LA\">Fotograf\u00eda del primer local del Colegio en la calle Cascarilla, actualmente en los jirones Ucayali y Az\u00e1ngaro, en el Centro de Lima. Inicios del siglo XX. Portal Lima la \u00danica. <\/a><\/em><\/figcaption><\/figure>\n\n\n\n<p>El 18 de mayo de 1878, se emiti\u00f3 el decreto supremo que establec\u00eda la creaci\u00f3n de la Escuela Normal de Varones. A finales de mayo, el colegio contaba con 90 alumnos que reun\u00edan las condiciones de matr\u00edcula: 30 internos y 60 semi-internos. Los padres m\u00e1s involucrados en las labores del centro educativo fueron Gumercindo G\u00f3mez de Arteche, Jorge Sendoa y Pedro Echeverr\u00eda. Para octubre de ese a\u00f1o, el n\u00famero de alumnos lleg\u00f3 a 101; sin embargo, la demanda de estudiantes superaba la capacidad del personal disponible.<\/p>\n\n\n\n<p>En abril de 1879, al inicio del conflicto con Chile, el colegio emprendi\u00f3 obras de remodelaci\u00f3n que se retrasaron y no permitieron abrir las puertas a tiempo. Llegaron padres de Espa\u00f1a para apoyar a los jesuitas: Ricardo Cappa, Antonio Salazar, Francisco Fern\u00e1ndez y Emilio Moscoso, junto con los hermanos Eulalio Morales, Eusebio Ceballos y Manuel Franco. Algunos de ellos llegaron a servir en las ambulancias del ej\u00e9rcito del sur durante la guerra.<\/p>\n\n\n\n<p>En marzo de 1880, se retomaron las actividades y se asignaron tres secciones: preparatoria, \u00ednfima y media. Para resolver la falta de personal, se decidi\u00f3 traer a los padres jesuitas de Hu\u00e1nuco, lo que result\u00f3 en la disoluci\u00f3n de ese establecimiento para reforzar el personal del Colegio de la Inmaculada. Durante los a\u00f1os siguientes de la guerra, el colegio mantuvo su labor educativa hasta su cierre en 1883. Posteriormente, los jesuitas se dedicaron a mejorar la infraestructura del plantel.<\/p>\n\n\n\n<p>Sin embargo, a ra\u00edz de un libro de historia del Per\u00fa publicado por el padre Ricardo Cappa, surgi\u00f3 un movimiento para expulsar a la Compa\u00f1\u00eda de Jes\u00fas. El 24 de octubre de 1886, el Congreso dispuso la expulsi\u00f3n de la Compa\u00f1\u00eda por mayor\u00eda de votos. El colegio tuvo que ser clausurado, pero los jesuitas regresaron en 1888. As\u00ed, en 1900, se adquirieron los terrenos del Jard\u00edn T\u00edvoli Franc\u00e9s en la avenida Colmena, y al a\u00f1o siguiente comenz\u00f3 la construcci\u00f3n del nuevo colegio. En 1902, se trasladaron definitivamente a dicho local, manteni\u00e9ndose all\u00ed hasta 1966, cuando se trasladaron a Monterrico, en el l\u00edmite de Lima Metropolitana.<\/p>\n\n\n\n<figure class=\"wp-block-image size-full\"><img loading=\"lazy\" decoding=\"async\" width=\"971\" height=\"771\" src=\"http:\/\/test.boomerang.pe\/museo\/wp-content\/uploads\/2024\/09\/21-3.png\" alt=\"\" class=\"wp-image-843\" srcset=\"http:\/\/test.boomerang.pe\/museo\/wp-content\/uploads\/2024\/09\/21-3.png 971w, http:\/\/test.boomerang.pe\/museo\/wp-content\/uploads\/2024\/09\/21-3-300x238.png 300w, http:\/\/test.boomerang.pe\/museo\/wp-content\/uploads\/2024\/09\/21-3-768x610.png 768w\" sizes=\"auto, (max-width: 971px) 100vw, 971px\" \/><figcaption class=\"wp-element-caption\"><em><a href=\"https:\/\/www.facebook.com\/limalaunica\/photos\/a.10150211225850403\/10164752109645403\/?type=3\">Fotograf\u00eda del segundo local del Colegio en la avenida Colmena, en el Centro de Lima. Actualmente sede de la Universidad Nacional Federico Villarreal. Portal Lima la \u00danica en Facebook. <\/a><\/em><br><\/figcaption><\/figure>\n\n\n\n<p>El colegio evolucion\u00f3 hasta convertirse en uno de los centros educativos para varones m\u00e1s prestigiosos. En 1977, se inaugur\u00f3 el estadio del colegio y se celebr\u00f3 su primer centenario. En los a\u00f1os posteriores, se construyeron laboratorios, se desarrollaron proyectos de zoocriadero y se inaugur\u00f3 el Coliseo Fausto Pardo. En 2010, se inici\u00f3 el proceso de coeducaci\u00f3n para incorporar a ni\u00f1as y j\u00f3venes a la instituci\u00f3n.<\/p>\n\n\n\n<p>El colegio ha formado a un n\u00famero impresionante de destacados personajes como Manuel Prado y Ugarteche, el general Francisco Morales Berm\u00fadez, Aurelio Mir\u00f3 Quesada, Luis Alayza y Paz Sold\u00e1n, Arturo Garc\u00eda Salazar, Armando Reboredo Iglesias, Javier Prado y Ugarteche, Augusto Tamayo Vargas, Luis Antonio Eguiguren, Alberto Tauro del Pino, Rub\u00e9n Vargas Ugarte y Manuel Ulloa El\u00edas. En la actualidad, su propuesta educativa contin\u00faa bas\u00e1ndose en los ejercicios espirituales del fundador de la Compa\u00f1\u00eda de Jes\u00fas, San Ignacio de Loyola.<\/p>\n\n\n\n<h2 class=\"wp-block-heading\">Fuentes<\/h2>\n\n\n\n<ul class=\"wp-block-list\">\n<li>Kleiber, J. (2017). <em>Historia contempor\u00e1nea de la Iglesia Cat\u00f3lica en el Per\u00fa.<\/em> Fondo Editorial de la PUCP.<\/li>\n\n\n\n<li>Nieto, A. (1978). <em>Historia del Colegio de La Inmaculada. A\u00f1os iniciales de guerra y adversidad.<\/em> Editora Tur\u00edstica Per\u00fa.<\/li>\n<\/ul>\n","protected":false},"excerpt":{"rendered":"<p>Los or\u00edgenes del Colegio de la Inmaculada se remontan a conversaciones entre el presidente de la Rep\u00fablica Mariano Ignacio Prado, y el senador Francisco Garc\u00eda Calder\u00f3n, quienes plantearon la idea de un proyecto educativo para varones, similar a la Escuela Normal de Mujeres de las religiosas del Sagrado Coraz\u00f3n. El 30 de abril de 1878,[&#8230;]<\/p>\n","protected":false},"featured_media":987,"template":"","class_list":["post-776","historias","type-historias","status-publish","has-post-thumbnail","hentry"],"_links":{"self":[{"href":"http:\/\/test.boomerang.pe\/museo\/wp-json\/wp\/v2\/historias\/776","targetHints":{"allow":["GET"]}}],"collection":[{"href":"http:\/\/test.boomerang.pe\/museo\/wp-json\/wp\/v2\/historias"}],"about":[{"href":"http:\/\/test.boomerang.pe\/museo\/wp-json\/wp\/v2\/types\/historias"}],"wp:featuredmedia":[{"embeddable":true,"href":"http:\/\/test.boomerang.pe\/museo\/wp-json\/wp\/v2\/media\/987"}],"wp:attachment":[{"href":"http:\/\/test.boomerang.pe\/museo\/wp-json\/wp\/v2\/media?parent=776"}],"curies":[{"name":"wp","href":"https:\/\/api.w.org\/{rel}","templated":true}]}}

<p>Los orígenes del Colegio de la Inmaculada se remontan a conversaciones entre el presidente de la República Mariano Ignacio Prado, y el senador Francisco García Calderón, quienes plantearon la idea de un proyecto educativo para varones, similar a la Escuela Normal de Mujeres de las religiosas del Sagrado Corazón. El 30 de abril de 1878, el presidente Prado visitó a los jesuitas junto con García Calderón para pedirles que se encargaran de la dirección de una nueva escuela normal. Los jesuitas aceptaron y prometieron ceder el local que ocupaban en la avenida Cascarilla, entre el jirón Azángaro y Ucayali, además de una escuela municipal contigua, el antiguo Colegio Máximo de San Pablo. También prometieron ofrecer de 24 a 48 becas y cubrir los costos de traslado de los padres jesuitas que vendrían con el propósito de educar. Así, se comenzaron a inscribir los nuevos estudiantes hasta llegar a cien.&nbsp;&nbsp;&nbsp;</p>



<figure class="wp-block-image size-large"><img loading="lazy" decoding="async" width="802" height="1024" src="http://test.boomerang.pe/museo/wp-content/uploads/2024/09/21-2-1-802x1024.jpg" alt="" class="wp-image-870" srcset="http://test.boomerang.pe/museo/wp-content/uploads/2024/09/21-2-1-802x1024.jpg 802w, http://test.boomerang.pe/museo/wp-content/uploads/2024/09/21-2-1-235x300.jpg 235w, http://test.boomerang.pe/museo/wp-content/uploads/2024/09/21-2-1-768x981.jpg 768w, http://test.boomerang.pe/museo/wp-content/uploads/2024/09/21-2-1.jpg 912w" sizes="auto, (max-width: 802px) 100vw, 802px" /><figcaption class="wp-element-caption"><em><a href="https://www.facebook.com/photo/?fbid=10166160976260403&amp;set=a.10150211225850403&amp;locale=es_LA">Fotografía del primer local del Colegio en la calle Cascarilla, actualmente en los jirones Ucayali y Azángaro, en el Centro de Lima. Inicios del siglo XX. Portal Lima la Única. </a></em></figcaption></figure>



<p>El 18 de mayo de 1878, se emitió el decreto supremo que establecía la creación de la Escuela Normal de Varones. A finales de mayo, el colegio contaba con 90 alumnos que reunían las condiciones de matrícula: 30 internos y 60 semi-internos. Los padres más involucrados en las labores del centro educativo fueron Gumercindo Gómez de Arteche, Jorge Sendoa y Pedro Echeverría. Para octubre de ese año, el número de alumnos llegó a 101; sin embargo, la demanda de estudiantes superaba la capacidad del personal disponible.</p>



<p>En abril de 1879, al inicio del conflicto con Chile, el colegio emprendió obras de remodelación que se retrasaron y no permitieron abrir las puertas a tiempo. Llegaron padres de España para apoyar a los jesuitas: Ricardo Cappa, Antonio Salazar, Francisco Fernández y Emilio Moscoso, junto con los hermanos Eulalio Morales, Eusebio Ceballos y Manuel Franco. Algunos de ellos llegaron a servir en las ambulancias del ejército del sur durante la guerra.</p>



<p>En marzo de 1880, se retomaron las actividades y se asignaron tres secciones: preparatoria, ínfima y media. Para resolver la falta de personal, se decidió traer a los padres jesuitas de Huánuco, lo que resultó en la disolución de ese establecimiento para reforzar el personal del Colegio de la Inmaculada. Durante los años siguientes de la guerra, el colegio mantuvo su labor educativa hasta su cierre en 1883. Posteriormente, los jesuitas se dedicaron a mejorar la infraestructura del plantel.</p>



<p>Sin embargo, a raíz de un libro de historia del Perú publicado por el padre Ricardo Cappa, surgió un movimiento para expulsar a la Compañía de Jesús. El 24 de octubre de 1886, el Congreso dispuso la expulsión de la Compañía por mayoría de votos. El colegio tuvo que ser clausurado, pero los jesuitas regresaron en 1888. Así, en 1900, se adquirieron los terrenos del Jardín Tívoli Francés en la avenida Colmena, y al año siguiente comenzó la construcción del nuevo colegio. En 1902, se trasladaron definitivamente a dicho local, manteniéndose allí hasta 1966, cuando se trasladaron a Monterrico, en el límite de Lima Metropolitana.</p>



<figure class="wp-block-image size-full"><img loading="lazy" decoding="async" width="971" height="771" src="http://test.boomerang.pe/museo/wp-content/uploads/2024/09/21-3.png" alt="" class="wp-image-843" srcset="http://test.boomerang.pe/museo/wp-content/uploads/2024/09/21-3.png 971w, http://test.boomerang.pe/museo/wp-content/uploads/2024/09/21-3-300x238.png 300w, http://test.boomerang.pe/museo/wp-content/uploads/2024/09/21-3-768x610.png 768w" sizes="auto, (max-width: 971px) 100vw, 971px" /><figcaption class="wp-element-caption"><em><a href="https://www.facebook.com/limalaunica/photos/a.10150211225850403/10164752109645403/?type=3">Fotografía del segundo local del Colegio en la avenida Colmena, en el Centro de Lima. Actualmente sede de la Universidad Nacional Federico Villarreal. Portal Lima la Única en Facebook. </a></em><br></figcaption></figure>



<p>El colegio evolucionó hasta convertirse en uno de los centros educativos para varones más prestigiosos. En 1977, se inauguró el estadio del colegio y se celebró su primer centenario. En los años posteriores, se construyeron laboratorios, se desarrollaron proyectos de zoocriadero y se inauguró el Coliseo Fausto Pardo. En 2010, se inició el proceso de coeducación para incorporar a niñas y jóvenes a la institución.</p>



<p>El colegio ha formado a un número impresionante de destacados personajes como Manuel Prado y Ugarteche, el general Francisco Morales Bermúdez, Aurelio Miró Quesada, Luis Alayza y Paz Soldán, Arturo García Salazar, Armando Reboredo Iglesias, Javier Prado y Ugarteche, Augusto Tamayo Vargas, Luis Antonio Eguiguren, Alberto Tauro del Pino, Rubén Vargas Ugarte y Manuel Ulloa Elías. En la actualidad, su propuesta educativa continúa basándose en los ejercicios espirituales del fundador de la Compañía de Jesús, San Ignacio de Loyola.</p>



<h2 class="wp-block-heading">Fuentes</h2>



<ul class="wp-block-list">
<li>Kleiber, J. (2017). <em>Historia contemporánea de la Iglesia Católica en el Perú.</em> Fondo Editorial de la PUCP.</li>



<li>Nieto, A. (1978). <em>Historia del Colegio de La Inmaculada. Años iniciales de guerra y adversidad.</em> Editora Turística Perú.</li>
</ul>

<p>Los orígenes del Colegio de la Inmaculada se remontan a conversaciones entre el presidente de la República Mariano Ignacio Prado, y el senador Francisco García Calderón, quienes plantearon la idea de un proyecto educativo para varones, similar a la Escuela Normal de Mujeres de las religiosas del Sagrado Corazón. El 30 de abril de 1878,[&#8230;]</p>
