{"id":881,"date":"2024-09-06T17:06:32","date_gmt":"2024-09-06T17:06:32","guid":{"rendered":"http:\/\/test.boomerang.pe\/museo\/?post_type=historias&#038;p=881"},"modified":"2024-09-10T20:48:59","modified_gmt":"2024-09-10T20:48:59","slug":"colegio-santa-ursula","status":"publish","type":"historias","link":"http:\/\/test.boomerang.pe\/museo\/historias\/colegio-santa-ursula\/","title":{"rendered":"Colegio Santa \u00darsula"},"content":{"rendered":"\n<p>A ra\u00edz del r\u00e9gimen nazi en Alemania y el creciente nacionalismo anticristiano, muchos grupos religiosos se vieron obligados a abandonar su patria en busca de refugio. En este contexto, las Hermanas Ursulinas alemanas encontraron una oportunidad para continuar su misi\u00f3n educativa en el Per\u00fa gracias a la invitaci\u00f3n del arzobispo Pedro Farf\u00e1n. En 1936, llegaron al pa\u00eds las hermanas C\u00e1ritas Knickeberg y Gertrudis Neugebauer del convento de Fritzlar, quienes se encargaron de explorar el terreno para un nuevo proyecto educativo. Ese mismo a\u00f1o, abrieron el Colegio Santa \u00darsula en una casa privada en la avenida Arequipa, en Lima, con el apoyo de tres religiosas adicionales y una novicia que se unieron poco despu\u00e9s.\u00a0<br><\/p>\n\n\n\n<figure class=\"wp-block-image size-full is-resized\"><img loading=\"lazy\" decoding=\"async\" width=\"606\" height=\"444\" src=\"http:\/\/test.boomerang.pe\/museo\/wp-content\/uploads\/2024\/09\/27-2.png\" alt=\"\" class=\"wp-image-885\" style=\"width:700px\" srcset=\"http:\/\/test.boomerang.pe\/museo\/wp-content\/uploads\/2024\/09\/27-2.png 606w, http:\/\/test.boomerang.pe\/museo\/wp-content\/uploads\/2024\/09\/27-2-300x220.png 300w\" sizes=\"auto, (max-width: 606px) 100vw, 606px\" \/><figcaption class=\"wp-element-caption\">Primer local del colegio Santa \u00darsula ubicado en la avenida Arequipa. Sin fecha. Publicaci\u00f3n 85 a\u00f1os de la llegada de las MADRES URSULINAS y su misi\u00f3n en el Per\u00fa.<br><\/figcaption><\/figure>\n\n\n\n<p>El Colegio Santa \u00darsula fue recibido con entusiasmo por la comunidad lime\u00f1a, que valoraba la educaci\u00f3n y la cultura europea, y especialmente la disciplina y el orden que caracterizaban a los m\u00e9todos alemanes. Este aprecio motiv\u00f3 a figuras prominentes como Alberto Ulloa, Francisco \u00c1lvarez Calder\u00f3n, Fritz Bauer y Crist\u00f3bal de Lozada a formar una asociaci\u00f3n para construir un edificio propio para el colegio.<\/p>\n\n\n\n<figure class=\"wp-block-image size-full\"><img loading=\"lazy\" decoding=\"async\" width=\"647\" height=\"416\" src=\"http:\/\/test.boomerang.pe\/museo\/wp-content\/uploads\/2024\/09\/27-3.png\" alt=\"\" class=\"wp-image-884\" srcset=\"http:\/\/test.boomerang.pe\/museo\/wp-content\/uploads\/2024\/09\/27-3.png 647w, http:\/\/test.boomerang.pe\/museo\/wp-content\/uploads\/2024\/09\/27-3-300x193.png 300w\" sizes=\"auto, (max-width: 647px) 100vw, 647px\" \/><figcaption class=\"wp-element-caption\">Hermanas y ni\u00f1as de Kindergarten ursulinas en el primer local de la avenida Arequipa. Sin fecha. Publicaci\u00f3n 85 a\u00f1os de la llegada de las MADRES URSULINAS y su misi\u00f3n en el Per\u00fa.<br><\/figcaption><\/figure>\n\n\n\n<p>El 21 de octubre de 1939 se iniciaron las obras para el nuevo local en el distrito de San Isidro, en Lima. La inauguraci\u00f3n del edificio tuvo lugar el 8 de junio de 1941, con la presencia del entonces presidente Manuel Prado. Posteriormente, se comenz\u00f3 la construcci\u00f3n de la capilla del colegio, la cual fue embellecida por el artista Adolfo Winternitz, quien cre\u00f3 un destacado mosaico de Nuestra Se\u00f1ora de la Paz.<\/p>\n\n\n\n<p>Hacia 1942 la instituci\u00f3n contaba con un sal\u00f3n de secundaria y 5 grados de primaria. El 21 de octubre de 1945, en la fiesta de Santa \u00darsula, se coloc\u00f3 la primera piedra de lo que ser\u00eda la capilla ursulina, y su construcci\u00f3n estuvo a cargo de los arquitectos Paul Linder y H\u00e9ctor Velarde. Linder tambi\u00e9n dirigir\u00eda el proyecto para las nuevas aulas de Kindergarten y c\u00f3mputo a finales de 1995. En 1960 se inicia la construcci\u00f3n del auditorio con planos elaborados por el arquitecto Roberto Wakeham. Este espacio, inaugurado en 1965 no solo sirvi\u00f3 a la comunidad ursulina, sino que tambi\u00e9n se convirti\u00f3 en un importante centro cultural para la ciudad de Lima, manteni\u00e9ndose como un punto de referencia cultural hasta el d\u00eda de hoy.<\/p>\n\n\n\n<p>A partir de 1996, el Colegio Santa \u00darsula emprendi\u00f3 una transformaci\u00f3n significativa en su metodolog\u00eda de ense\u00f1anza, destacando la incorporaci\u00f3n del Bachillerato Internacional, un cambio que consolid\u00f3 su reputaci\u00f3n como una instituci\u00f3n educativa de prestigio. El Colegio Santa \u00darsula ha formado varias figuras destacadas en la sociedad peruana, incluyendo a la reconocida cantante y compositora Alicia Magui\u00f1a. Su historia refleja la dedicaci\u00f3n de las Hermanas Ursulinas a la educaci\u00f3n de las j\u00f3venes, form\u00e1ndolas en valores cristianos y manteniendo la tradici\u00f3n germano peruana.<\/p>\n\n\n\n<figure class=\"wp-block-image size-large\"><img loading=\"lazy\" decoding=\"async\" width=\"1024\" height=\"558\" src=\"http:\/\/test.boomerang.pe\/museo\/wp-content\/uploads\/2024\/09\/27-1-4-1024x558.jpg\" alt=\"\" class=\"wp-image-883\" srcset=\"http:\/\/test.boomerang.pe\/museo\/wp-content\/uploads\/2024\/09\/27-1-4-1024x558.jpg 1024w, http:\/\/test.boomerang.pe\/museo\/wp-content\/uploads\/2024\/09\/27-1-4-300x163.jpg 300w, http:\/\/test.boomerang.pe\/museo\/wp-content\/uploads\/2024\/09\/27-1-4-768x419.jpg 768w, http:\/\/test.boomerang.pe\/museo\/wp-content\/uploads\/2024\/09\/27-1-4.jpg 1536w\" sizes=\"auto, (max-width: 1024px) 100vw, 1024px\" \/><figcaption class=\"wp-element-caption\">Imagen actual de la fachada del Colegio Santa \u00darsula y la Capilla escolar. Portal Web del colegio.<\/figcaption><\/figure>\n\n\n\n<h2 class=\"wp-block-heading\">Fuentes:<br><\/h2>\n\n\n\n<ul class=\"wp-block-list\">\n<li><a href=\"https:\/\/www.calameo.com\/books\/006468148dbae0d0c145d\">D\u00e1vila, L. <em>Libro 85 A\u00f1os. 85 a\u00f1os de la llegada de las MADRES URSULINAS y su misi\u00f3n en el Per\u00fa.<\/em><\/a><em>\u00a0<\/em><\/li>\n\n\n\n<li>Card\u00f3, A. (2005). <em>La Iglesia y la educaci\u00f3n en el Per\u00fa<\/em>. Universidad Cat\u00f3lica San Pablo.<\/li>\n\n\n\n<li>Kleiber, J. (2017). <em>Historia contempor\u00e1nea de la Iglesia Cat\u00f3lica en el Per\u00fa.<\/em> Fondo Editorial de la PUCP.<\/li>\n<\/ul>\n\n\n\n<p>Sitio Web: <a href=\"https:\/\/santaursula.edu.pe\">https:\/\/santaursula.edu.pe<\/a> <\/p>\n","protected":false},"excerpt":{"rendered":"<p>A ra\u00edz del r\u00e9gimen nazi en Alemania y el creciente nacionalismo anticristiano, muchos grupos religiosos se vieron obligados a abandonar su patria en busca de refugio. En este contexto, las Hermanas Ursulinas alemanas encontraron una oportunidad para continuar su misi\u00f3n educativa en el Per\u00fa gracias a la invitaci\u00f3n del arzobispo Pedro Farf\u00e1n. En 1936, llegaron[&#8230;]<\/p>\n","protected":false},"featured_media":1094,"template":"","class_list":["post-881","historias","type-historias","status-publish","has-post-thumbnail","hentry"],"_links":{"self":[{"href":"http:\/\/test.boomerang.pe\/museo\/wp-json\/wp\/v2\/historias\/881","targetHints":{"allow":["GET"]}}],"collection":[{"href":"http:\/\/test.boomerang.pe\/museo\/wp-json\/wp\/v2\/historias"}],"about":[{"href":"http:\/\/test.boomerang.pe\/museo\/wp-json\/wp\/v2\/types\/historias"}],"wp:featuredmedia":[{"embeddable":true,"href":"http:\/\/test.boomerang.pe\/museo\/wp-json\/wp\/v2\/media\/1094"}],"wp:attachment":[{"href":"http:\/\/test.boomerang.pe\/museo\/wp-json\/wp\/v2\/media?parent=881"}],"curies":[{"name":"wp","href":"https:\/\/api.w.org\/{rel}","templated":true}]}}

Colegio Santa Úrsula

<p>A raíz del régimen nazi en Alemania y el creciente nacionalismo anticristiano, muchos grupos religiosos se vieron obligados a abandonar su patria en busca de refugio. En este contexto, las Hermanas Ursulinas alemanas encontraron una oportunidad para continuar su misión educativa en el Perú gracias a la invitación del arzobispo Pedro Farfán. En 1936, llegaron al país las hermanas Cáritas Knickeberg y Gertrudis Neugebauer del convento de Fritzlar, quienes se encargaron de explorar el terreno para un nuevo proyecto educativo. Ese mismo año, abrieron el Colegio Santa Úrsula en una casa privada en la avenida Arequipa, en Lima, con el apoyo de tres religiosas adicionales y una novicia que se unieron poco después. <br></p>



<figure class="wp-block-image size-full is-resized"><img loading="lazy" decoding="async" width="606" height="444" src="http://test.boomerang.pe/museo/wp-content/uploads/2024/09/27-2.png" alt="" class="wp-image-885" style="width:700px" srcset="http://test.boomerang.pe/museo/wp-content/uploads/2024/09/27-2.png 606w, http://test.boomerang.pe/museo/wp-content/uploads/2024/09/27-2-300x220.png 300w" sizes="auto, (max-width: 606px) 100vw, 606px" /><figcaption class="wp-element-caption">Primer local del colegio Santa Úrsula ubicado en la avenida Arequipa. Sin fecha. Publicación 85 años de la llegada de las MADRES URSULINAS y su misión en el Perú.<br></figcaption></figure>



<p>El Colegio Santa Úrsula fue recibido con entusiasmo por la comunidad limeña, que valoraba la educación y la cultura europea, y especialmente la disciplina y el orden que caracterizaban a los métodos alemanes. Este aprecio motivó a figuras prominentes como Alberto Ulloa, Francisco Álvarez Calderón, Fritz Bauer y Cristóbal de Lozada a formar una asociación para construir un edificio propio para el colegio.</p>



<figure class="wp-block-image size-full"><img loading="lazy" decoding="async" width="647" height="416" src="http://test.boomerang.pe/museo/wp-content/uploads/2024/09/27-3.png" alt="" class="wp-image-884" srcset="http://test.boomerang.pe/museo/wp-content/uploads/2024/09/27-3.png 647w, http://test.boomerang.pe/museo/wp-content/uploads/2024/09/27-3-300x193.png 300w" sizes="auto, (max-width: 647px) 100vw, 647px" /><figcaption class="wp-element-caption">Hermanas y niñas de Kindergarten ursulinas en el primer local de la avenida Arequipa. Sin fecha. Publicación 85 años de la llegada de las MADRES URSULINAS y su misión en el Perú.<br></figcaption></figure>



<p>El 21 de octubre de 1939 se iniciaron las obras para el nuevo local en el distrito de San Isidro, en Lima. La inauguración del edificio tuvo lugar el 8 de junio de 1941, con la presencia del entonces presidente Manuel Prado. Posteriormente, se comenzó la construcción de la capilla del colegio, la cual fue embellecida por el artista Adolfo Winternitz, quien creó un destacado mosaico de Nuestra Señora de la Paz.</p>



<p>Hacia 1942 la institución contaba con un salón de secundaria y 5 grados de primaria. El 21 de octubre de 1945, en la fiesta de Santa Úrsula, se colocó la primera piedra de lo que sería la capilla ursulina, y su construcción estuvo a cargo de los arquitectos Paul Linder y Héctor Velarde. Linder también dirigiría el proyecto para las nuevas aulas de Kindergarten y cómputo a finales de 1995. En 1960 se inicia la construcción del auditorio con planos elaborados por el arquitecto Roberto Wakeham. Este espacio, inaugurado en 1965 no solo sirvió a la comunidad ursulina, sino que también se convirtió en un importante centro cultural para la ciudad de Lima, manteniéndose como un punto de referencia cultural hasta el día de hoy.</p>



<p>A partir de 1996, el Colegio Santa Úrsula emprendió una transformación significativa en su metodología de enseñanza, destacando la incorporación del Bachillerato Internacional, un cambio que consolidó su reputación como una institución educativa de prestigio. El Colegio Santa Úrsula ha formado varias figuras destacadas en la sociedad peruana, incluyendo a la reconocida cantante y compositora Alicia Maguiña. Su historia refleja la dedicación de las Hermanas Ursulinas a la educación de las jóvenes, formándolas en valores cristianos y manteniendo la tradición germano peruana.</p>



<figure class="wp-block-image size-large"><img loading="lazy" decoding="async" width="1024" height="558" src="http://test.boomerang.pe/museo/wp-content/uploads/2024/09/27-1-4-1024x558.jpg" alt="" class="wp-image-883" srcset="http://test.boomerang.pe/museo/wp-content/uploads/2024/09/27-1-4-1024x558.jpg 1024w, http://test.boomerang.pe/museo/wp-content/uploads/2024/09/27-1-4-300x163.jpg 300w, http://test.boomerang.pe/museo/wp-content/uploads/2024/09/27-1-4-768x419.jpg 768w, http://test.boomerang.pe/museo/wp-content/uploads/2024/09/27-1-4.jpg 1536w" sizes="auto, (max-width: 1024px) 100vw, 1024px" /><figcaption class="wp-element-caption">Imagen actual de la fachada del Colegio Santa Úrsula y la Capilla escolar. Portal Web del colegio.</figcaption></figure>



<h2 class="wp-block-heading">Fuentes:<br></h2>



<ul class="wp-block-list">
<li><a href="https://www.calameo.com/books/006468148dbae0d0c145d">Dávila, L. <em>Libro 85 Años. 85 años de la llegada de las MADRES URSULINAS y su misión en el Perú.</em></a><em> </em></li>



<li>Cardó, A. (2005). <em>La Iglesia y la educación en el Perú</em>. Universidad Católica San Pablo.</li>



<li>Kleiber, J. (2017). <em>Historia contemporánea de la Iglesia Católica en el Perú.</em> Fondo Editorial de la PUCP.</li>
</ul>



<p>Sitio Web: <a href="https://santaursula.edu.pe">https://santaursula.edu.pe</a> </p>

<p>A raíz del régimen nazi en Alemania y el creciente nacionalismo anticristiano, muchos grupos religiosos se vieron obligados a abandonar su patria en busca de refugio. En este contexto, las Hermanas Ursulinas alemanas encontraron una oportunidad para continuar su misión educativa en el Perú gracias a la invitación del arzobispo Pedro Farfán. En 1936, llegaron[&#8230;]</p>
