{"id":964,"date":"2024-09-06T15:23:12","date_gmt":"2024-09-06T15:23:12","guid":{"rendered":"http:\/\/test.boomerang.pe\/museo\/?post_type=historias&#038;p=964"},"modified":"2024-09-06T17:35:25","modified_gmt":"2024-09-06T17:35:25","slug":"colegio-jesus-obrero","status":"publish","type":"historias","link":"http:\/\/test.boomerang.pe\/museo\/historias\/colegio-jesus-obrero\/","title":{"rendered":"Colegio Jes\u00fas Obrero\u00a0"},"content":{"rendered":"\n<p>El Colegio Jes\u00fas Obrero de Comas fue fundado antes de la creaci\u00f3n oficial del distrito, y su historia est\u00e1 profundamente vinculada a la figura del padre oblato Mar\u00eda Inmaculada Andr\u00e9s God\u00edn, responsable de la parroquia Nuestra Se\u00f1ora de la Paz. God\u00edn estudi\u00f3 el contexto social de la \u00e9poca para identificar las necesidades de los asentamientos urbanos.<\/p>\n\n\n\n<p>Con el apoyo de una base de datos elaborada a petici\u00f3n del arzobispo Juan Land\u00e1zuri Ricketts, God\u00edn consider\u00f3 urgente crear un colegio t\u00e9cnico para los j\u00f3venes de la zona y uno de los lugares previstos para ello fue el proyecto urban\u00edstico Huaquillay, en la carretera Lima-Canta y liderado por la familia Fernandini y el Banco de Cr\u00e9dito del Per\u00fa. Esta zona era sumamente estrat\u00e9gica ya que ser\u00eda de las primeras en contar con servicios de agua, desag\u00fce y electricidad, esenciales para el funcionamiento de las m\u00e1quinas y talleres del colegio, as\u00ed como para los servicios m\u00e9dicos y dentales de la comunidad. Aqu\u00ed, el padre God\u00edn logr\u00f3 instalar la sede parroquial de Nuestra Se\u00f1ora de la Paz y el futuro centro educativo.<\/p>\n\n\n\n<figure class=\"wp-block-image size-full is-resized\"><img loading=\"lazy\" decoding=\"async\" width=\"262\" height=\"161\" src=\"http:\/\/test.boomerang.pe\/museo\/wp-content\/uploads\/2024\/09\/33-2.jpg\" alt=\"\" class=\"wp-image-967\" style=\"width:537px;height:auto\"\/><figcaption class=\"wp-element-caption\"><a href=\"https:\/\/loselegantesdelobrero.blogspot.com\/2011\/09\/institucion-educativa-jesus-obrero.html\">Fotograf\u00eda de los inicios del colegio Jes\u00fas Obrero en la urbanizaci\u00f3n Huaquillay, Comas. Sin fecha. Portal Los Elegantes del Obrero.<\/a><\/figcaption><\/figure>\n\n\n\n<p>God\u00edn cont\u00f3 con el apoyo de Enrique Ayulo, presidente del Banco de Cr\u00e9dito, y de Alfonso Rizo Patr\u00f3n, ministro de Fomento y Obras P\u00fablicas. En 1960, los oblatos recibieron 19,800 metros cuadrados de terreno. Las obras fueron construidas con el respaldo del ej\u00e9rcito peruano, que protegi\u00f3 los terrenos de posibles invasiones. Tambi\u00e9n se construy\u00f3 la parroquia Nuestra Se\u00f1ora de la Paz, inaugurada en noviembre de 1960 con la presencia del arzobispo de Lima.<\/p>\n\n\n\n<p>Gracias a las conversaciones con el presidente Manuel Prado y su esposa Clorinda M\u00e1laga, el 17 de noviembre de 1961, seg\u00fan la Resoluci\u00f3n Suprema N.\u00ba 360, el Ministerio de Educaci\u00f3n firm\u00f3 un convenio para crear un colegio t\u00e9cnico dirigido por oblatos, adoptando el nombre de Colegio Industrial Nuestra Se\u00f1ora de la Paz. La se\u00f1ora M\u00e1laga se comprometi\u00f3 a construir los tres primeros talleres para ense\u00f1ar electricidad, ebanister\u00eda, automotores y mec\u00e1nica a la juventud de Comas. Sin embargo, hac\u00eda falta m\u00e1s apoyo econ\u00f3mico, por lo que la instituci\u00f3n alemana MISEREOR (Obra Episcopal de la Iglesia Cat\u00f3lica Alemana) entreg\u00f3 $60,000 para adquirir m\u00e1quinas y herramientas, y envi\u00f3 a algunos profesionales alemanes para formar y capacitar a los estudiantes. Ese mismo a\u00f1o, una flota de camiones lleg\u00f3 a la parroquia con m\u00e1quinas importadas de Estados Unidos, y otras empresas privadas y asociaciones tambi\u00e9n colaboraron financieramente con el colegio.&nbsp;<\/p>\n\n\n\n<p>Otros docentes que llegaron del exterior fueron los Hermanos de la Caridad de Montreal y de esa forma Jacques Blanchard y Luc Nolet Gilbert asumieron la direcci\u00f3n del colegio. En los a\u00f1os posteriores, los directores fueron oblatos y otros Hermanos de la Caridad. El colegio abri\u00f3 sus puertas el 25 de febrero con 109 alumnos. Con la llegada del agua potable en 1963 y la corriente el\u00e9ctrica en 1964, el colegio pudo mejorar su oferta educativa. Gracias a la gesti\u00f3n de Luc Nolet, el colegio incorpor\u00f3 la secundaria completa a la formaci\u00f3n t\u00e9cnica y, desde 1965, se denomin\u00f3 Instituto Piloto de Capacitaci\u00f3n para el Trabajo Industrial Jes\u00fas Obrero.<\/p>\n\n\n\n<p>El colegio supo sortear audazmente los desaf\u00edos econ\u00f3micos, y para impulsar el emprendimiento de sus egresados, se form\u00f3 la cooperativa de ahorro y cr\u00e9dito Jes\u00fas Obrero en 1965, permitiendo a los estudiantes obtener pr\u00e9stamos para iniciar sus propios proyectos empresariales. Tras la renuncia del hermano Nolet como director, el trabajador social y hermano de la Caridad Bernardo Boulay asumi\u00f3 la direcci\u00f3n del colegio en 1990. La instituci\u00f3n resisti\u00f3 tanto la crisis econ\u00f3mica de la \u00e9poca como el impacto de la violencia terrorista, que lleg\u00f3 a afectar las instalaciones del colegio con explosiones de coches bomba.<\/p>\n\n\n\n<p>En 1996, el padre oblato V\u00edctor At\u00fancar asumi\u00f3 la direcci\u00f3n. Sin embargo, desde inicios del siglo XXI, la direcci\u00f3n estuvo a cargo de laicos, siendo la educadora Mar\u00eda Elena Ramos la directora en 2002. A lo largo del tiempo su oferta pedag\u00f3gica no ha variado a\u00fan con los cambios como Colegio T\u00e9cnico Experimental y sus variantes para nocturna como Centro Educativo Ocupacional y Centro de Educaci\u00f3n T\u00e9cnico Productiva. Desde 2013, los oblatos de Mar\u00eda Inmaculada invitaron a la Di\u00f3cesis de Carabayllo a administrar el colegio.<\/p>\n\n\n\n<figure class=\"wp-block-image size-full\"><img loading=\"lazy\" decoding=\"async\" width=\"960\" height=\"628\" src=\"http:\/\/test.boomerang.pe\/museo\/wp-content\/uploads\/2024\/09\/33-3.jpg\" alt=\"\" class=\"wp-image-966\" srcset=\"http:\/\/test.boomerang.pe\/museo\/wp-content\/uploads\/2024\/09\/33-3.jpg 960w, http:\/\/test.boomerang.pe\/museo\/wp-content\/uploads\/2024\/09\/33-3-300x196.jpg 300w, http:\/\/test.boomerang.pe\/museo\/wp-content\/uploads\/2024\/09\/33-3-768x502.jpg 768w\" sizes=\"auto, (max-width: 960px) 100vw, 960px\" \/><\/figure>\n\n\n\n<figure class=\"wp-block-image size-full\"><img loading=\"lazy\" decoding=\"async\" width=\"960\" height=\"628\" src=\"http:\/\/test.boomerang.pe\/museo\/wp-content\/uploads\/2024\/09\/33-4.jpg\" alt=\"\" class=\"wp-image-965\" srcset=\"http:\/\/test.boomerang.pe\/museo\/wp-content\/uploads\/2024\/09\/33-4.jpg 960w, http:\/\/test.boomerang.pe\/museo\/wp-content\/uploads\/2024\/09\/33-4-300x196.jpg 300w, http:\/\/test.boomerang.pe\/museo\/wp-content\/uploads\/2024\/09\/33-4-768x502.jpg 768w\" sizes=\"auto, (max-width: 960px) 100vw, 960px\" \/><figcaption class=\"wp-element-caption\"><a href=\"https:\/\/www.facebook.com\/ctejesusobrero1993\/posts\/520730398102764\/\">Fotograf\u00edas de los estudiantes de la promoci\u00f3n 1993 del colegio Jes\u00fas Obrero. Sin fecha. Portal CTE Jes\u00fas Obrero Promoci\u00f3n 1993 en Facebook.<\/a><\/figcaption><\/figure>\n\n\n\n<p>Como uno de los colegios m\u00e1s antiguos de Comas, el colegio t\u00e9cnico Jes\u00fas Obrero contin\u00faa hasta la actualidad con el objetivo de educar a trav\u00e9s de la fe y desarrollar en sus estudiantes las capacidades necesarias para insertarse en el mundo laboral.<\/p>\n\n\n\n<h2 class=\"wp-block-heading\">Fuentes: <\/h2>\n\n\n\n<ul class=\"wp-block-list\">\n<li>Boulay, B. (2014). <em>Colegio Jes\u00fas Obrero. Primeros 35 a\u00f1os (1962-1997)<\/em>. Cooperativa de Ahorro y Cr\u00e9dito.<\/li>\n\n\n\n<li>Tacunan, S. (2018). <em>Iglesia y educaci\u00f3n. La historia de los colegios Presentaci\u00f3n de Mar\u00eda y Jes\u00fas Obrero de Comas<\/em>. Fondo Editorial de la Universidad Cat\u00f3lica Sedes Sapientiae. <\/li>\n<\/ul>\n","protected":false},"excerpt":{"rendered":"<p>El Colegio Jes\u00fas Obrero de Comas fue fundado antes de la creaci\u00f3n oficial del distrito, y su historia est\u00e1 profundamente vinculada a la figura del padre oblato Mar\u00eda Inmaculada Andr\u00e9s God\u00edn, responsable de la parroquia Nuestra Se\u00f1ora de la Paz. God\u00edn estudi\u00f3 el contexto social de la \u00e9poca para identificar las necesidades de los asentamientos[&#8230;]<\/p>\n","protected":false},"featured_media":989,"template":"","class_list":["post-964","historias","type-historias","status-publish","has-post-thumbnail","hentry"],"_links":{"self":[{"href":"http:\/\/test.boomerang.pe\/museo\/wp-json\/wp\/v2\/historias\/964","targetHints":{"allow":["GET"]}}],"collection":[{"href":"http:\/\/test.boomerang.pe\/museo\/wp-json\/wp\/v2\/historias"}],"about":[{"href":"http:\/\/test.boomerang.pe\/museo\/wp-json\/wp\/v2\/types\/historias"}],"wp:featuredmedia":[{"embeddable":true,"href":"http:\/\/test.boomerang.pe\/museo\/wp-json\/wp\/v2\/media\/989"}],"wp:attachment":[{"href":"http:\/\/test.boomerang.pe\/museo\/wp-json\/wp\/v2\/media?parent=964"}],"curies":[{"name":"wp","href":"https:\/\/api.w.org\/{rel}","templated":true}]}}

Colegio Jesús Obrero

<p>El Colegio Jesús Obrero de Comas fue fundado antes de la creación oficial del distrito, y su historia está profundamente vinculada a la figura del padre oblato María Inmaculada Andrés Godín, responsable de la parroquia Nuestra Señora de la Paz. Godín estudió el contexto social de la época para identificar las necesidades de los asentamientos urbanos.</p>



<p>Con el apoyo de una base de datos elaborada a petición del arzobispo Juan Landázuri Ricketts, Godín consideró urgente crear un colegio técnico para los jóvenes de la zona y uno de los lugares previstos para ello fue el proyecto urbanístico Huaquillay, en la carretera Lima-Canta y liderado por la familia Fernandini y el Banco de Crédito del Perú. Esta zona era sumamente estratégica ya que sería de las primeras en contar con servicios de agua, desagüe y electricidad, esenciales para el funcionamiento de las máquinas y talleres del colegio, así como para los servicios médicos y dentales de la comunidad. Aquí, el padre Godín logró instalar la sede parroquial de Nuestra Señora de la Paz y el futuro centro educativo.</p>



<figure class="wp-block-image size-full is-resized"><img loading="lazy" decoding="async" width="262" height="161" src="http://test.boomerang.pe/museo/wp-content/uploads/2024/09/33-2.jpg" alt="" class="wp-image-967" style="width:537px;height:auto"/><figcaption class="wp-element-caption"><a href="https://loselegantesdelobrero.blogspot.com/2011/09/institucion-educativa-jesus-obrero.html">Fotografía de los inicios del colegio Jesús Obrero en la urbanización Huaquillay, Comas. Sin fecha. Portal Los Elegantes del Obrero.</a></figcaption></figure>



<p>Godín contó con el apoyo de Enrique Ayulo, presidente del Banco de Crédito, y de Alfonso Rizo Patrón, ministro de Fomento y Obras Públicas. En 1960, los oblatos recibieron 19,800 metros cuadrados de terreno. Las obras fueron construidas con el respaldo del ejército peruano, que protegió los terrenos de posibles invasiones. También se construyó la parroquia Nuestra Señora de la Paz, inaugurada en noviembre de 1960 con la presencia del arzobispo de Lima.</p>



<p>Gracias a las conversaciones con el presidente Manuel Prado y su esposa Clorinda Málaga, el 17 de noviembre de 1961, según la Resolución Suprema N.º 360, el Ministerio de Educación firmó un convenio para crear un colegio técnico dirigido por oblatos, adoptando el nombre de Colegio Industrial Nuestra Señora de la Paz. La señora Málaga se comprometió a construir los tres primeros talleres para enseñar electricidad, ebanistería, automotores y mecánica a la juventud de Comas. Sin embargo, hacía falta más apoyo económico, por lo que la institución alemana MISEREOR (Obra Episcopal de la Iglesia Católica Alemana) entregó $60,000 para adquirir máquinas y herramientas, y envió a algunos profesionales alemanes para formar y capacitar a los estudiantes. Ese mismo año, una flota de camiones llegó a la parroquia con máquinas importadas de Estados Unidos, y otras empresas privadas y asociaciones también colaboraron financieramente con el colegio.&nbsp;</p>



<p>Otros docentes que llegaron del exterior fueron los Hermanos de la Caridad de Montreal y de esa forma Jacques Blanchard y Luc Nolet Gilbert asumieron la dirección del colegio. En los años posteriores, los directores fueron oblatos y otros Hermanos de la Caridad. El colegio abrió sus puertas el 25 de febrero con 109 alumnos. Con la llegada del agua potable en 1963 y la corriente eléctrica en 1964, el colegio pudo mejorar su oferta educativa. Gracias a la gestión de Luc Nolet, el colegio incorporó la secundaria completa a la formación técnica y, desde 1965, se denominó Instituto Piloto de Capacitación para el Trabajo Industrial Jesús Obrero.</p>



<p>El colegio supo sortear audazmente los desafíos económicos, y para impulsar el emprendimiento de sus egresados, se formó la cooperativa de ahorro y crédito Jesús Obrero en 1965, permitiendo a los estudiantes obtener préstamos para iniciar sus propios proyectos empresariales. Tras la renuncia del hermano Nolet como director, el trabajador social y hermano de la Caridad Bernardo Boulay asumió la dirección del colegio en 1990. La institución resistió tanto la crisis económica de la época como el impacto de la violencia terrorista, que llegó a afectar las instalaciones del colegio con explosiones de coches bomba.</p>



<p>En 1996, el padre oblato Víctor Atúncar asumió la dirección. Sin embargo, desde inicios del siglo XXI, la dirección estuvo a cargo de laicos, siendo la educadora María Elena Ramos la directora en 2002. A lo largo del tiempo su oferta pedagógica no ha variado aún con los cambios como Colegio Técnico Experimental y sus variantes para nocturna como Centro Educativo Ocupacional y Centro de Educación Técnico Productiva. Desde 2013, los oblatos de María Inmaculada invitaron a la Diócesis de Carabayllo a administrar el colegio.</p>



<figure class="wp-block-image size-full"><img loading="lazy" decoding="async" width="960" height="628" src="http://test.boomerang.pe/museo/wp-content/uploads/2024/09/33-3.jpg" alt="" class="wp-image-966" srcset="http://test.boomerang.pe/museo/wp-content/uploads/2024/09/33-3.jpg 960w, http://test.boomerang.pe/museo/wp-content/uploads/2024/09/33-3-300x196.jpg 300w, http://test.boomerang.pe/museo/wp-content/uploads/2024/09/33-3-768x502.jpg 768w" sizes="auto, (max-width: 960px) 100vw, 960px" /></figure>



<figure class="wp-block-image size-full"><img loading="lazy" decoding="async" width="960" height="628" src="http://test.boomerang.pe/museo/wp-content/uploads/2024/09/33-4.jpg" alt="" class="wp-image-965" srcset="http://test.boomerang.pe/museo/wp-content/uploads/2024/09/33-4.jpg 960w, http://test.boomerang.pe/museo/wp-content/uploads/2024/09/33-4-300x196.jpg 300w, http://test.boomerang.pe/museo/wp-content/uploads/2024/09/33-4-768x502.jpg 768w" sizes="auto, (max-width: 960px) 100vw, 960px" /><figcaption class="wp-element-caption"><a href="https://www.facebook.com/ctejesusobrero1993/posts/520730398102764/">Fotografías de los estudiantes de la promoción 1993 del colegio Jesús Obrero. Sin fecha. Portal CTE Jesús Obrero Promoción 1993 en Facebook.</a></figcaption></figure>



<p>Como uno de los colegios más antiguos de Comas, el colegio técnico Jesús Obrero continúa hasta la actualidad con el objetivo de educar a través de la fe y desarrollar en sus estudiantes las capacidades necesarias para insertarse en el mundo laboral.</p>



<h2 class="wp-block-heading">Fuentes: </h2>



<ul class="wp-block-list">
<li>Boulay, B. (2014). <em>Colegio Jesús Obrero. Primeros 35 años (1962-1997)</em>. Cooperativa de Ahorro y Crédito.</li>



<li>Tacunan, S. (2018). <em>Iglesia y educación. La historia de los colegios Presentación de María y Jesús Obrero de Comas</em>. Fondo Editorial de la Universidad Católica Sedes Sapientiae. </li>
</ul>

<p>El Colegio Jesús Obrero de Comas fue fundado antes de la creación oficial del distrito, y su historia está profundamente vinculada a la figura del padre oblato María Inmaculada Andrés Godín, responsable de la parroquia Nuestra Señora de la Paz. Godín estudió el contexto social de la época para identificar las necesidades de los asentamientos[&#8230;]</p>
