{"id":25,"date":"2022-06-28T17:07:11","date_gmt":"2022-06-28T17:07:11","guid":{"rendered":"http:\/\/test.boomerang.pe\/museo\/sobre-el-proyecto\/"},"modified":"2023-11-24T12:08:47","modified_gmt":"2023-11-24T12:08:47","slug":"sobre-el-proyecto","status":"publish","type":"page","link":"http:\/\/test.boomerang.pe\/museo\/sobre-el-proyecto\/","title":{"rendered":""},"content":{"rendered":"\n<p>El <em>Museo Virtual: Historia de la Escuela Peruana <\/em>(MUVHEP) est\u00e1 dedicado a conservar y difundir materiales visuales, investigaciones y hechos relacionados con una de las m\u00e1s importantes instituciones sociales de nuestra historia republicana: la escuela. A trav\u00e9s de estos doscientos a\u00f1os, la escuela ha sido una instituci\u00f3n representativa de las demandas sociales de diferentes sectores de la sociedad peruana por el acceso a la educaci\u00f3n y, a su vez, un eje central en las pol\u00edticas p\u00fablicas.&nbsp; Estas demandas por la educaci\u00f3n son parte importante de los complejos procesos de ampliaci\u00f3n de los derechos sociales en el pa\u00eds.&nbsp;<\/p>\n\n\n\n<p>Este <em>Museo <\/em>aspira a construir una narrativa historiogr\u00e1fica de la escuela y, a partir de ella, sostener una visi\u00f3n plural de la historia de esta instituci\u00f3n que permita incluir diversas perspectivas y voces de actores de la educaci\u00f3n peruana y reconocer la diversidad de escuelas que han existido en nuestras distintas regiones. Reconstruyendo su trayectoria, podemos reflexionar sobre los cambios y continuidades de la escuela en periodos distintos de nuestra historia.<\/p>\n\n\n\n<p>El MUVHEP es una apuesta conjunta de tres unidades acad\u00e9micas de la PUCP, cuyas autoridades conforman el Consejo del Museo: la Facultad de Educaci\u00f3n, el Instituto Riva Ag\u00fcero (IRA) y el Centro de Investigaciones y Servicios Educativos (CISE), este \u00faltimo est\u00e1 a cargo de su implementaci\u00f3n. El Museo se inici\u00f3 durante la gesti\u00f3n del director del CISE, Luis Sime, y est\u00e1 disponible en la web desde el 2023. Adem\u00e1s, cuenta con la colaboraci\u00f3n tanto de diferentes especialistas en diversas disciplinas como de estudiantes.<\/p>\n\n\n\n<h2 class=\"wp-block-heading\"><strong>Nuestros objetivos<\/strong><\/h2>\n\n\n\n<ul class=\"wp-block-list\">\n<li>Contribuir a la historia de la educaci\u00f3n peruana desde la reconstrucci\u00f3n documentada de la memoria escolar.<\/li>\n\n\n\n<li>Visibilizar la trayectoria y el rol de las escuelas peruanas en la sociedad desde una perspectiva que evidencie su pluralidad.<\/li>\n\n\n\n<li>Ofrecer recursos multimediales y bibliogr\u00e1ficos que permitan su uso contextualizado para la formaci\u00f3n de estudiantes y ense\u00f1anza de docentes; as\u00ed como para la documentaci\u00f3n de especialistas de pol\u00edticas educativas e investigadores.<\/li>\n<\/ul>\n\n\n\n<p><\/p>\n\n\n\n<figure class=\"wp-block-video aligncenter\"><video autoplay controls preload=\"auto\" src=\"http:\/\/test.boomerang.pe\/museo\/wp-content\/uploads\/2023\/11\/video.mp4\"><\/video><\/figure>\n","protected":false},"excerpt":{"rendered":"<p>El Museo Virtual: Historia de la Escuela Peruana (MUVHEP) est\u00e1 dedicado a conservar y difundir materiales visuales, investigaciones y hechos relacionados con una de las m\u00e1s importantes instituciones sociales de nuestra historia republicana: la escuela. A trav\u00e9s de estos doscientos a\u00f1os, la escuela ha sido una instituci\u00f3n representativa de las demandas sociales de diferentes sectores[&#8230;]<\/p>\n","protected":false},"author":1,"featured_media":0,"parent":0,"menu_order":0,"comment_status":"closed","ping_status":"closed","template":"dist\/page-about.php","meta":{"_coblocks_attr":"","_coblocks_dimensions":"","_coblocks_responsive_height":"","_coblocks_accordion_ie_support":"","footnotes":""},"class_list":["post-25","page","type-page","status-publish","hentry"],"_links":{"self":[{"href":"http:\/\/test.boomerang.pe\/museo\/wp-json\/wp\/v2\/pages\/25","targetHints":{"allow":["GET"]}}],"collection":[{"href":"http:\/\/test.boomerang.pe\/museo\/wp-json\/wp\/v2\/pages"}],"about":[{"href":"http:\/\/test.boomerang.pe\/museo\/wp-json\/wp\/v2\/types\/page"}],"author":[{"embeddable":true,"href":"http:\/\/test.boomerang.pe\/museo\/wp-json\/wp\/v2\/users\/1"}],"replies":[{"embeddable":true,"href":"http:\/\/test.boomerang.pe\/museo\/wp-json\/wp\/v2\/comments?post=25"}],"version-history":[{"count":0,"href":"http:\/\/test.boomerang.pe\/museo\/wp-json\/wp\/v2\/pages\/25\/revisions"}],"wp:attachment":[{"href":"http:\/\/test.boomerang.pe\/museo\/wp-json\/wp\/v2\/media?parent=25"}],"curies":[{"name":"wp","href":"https:\/\/api.w.org\/{rel}","templated":true}]}}