{"id":574,"date":"2025-02-07T12:42:37","date_gmt":"2025-02-07T17:42:37","guid":{"rendered":"http:\/\/test.boomerang.pe\/trabajo\/?page_id=574"},"modified":"2025-04-14T11:18:51","modified_gmt":"2025-04-14T16:18:51","slug":"defiendo-mis-derechos","status":"publish","type":"page","link":"http:\/\/test.boomerang.pe\/trabajo\/defiendo-mis-derechos\/","title":{"rendered":"Defiendo mis derechos"},"content":{"rendered":"<div class=\"wp-block-image\">\n<figure class=\"aligncenter size-full\"><img loading=\"lazy\" decoding=\"async\" width=\"800\" height=\"940\" src=\"http:\/\/test.boomerang.pe\/trabajo\/wp-content\/uploads\/2025\/04\/tabla-TH.png\" alt=\"\" class=\"wp-image-606\" srcset=\"http:\/\/test.boomerang.pe\/trabajo\/wp-content\/uploads\/2025\/04\/tabla-TH.png 800w, http:\/\/test.boomerang.pe\/trabajo\/wp-content\/uploads\/2025\/04\/tabla-TH-255x300.png 255w, http:\/\/test.boomerang.pe\/trabajo\/wp-content\/uploads\/2025\/04\/tabla-TH-768x902.png 768w\" sizes=\"auto, (max-width: 800px) 100vw, 800px\" \/><\/figure>\n<\/div>\n\n\n<h5 class=\"wp-block-heading\"><strong>\u00bfC\u00f3mo puedo defender mis derechos?&nbsp;<\/strong><\/h5>\n\n\n\n<p>La Superintendencia Nacional de Fiscalizaci\u00f3n Laboral (SUNAFIL) desempe\u00f1a un papel fundamental en la supervisi\u00f3n y fiscalizaci\u00f3n del cumplimiento del ordenamiento jur\u00eddico sociolaboral y de las normativas de seguridad y salud en el trabajo en el Per\u00fa.<\/p>\n\n\n\n<p>Las denuncias se pueden presentar a trav\u00e9s del sistema de denuncias virtuales disponible en el portal web de SUNAFIL, as\u00ed como en las Direcciones y Gerencias Regionales de Trabajo y Promoci\u00f3n del Empleo (D\/GRTPE) mediante los canales habilitados.<\/p>\n\n\n\n<p><\/p>\n\n\n\n<h5 class=\"wp-block-heading\"><strong>\u00bfQu\u00e9 hechos se pueden denunciar ante Sunafil?<\/strong><\/h5>\n\n\n\n<p>La SUNAFIL atiende las denuncias que se enmarcan respecto a los siguientes temas (lista referencial):&nbsp;<\/p>\n\n\n\n<ul class=\"wp-block-list\">\n<li>Vulneraciones a Derechos Laborales: Incumplimientos relacionados con salarios, horas de trabajo, descansos, y licencias.<\/li>\n\n\n\n<li>Condiciones de Trabajo Inseguras: Situaciones que pongan en riesgo la salud y seguridad de los trabajadores, como falta de equipos de protecci\u00f3n, condiciones higi\u00e9nicas inadecuadas, o riesgo de accidentes.<\/li>\n\n\n\n<li>Acoso Laboral: Casos de hostigamiento, intimidaci\u00f3n o acoso entre empleados o por parte de superiores.<\/li>\n\n\n\n<li>Discriminaci\u00f3n Laboral: Denuncias relacionadas con desigualdad de trato por motivos de g\u00e9nero, raza, religi\u00f3n, orientaci\u00f3n sexual, entre otros.<\/li>\n\n\n\n<li>Incumplimiento de Normativas de Seguridad y Salud: Falta de cumplimiento de las normativas establecidas para garantizar la salud y seguridad en el trabajo.<\/li>\n\n\n\n<li>Violaciones de Derechos de Trabajadores Especiales: Situaciones espec\u00edficas que afectan a grupos vulnerables, como trabajadoras del hogar, menores de edad o personas con discapacidad.<\/li>\n\n\n\n<li>Irregularidades en la Contrataci\u00f3n: Denuncias sobre pr\u00e1cticas laborales injustas, como el uso de contratos fraudulentos o la falta de registros laborales.<\/li>\n\n\n\n<li>Violaciones a los Derechos de los Sindicatos: Obstaculizaci\u00f3n de la libre formaci\u00f3n de sindicatos o la violaci\u00f3n de derechos relacionados con la negociaci\u00f3n colectiva<\/li>\n<\/ul>\n\n\n\n<h5 class=\"wp-block-heading\"><strong>Otras formas de tutelar mis derechos<\/strong><\/h5>\n\n\n\n<p>A continuaci\u00f3n compartimos un listado de servicios a favor de la protecci\u00f3n de los derechos de las trabajadoras del hogar<\/p>\n\n\n\n<ul class=\"wp-block-list\">\n<li>El servicio de orientaci\u00f3n y acompa\u00f1amiento \u201cTrabaja Sin Acoso\u201d es una iniciativa del Ministerio de Trabajo y Promoci\u00f3n del Empleo (MTPE) destinada a intervenir de manera efectiva en la protecci\u00f3n de las v\u00edctimas de hostigamiento sexual en el \u00e1mbito laboral. El Servicio \u201cTrabaja Sin Acoso\u201d es accesible a trav\u00e9s de una l\u00ednea telef\u00f3nica directa, el 1819, y tambi\u00e9n se puede recibir atenci\u00f3n presencial en la oficina 316 del local principal del MTPE, ubicado en Avenida Salaverry N\u00b0 655, Jes\u00fas Mar\u00eda. La atenci\u00f3n es gratuita y est\u00e1 disponible para el p\u00fablico en general.<\/li>\n\n\n\n<li>El servicio de atenci\u00f3n de consultas del MTPE se ofrece de forma gratuita, proporcionando asesor\u00eda personalizada en el conocimiento, cumplimiento y aplicaci\u00f3n de la normativa laboral vigente. Este enfoque busca garantizar que tanto los trabajadores como los empleadores comprendan sus derechos y obligaciones dentro del marco legal. Se ofrece atenci\u00f3n directa mediante llamadas telef\u00f3nicas al n\u00famero 0800-1-6872, as\u00ed como asistencia presencial en las instalaciones del Ministerio de Trabajo, ubicadas en Avenida Salaverry 655, Jes\u00fas Mar\u00eda, y en las oficinas de cada Direcci\u00f3n o Gerencia Regional de Trabajo y Promoci\u00f3n del Empleo.&nbsp;<\/li>\n\n\n\n<li>El Servicio de Patrocinio Judicial Gratuito del MTPE ofrece defensa legal gratuita a trabajadores y ex trabajadores de escasos recursos en Lima Metropolitana.Este servicio se encuentra regulado dentro del marco de las actividades de las Direcciones Regionales de Trabajo y Promoci\u00f3n del Empleo, lo que le otorga un alcance regional.<\/li>\n<\/ul>\n","protected":false},"excerpt":{"rendered":"<p>\u00bfC\u00f3mo puedo defender mis derechos?&nbsp; La Superintendencia Nacional de Fiscalizaci\u00f3n Laboral (SUNAFIL) desempe\u00f1a un papel fundamental en la supervisi\u00f3n y fiscalizaci\u00f3n del cumplimiento del ordenamiento jur\u00eddico sociolaboral y de las normativas de seguridad y salud en el trabajo en el Per\u00fa. Las denuncias se pueden presentar a trav\u00e9s del sistema de denuncias virtuales disponible en [&hellip;]<\/p>\n","protected":false},"author":1,"featured_media":0,"parent":0,"menu_order":0,"comment_status":"closed","ping_status":"closed","template":"","meta":{"_acf_changed":false,"footnotes":""},"class_list":["post-574","page","type-page","status-publish","hentry"],"acf":[],"_links":{"self":[{"href":"http:\/\/test.boomerang.pe\/trabajo\/wp-json\/wp\/v2\/pages\/574","targetHints":{"allow":["GET"]}}],"collection":[{"href":"http:\/\/test.boomerang.pe\/trabajo\/wp-json\/wp\/v2\/pages"}],"about":[{"href":"http:\/\/test.boomerang.pe\/trabajo\/wp-json\/wp\/v2\/types\/page"}],"author":[{"embeddable":true,"href":"http:\/\/test.boomerang.pe\/trabajo\/wp-json\/wp\/v2\/users\/1"}],"replies":[{"embeddable":true,"href":"http:\/\/test.boomerang.pe\/trabajo\/wp-json\/wp\/v2\/comments?post=574"}],"version-history":[{"count":15,"href":"http:\/\/test.boomerang.pe\/trabajo\/wp-json\/wp\/v2\/pages\/574\/revisions"}],"predecessor-version":[{"id":607,"href":"http:\/\/test.boomerang.pe\/trabajo\/wp-json\/wp\/v2\/pages\/574\/revisions\/607"}],"wp:attachment":[{"href":"http:\/\/test.boomerang.pe\/trabajo\/wp-json\/wp\/v2\/media?parent=574"}],"curies":[{"name":"wp","href":"https:\/\/api.w.org\/{rel}","templated":true}]}}